{"id":2,"date":"2023-03-07T10:49:20","date_gmt":"2023-03-07T13:49:20","guid":{"rendered":"https:\/\/congresos.unlp.edu.ar\/xvsscip\/?page_id=2"},"modified":"2023-06-16T16:45:36","modified_gmt":"2023-06-16T19:45:36","slug":"pagina-ejemplo","status":"publish","type":"page","link":"https:\/\/congresos.unlp.edu.ar\/xvsscip\/pagina-ejemplo\/","title":{"rendered":"ALOJAMIENTO"},"content":{"rendered":"<p><span style=\"font-family: 'Arial Nova Cond',sans-serif\"><strong><span style=\"color: #008080\">AMAU \u2013 Hotel Escuela de la UNLP<\/span><\/strong><\/span><\/p>\n<p><span style=\"font-family: 'Arial Nova Cond',sans-serif\">Para los asistentes al evento se cuenta con una tarifa especial cancelando la reserva antes del 30 de junio de 2023. Para acceder a la tarifa se deber\u00e1 presentar comprobante de pago de la inscripci\u00f3n al evento. Solicitar reservas a <strong><span style=\"color: #000080\">amau@econo.unlp.edu.ar<\/span><\/strong> o a trav\u00e9s de <strong><span style=\"color: #008000\">whatsapp<\/span><\/strong> +54 9 221 598-2941<\/span><\/p>\n<p><span style=\"font-family: 'Arial Nova Cond',sans-serif\">Mas informaci\u00f3n en <\/span><strong><span style=\"color: #000080\"><a style=\"color: #000080\" href=\"http:\/\/amau.com.ar\/\"><span style=\"font-family: 'Arial Nova Cond',sans-serif\">http:\/\/amau.com.ar\/<\/span><\/a><\/span><\/strong><span style=\"font-family: 'Arial Nova Cond',sans-serif\"> o consultar a la comisi\u00f3n organizadora a <\/span><strong><span style=\"color: #000080\"><a style=\"color: #000080\" href=\"mailto:sscip2023@gmail.com\"><span style=\"font-family: 'Arial Nova Cond',sans-serif\">sscip2023@gmail.com<\/span><\/a><\/span><\/strong><\/p>\n<p>&nbsp;<\/p>\n<p><span style=\"color: #800080\"><strong><span style=\"font-family: 'Arial Nova Cond',sans-serif\">AMAU &#8211; TARIFAS FINALES POR NOCHE POR HABITACI\u00d3N<\/span><\/strong><\/span><\/p>\n<p><span style=\"font-family: 'Arial Nova Cond',sans-serif\">HABITACI\u00d3N SINGLE: $13.300<\/span><\/p>\n<p><span style=\"font-family: 'Arial Nova Cond',sans-serif\">HABITACI\u00d3N DOBLE SUPERIOR: $17.400<\/span><\/p>\n<p><span style=\"font-family: 'Arial Nova Cond',sans-serif\">HABITACI\u00d3N TRIPLE: $29.300<\/span><\/p>\n<p><img loading=\"lazy\" decoding=\"async\" class=\"alignleft wp-image-211\" src=\"http:\/\/congresos.unlp.edu.ar\/xvsscip\/wp-content\/uploads\/sites\/65\/2023\/04\/AMAU.jpeg\" alt=\"\" width=\"372\" height=\"312\" srcset=\"https:\/\/congresos.unlp.edu.ar\/xvsscip\/wp-content\/uploads\/sites\/65\/2023\/04\/AMAU.jpeg 880w, https:\/\/congresos.unlp.edu.ar\/xvsscip\/wp-content\/uploads\/sites\/65\/2023\/04\/AMAU-300x252.jpeg 300w, https:\/\/congresos.unlp.edu.ar\/xvsscip\/wp-content\/uploads\/sites\/65\/2023\/04\/AMAU-768x644.jpeg 768w\" sizes=\"auto, (max-width: 372px) 100vw, 372px\" \/><\/p>\n<p>&nbsp;<\/p>\n<p>&nbsp;<\/p>\n<p>&nbsp;<\/p>\n<p>&nbsp;<\/p>\n<p>&nbsp;<\/p>\n<p>&nbsp;<\/p>\n<p>&nbsp;<\/p>\n<p>&nbsp;<\/p>\n<p>&nbsp;<\/p>\n<p>&nbsp;<\/p>\n<p><span style=\"color: #008080\"><strong>HOTELES (sin descuentos especiales)<\/strong><\/span><\/p>\n<p class=\"eva-3-h2 tag-text-heading\"><span style=\"color: #808080\"><a style=\"color: #808080\" href=\"https:\/\/www.hotelgrandbrizolaplata.com\/es\/\">Grand Brizo La Plata<\/a> *****<\/span><\/p>\n<p class=\"eva-3-h2 tag-text-heading\"><span style=\"color: #808080\"><a style=\"color: #808080\" href=\"https:\/\/www.wyndhamhotels.com\/es-xl\/dazzler\/la-plata-argentina\/dazzler-la-plata\/overview\">Dazzler By Wyndham La Plata<\/a> ****<\/span><\/p>\n<p class=\"eva-3-h2 tag-text-heading\"><span style=\"color: #808080\"><a style=\"color: #808080\" href=\"https:\/\/www.wyndhamhotels.com\/es-xl\/days-inn\/la-plata-argentina\/days-inn-and-suites-by-wyndham-la-plata\/overview\">Days Inn &amp; Suites La Plata by Wyndham<\/a> ***<\/span><\/p>\n<p class=\"eva-3-h2 tag-text-heading\"><span style=\"color: #808080\"><a style=\"color: #808080\" href=\"https:\/\/www.agoda.com\/temporal-suites\/hotel\/la-plata-ar.html?cid=1844104\">Temporal Suites<\/a> ***<\/span><\/p>\n<p><span style=\"color: #808080\"><a style=\"color: #808080\" href=\"https:\/\/www.wannacolive.com\/laplata\">Hostel &#8211; Wanna La Plata<\/a><\/span><\/p>\n<p>&nbsp;<\/p>\n<p>&nbsp;<\/p>\n","protected":false},"excerpt":{"rendered":"<p>AMAU \u2013 Hotel Escuela de la UNLP Para los asistentes al evento se cuenta con una tarifa especial cancelando la reserva antes del 30 de junio de 2023. Para acceder a la tarifa se deber\u00e1 presentar comprobante de pago de la inscripci\u00f3n al evento. Solicitar reservas a amau@econo.unlp.edu.ar o a trav\u00e9s de whatsapp +54 9 [&hellip;]<\/p>\n","protected":false},"author":2,"featured_media":0,"parent":0,"menu_order":0,"comment_status":"closed","ping_status":"open","template":"","meta":{"advgb_blocks_editor_width":"","advgb_blocks_columns_visual_guide":"","footnotes":""},"class_list":["post-2","page","type-page","status-publish","hentry","post"],"aioseo_notices":[],"coauthors":[],"author_meta":{"author_link":"https:\/\/congresos.unlp.edu.ar\/xvsscip\/author\/congresos\/","display_name":"congresos"},"relative_dates":{"created":"Publicado 3 a\u00f1os hace","modified":"Actualizado 3 a\u00f1os hace"},"absolute_dates":{"created":"Publicado el 7 marzo, 2023","modified":"Actualizado el 16 junio, 2023"},"absolute_dates_time":{"created":"Publicado el 7 marzo, 2023 10:49 am","modified":"Actualizado el 16 junio, 2023 4:45 pm"},"featured_img_caption":"","featured_img":false,"series_order":"","_links":{"self":[{"href":"https:\/\/congresos.unlp.edu.ar\/xvsscip\/wp-json\/wp\/v2\/pages\/2","targetHints":{"allow":["GET"]}}],"collection":[{"href":"https:\/\/congresos.unlp.edu.ar\/xvsscip\/wp-json\/wp\/v2\/pages"}],"about":[{"href":"https:\/\/congresos.unlp.edu.ar\/xvsscip\/wp-json\/wp\/v2\/types\/page"}],"author":[{"embeddable":true,"href":"https:\/\/congresos.unlp.edu.ar\/xvsscip\/wp-json\/wp\/v2\/users\/2"}],"replies":[{"embeddable":true,"href":"https:\/\/congresos.unlp.edu.ar\/xvsscip\/wp-json\/wp\/v2\/comments?post=2"}],"version-history":[{"count":0,"href":"https:\/\/congresos.unlp.edu.ar\/xvsscip\/wp-json\/wp\/v2\/pages\/2\/revisions"}],"wp:attachment":[{"href":"https:\/\/congresos.unlp.edu.ar\/xvsscip\/wp-json\/wp\/v2\/media?parent=2"}],"curies":[{"name":"wp","href":"https:\/\/api.w.org\/{rel}","templated":true}]}}