{"id":1007,"date":"2019-12-18T10:17:35","date_gmt":"2019-12-18T13:17:35","guid":{"rendered":"http:\/\/congresos.unlp.edu.ar\/xilapis?page_id=1007"},"modified":"2025-04-11T11:53:20","modified_gmt":"2025-04-11T14:53:20","slug":"posters-of-participants","status":"publish","type":"page","link":"https:\/\/congresos.unlp.edu.ar\/xilapis\/posters-of-participants\/","title":{"rendered":"Posters of Participants"},"content":{"rendered":"<h1>Posters of Participants<\/h1>\n<p>In order to make the most of the interaction with the members of the S-PLUS collaboration, we encourage the presentation of posters by the participants showing their work topics.<\/p>\n<p>Title and Abstract of Posters should be sent via email to <a href=\"xilapis2025@gmail.com\" target=\"_blank\" rel=\"noopener noreferrer\">xilapis2025@gmail.com<\/a> with subject &#8220;Poster Abstract&#8221;.<\/p>\n<p><span style=\"color: #ff0000\">Abstract submission deadline is <strong>March 15th.<br \/>\n<\/strong><\/span><\/p>\n<p>Posters maximum size should be A0.<\/p>\n<h1>List of Posters (Authors in Alphabetic Order)<\/h1>\n<h4><a href=\"https:\/\/drive.google.com\/file\/d\/1GYE4JnmwD0Kn3TmOC2r_KKqka1JVHGgV\/view?usp=sharing\">Abstract book for the posters<\/a><\/h4>\n<p>Agustina Colazo &#8211; Instituto de Astronom\u00eda Te\u00f3rica y Experimental (IATE)<\/p>\n<p>Candela Cerdosino &#8211; IATE &#8211; FAMAF<\/p>\n<p><a href=\"https:\/\/drive.google.com\/file\/d\/1ljv-s6baSPzXR5Iy2QEm2q_birz75lGV\/view?usp=sharing\">Franco Piraino &#8211; Universidad T\u00e9cnica Federico Santa Maria<\/a><\/p>\n<p>Gast\u00f3n Escobar &#8211; Instituto de Astrof\u00edsica de Canarias (IAC)<\/p>\n<p><a href=\"https:\/\/drive.google.com\/file\/d\/1542tgyulUSR0KJNrBnBNvm3yq5mTFxz6\/view?usp=sharing\">Gustavo Luis Baume &#8211; FCAG (UNLP) &#8211; IALP (Conicet-UNLP)<\/a><\/p>\n<p><a href=\"https:\/\/drive.google.com\/file\/d\/1vTE3wPf5d4acJ_3-iz2XfA1FIHGx90al\/view?usp=sharing\">Istenio Nunes de Morais &#8211; Universidade Do vale do Para\u00edba (UNIVAP)<\/a><\/p>\n<p><a href=\"https:\/\/drive.google.com\/file\/d\/1d-s5qhTImJaJZX5t_7lhPb8Hh9bli4ZI\/view?usp=sharing\">Joaquin Weiss &#8211; Facultad de ciencias astronomicas y geofisicas &#8211; FCAGLP<\/a><\/p>\n<p><a href=\"https:\/\/drive.google.com\/file\/d\/1V4aihaOKCPEqHeSqL7SeG7fRsf7Q60nu\/view?usp=sharing\">Jos\u00e9 Ibarra &#8211; Observat\u00f3rio do Valongo, UFRJ<\/a><\/p>\n<p>Larissa Gon\u00e7alves Barcellos &#8211; Universidade Federal do Rio de Janeiro<\/p>\n<p><a href=\"https:\/\/drive.google.com\/file\/d\/1kboK31FXulpJ4dH3QnMyQPdEW48Eyj23\/view?usp=sharing\">Margionet D\u00edaz &#8211; Instituto de Astronom\u00eda Te\u00f3rica y Experimental (IATE-UNC)<\/a><\/p>\n<p><a href=\"https:\/\/drive.google.com\/file\/d\/1FtX-TbeJGegRnHLOUP6STCkng9N8ApyO\/view?usp=sharing\">Maximiliano Blanco Flores &#8211; Instituto de Astrof\u00edsica, Pontificia Universidad Cat\u00f3lica de Chile<\/a><\/p>\n<p>Nicholas Souza &#8211; Labort\u00f3rio Interinstitucional de e-Astronomia (LIneA)<\/p>\n<p>Sara Navarro-Umpi\u00e9rrez &#8211; Instituto de Astrof\u00edsica de Canarias (IAC)<\/p>\n","protected":false},"excerpt":{"rendered":"<p>Posters of Participants In order to make the most of the interaction with the members of the S-PLUS collaboration, we encourage the presentation of posters by the participants showing their work topics. Title and Abstract of Posters should be sent via email to xilapis2025@gmail.com with subject &#8220;Poster Abstract&#8221;. Abstract submission deadline is March 15th. Posters [&hellip;]<\/p>\n","protected":false},"author":15,"featured_media":0,"parent":0,"menu_order":0,"comment_status":"closed","ping_status":"closed","template":"","meta":{"advgb_blocks_editor_width":"","advgb_blocks_columns_visual_guide":"","footnotes":""},"class_list":["post-1007","page","type-page","status-publish","hentry","post"],"aioseo_notices":[],"coauthors":[],"author_meta":{"author_link":"https:\/\/congresos.unlp.edu.ar\/xilapis\/author\/natiguevara\/","display_name":"natiguevara"},"relative_dates":{"created":"Posted 6 years ago","modified":"Updated 1 year ago"},"absolute_dates":{"created":"Posted on 18 December, 2019","modified":"Updated on 11 April, 2025"},"absolute_dates_time":{"created":"Posted on 18 December, 2019 10:17 am","modified":"Updated on 11 April, 2025 11:53 am"},"featured_img_caption":"","featured_img":false,"series_order":"","_links":{"self":[{"href":"https:\/\/congresos.unlp.edu.ar\/xilapis\/wp-json\/wp\/v2\/pages\/1007","targetHints":{"allow":["GET"]}}],"collection":[{"href":"https:\/\/congresos.unlp.edu.ar\/xilapis\/wp-json\/wp\/v2\/pages"}],"about":[{"href":"https:\/\/congresos.unlp.edu.ar\/xilapis\/wp-json\/wp\/v2\/types\/page"}],"author":[{"embeddable":true,"href":"https:\/\/congresos.unlp.edu.ar\/xilapis\/wp-json\/wp\/v2\/users\/15"}],"replies":[{"embeddable":true,"href":"https:\/\/congresos.unlp.edu.ar\/xilapis\/wp-json\/wp\/v2\/comments?post=1007"}],"version-history":[{"count":0,"href":"https:\/\/congresos.unlp.edu.ar\/xilapis\/wp-json\/wp\/v2\/pages\/1007\/revisions"}],"wp:attachment":[{"href":"https:\/\/congresos.unlp.edu.ar\/xilapis\/wp-json\/wp\/v2\/media?parent=1007"}],"curies":[{"name":"wp","href":"https:\/\/api.w.org\/{rel}","templated":true}]}}