{"id":30,"date":"2021-06-11T15:37:07","date_gmt":"2021-06-11T18:37:07","guid":{"rendered":"https:\/\/congresos.unlp.edu.ar\/xiicnec\/?page_id=30"},"modified":"2021-11-11T19:05:08","modified_gmt":"2021-11-11T22:05:08","slug":"congreso","status":"publish","type":"page","link":"https:\/\/congresos.unlp.edu.ar\/xiicnec\/congreso\/","title":{"rendered":"Congreso"},"content":{"rendered":"<h6>La <strong><span style=\"color: #ff0000\">Asociaci\u00f3n Argentina de Estudios Coreanos<\/span><\/strong> y el <strong><span style=\"color: #0000ff\">Centro de Estudios Coreanos, CeCor<\/span><\/strong> del <strong>Instituto de Relaciones Internacionales de la Universidad Nacional de La Plata<\/strong> convocan al XII Congreso de Estudios Coreanos <em>\u201cCorea ante un nuevo cambio de \u00e9poca. Aproximaciones desde el Sur Global\u201d<\/em>, a realizarse los d\u00edas <strong>23 y 24 de noviembre<\/strong> de manera virtual en la Ciudad de La Plata.<\/h6>\n<p>&nbsp;<\/p>\n<p>El <strong><span style=\"color: #0000ff\">Centro de Estudios Coreanos<\/span> <span style=\"color: #ff0000\">(CeCor)<\/span><\/strong> fue creado el 20 de mayo de 1995 en el \u00e1mbito del Departamento de Asia y el Pac\u00edfico. La necesidad de profundizar los estudios coreanos deriv\u00f3 en la idea de crear el CECOR de modo de brindar el mejor ambiente acad\u00e9mico para aquellos interesados en trabajar sobre ese pa\u00eds.<\/p>\n<p>Desde 2005, a\u00f1o en que se realiz\u00f3 el Primer Congreso en la Universidad Nacional de Rosario, se han llevado adelante once ediciones en las que participaron cientos de especialistas, investigadores formados y en formaci\u00f3n, y estudiantes de grado que se iniciaban en los estudios coreanos. Su continuidad por m\u00e1s de una d\u00e9cada y media demuestra la vigencia y la pujanza de esta disciplina, as\u00ed como el incansable trabajo de la Asociaci\u00f3n, que gracias al gran apoyo financiero de la Academy of Korean Studies y el auspicio la Embajada de la Rep\u00fablica de Corea en Argentina y la C\u00e1mara Argentina de Comercio, Industria y Agropecuaria Coreanas, no ha cesado incluso en el contexto de pandemia que actualmente nos atraviesa.<br \/>\nPara esta ocasi\u00f3n se ha formado un comit\u00e9 acad\u00e9mico compuesto por expertos en el \u00e1rea, miembros de la <strong>Asociaci\u00f3n Argentina de Estudios Coreanos<\/strong>, y del <strong>Centro de Estudios Coreanos<\/strong> del Departamento de Asia y el Pac\u00edfico del Instituto de Relaciones Internacionales, que evaluar\u00e1 las presentaciones hechas por los participantes.<\/p>\n<p>Asimismo, esta convocatoria coincide con la invitaci\u00f3n de la Comisi\u00f3n Directiva de la Asociaci\u00f3n Argentina de Estudios Coreanos a profesores e investigadores de diversas casas de altos estudios, comprometidos con la promoci\u00f3n y difusi\u00f3n de los estudios coreanos, a participar de la misma.<\/p>\n","protected":false},"excerpt":{"rendered":"<p>La Asociaci\u00f3n Argentina de Estudios Coreanos y el Centro de Estudios Coreanos, CeCor del Instituto de Relaciones Internacionales de la Universidad Nacional de La Plata convocan al XII Congreso de Estudios Coreanos \u201cCorea ante un nuevo cambio de \u00e9poca. Aproximaciones desde el Sur Global\u201d, a realizarse los d\u00edas 23 y 24 de noviembre de manera [&hellip;]<\/p>\n","protected":false},"author":2,"featured_media":0,"parent":0,"menu_order":0,"comment_status":"closed","ping_status":"closed","template":"","meta":{"advgb_blocks_editor_width":"","advgb_blocks_columns_visual_guide":"","footnotes":""},"class_list":["post-30","page","type-page","status-publish","hentry","post"],"aioseo_notices":[],"coauthors":[],"author_meta":{"author_link":"https:\/\/congresos.unlp.edu.ar\/xiicnec\/author\/congresos\/","display_name":"congresos"},"relative_dates":{"created":"Posted 5 a\u00f1os ago","modified":"Updated 4 a\u00f1os ago"},"absolute_dates":{"created":"Posted on 11 junio, 2021","modified":"Updated on 11 noviembre, 2021"},"absolute_dates_time":{"created":"Posted on 11 junio, 2021 3:37 pm","modified":"Updated on 11 noviembre, 2021 7:05 pm"},"featured_img_caption":"","featured_img":false,"series_order":"","_links":{"self":[{"href":"https:\/\/congresos.unlp.edu.ar\/xiicnec\/wp-json\/wp\/v2\/pages\/30","targetHints":{"allow":["GET"]}}],"collection":[{"href":"https:\/\/congresos.unlp.edu.ar\/xiicnec\/wp-json\/wp\/v2\/pages"}],"about":[{"href":"https:\/\/congresos.unlp.edu.ar\/xiicnec\/wp-json\/wp\/v2\/types\/page"}],"author":[{"embeddable":true,"href":"https:\/\/congresos.unlp.edu.ar\/xiicnec\/wp-json\/wp\/v2\/users\/2"}],"replies":[{"embeddable":true,"href":"https:\/\/congresos.unlp.edu.ar\/xiicnec\/wp-json\/wp\/v2\/comments?post=30"}],"version-history":[{"count":0,"href":"https:\/\/congresos.unlp.edu.ar\/xiicnec\/wp-json\/wp\/v2\/pages\/30\/revisions"}],"wp:attachment":[{"href":"https:\/\/congresos.unlp.edu.ar\/xiicnec\/wp-json\/wp\/v2\/media?parent=30"}],"curies":[{"name":"wp","href":"https:\/\/api.w.org\/{rel}","templated":true}]}}

<h6>La <strong><span style="color: #ff0000">Asociación Argentina de Estudios Coreanos</span></strong> y el <strong><span style="color: #0000ff">Centro de Estudios Coreanos, CeCor</span></strong> del <strong>Instituto de Relaciones Internacionales de la Universidad Nacional de La Plata</strong> convocan al XII Congreso de Estudios Coreanos <em>“Corea ante un nuevo cambio de época. Aproximaciones desde el Sur Global”</em>, a realizarse los días <strong>23 y 24 de noviembre</strong> de manera virtual en la Ciudad de La Plata.</h6>
<p>&nbsp;</p>
<p>El <strong><span style="color: #0000ff">Centro de Estudios Coreanos</span> <span style="color: #ff0000">(CeCor)</span></strong> fue creado el 20 de mayo de 1995 en el ámbito del Departamento de Asia y el Pacífico. La necesidad de profundizar los estudios coreanos derivó en la idea de crear el CECOR de modo de brindar el mejor ambiente académico para aquellos interesados en trabajar sobre ese país.</p>
<p>Desde 2005, año en que se realizó el Primer Congreso en la Universidad Nacional de Rosario, se han llevado adelante once ediciones en las que participaron cientos de especialistas, investigadores formados y en formación, y estudiantes de grado que se iniciaban en los estudios coreanos. Su continuidad por más de una década y media demuestra la vigencia y la pujanza de esta disciplina, así como el incansable trabajo de la Asociación, que gracias al gran apoyo financiero de la Academy of Korean Studies y el auspicio la Embajada de la República de Corea en Argentina y la Cámara Argentina de Comercio, Industria y Agropecuaria Coreanas, no ha cesado incluso en el contexto de pandemia que actualmente nos atraviesa.<br />
Para esta ocasión se ha formado un comité académico compuesto por expertos en el área, miembros de la <strong>Asociación Argentina de Estudios Coreanos</strong>, y del <strong>Centro de Estudios Coreanos</strong> del Departamento de Asia y el Pacífico del Instituto de Relaciones Internacionales, que evaluará las presentaciones hechas por los participantes.</p>
<p>Asimismo, esta convocatoria coincide con la invitación de la Comisión Directiva de la Asociación Argentina de Estudios Coreanos a profesores e investigadores de diversas casas de altos estudios, comprometidos con la promoción y difusión de los estudios coreanos, a participar de la misma.</p>

<p>La Asociación Argentina de Estudios Coreanos y el Centro de Estudios Coreanos, CeCor del Instituto de Relaciones Internacionales de la Universidad Nacional de La Plata convocan al XII Congreso de Estudios Coreanos “Corea ante un nuevo cambio de época. Aproximaciones desde el Sur Global”, a realizarse los días 23 y 24 de noviembre de manera [&hellip;]</p>

Posted 5 años ago

Updated 4 años ago
