{"id":50,"date":"2020-08-18T14:49:26","date_gmt":"2020-08-18T17:49:26","guid":{"rendered":"http:\/\/congresos.unlp.edu.ar\/xicae2021\/?page_id=50"},"modified":"2022-09-20T11:51:02","modified_gmt":"2022-09-20T14:51:02","slug":"alojamiento","status":"publish","type":"page","link":"https:\/\/congresos.unlp.edu.ar\/xicae2021\/alojamiento\/","title":{"rendered":"Alojamiento"},"content":{"rendered":"<h3><strong>Alojamientos que ofrecen descuentos:<\/strong><\/h3>\n<ul>\n<li><strong>Hotel Corregidor<\/strong><\/li>\n<\/ul>\n<p><a href=\"http:\/\/hotelcorregidor.com.ar\/\" target=\"_blank\" rel=\"noopener\">Website<\/a><\/p>\n<p><strong>Direcci\u00f3n:<\/strong> Calle 6 N\u00ba 1026 entre 53 y 54. La Plata, Buenos Aires, Argentina.<\/p>\n<p><strong>Tel\u00e9fono<\/strong>: +54 221 425 6800<\/p>\n<p><strong>Whatsapp:<\/strong> +549-221-563-5169<\/p>\n<p>El hotel corregidor ofrece descuentos para congresistas, los valores son los siguientes.<\/p>\n<p><strong>Hab. SGL $ 8300.-<\/strong><\/p>\n<p><strong>Hab. DBL\/MAT $ 9000.-<\/strong><\/p>\n<p>Los interesados en contar con este beneficio, deber\u00e1n mencionar al Congreso.<\/p>\n<p>Podr\u00e1 efectivizarse la reserva mediante dep\u00f3sito bancario a la cuenta del hotel (previa consulta de disponibilidad). Una vez resuelto el dep\u00f3sito, deber\u00e1n enviar el comprobante y datos para la facturaci\u00f3n para identificarlo<\/p>\n<p><strong>Raz\u00f3n Social:<\/strong> Corregidor S.A.<\/p>\n<p><strong>Banco:<\/strong> Rio S.A.<\/p>\n<p><strong>Tipo de cuenta:<\/strong> Cuenta Corriente<\/p>\n<p><strong>N\u00ba de cuenta:<\/strong> 2406-6<\/p>\n<p><strong>Sucursal:<\/strong> 99<\/p>\n<p><strong>CBU:<\/strong> 0720099120000000240668<\/p>\n<p>&nbsp;<\/p>\n<p>Otra opci\u00f3n es, mediante Tarjeta de Cr\u00e9dito (en un solo pago, AMEX-MASTER-VISA).<\/p>\n<p>Para consulta de disponibilidad y ultimar detalles, los interesados deber\u00e1n dirigirse a <a href=\"mailto:reservas@hotelcorregidor.com.ar\">reservas@hotelcorregidor.com.ar<\/a><\/p>\n<p>&nbsp;<\/p>\n<ul>\n<li><strong>Hotel AMAU (UNLP)<\/strong><\/li>\n<\/ul>\n<p><a href=\"http:\/\/amau.com.ar\/\" target=\"_blank\" rel=\"noopener\">Website<\/a><\/p>\n<p><strong>Direcci\u00f3n:<\/strong> Avenida 51 Nro 692 (CP1900) &#8211; La Plata, Argentina.<\/p>\n<p><strong>Tel\u00e9fono:<\/strong> +54 221 5982941<\/p>\n<p>Desde el siguiente <a href=\"https:\/\/hotels.cloudbeds.com\/reservation\/kyE8OP#promo=Congreso%20Entomolog%C3%ADa&amp;checkin=2022-05-13&amp;checkout=2022-05-14\">link<\/a> podr\u00e1n realizarse las reservas.<\/p>\n<p>Para poder corroborar que el c\u00f3digo es utilizado por aquellas personas que efectivamente<\/p>\n<p>asistan al congreso, debe enviase un comprobante de inscripci\u00f3n por mail al momento de realizar<\/p>\n<p>la reserva o mostrarlo en recepci\u00f3n al momento del check-in.<\/p>\n<p>&nbsp;<\/p>\n<ul>\n<li><strong>Hotel Saint James<\/strong><\/li>\n<\/ul>\n<p><a href=\"https:\/\/www.hotelsj.com.ar\/\" target=\"_blank\" rel=\"noopener\">Website<\/a><\/p>\n<p><strong>Direcci\u00f3n:<\/strong>\u00a0Av. 60 N\u00ba 377 entre 2 y 3 (1900) La Plata, Buenos Aires<\/p>\n<p><strong>Tel\u00e9fono<\/strong>\u00a0+54 9 221 421-8089<\/p>\n<p><strong>Watsapp:<\/strong>\u00a0+54 9 221 317-8556<\/p>\n<p>El Hotel ofrecer\u00e1 un descuento del -10% para aquellos congresistas que soliciten hospedajes.<\/p>\n<p>&nbsp;<\/p>\n<p><strong>Hotel Dazzler by Wyndham La Plata<\/strong><\/p>\n<p><a href=\"https:\/\/www.wyndhamhotels.com\" target=\"_blank\" rel=\"noopener\">Website<\/a><\/p>\n<p><strong>Direcci\u00f3n:<\/strong> Calle 54 924, entre calles 13 y 14, La Plata, Argentina.<\/p>\n<p><strong>Tel\u00e9fono:<\/strong> +54 221 445-1783<\/p>\n<p>&nbsp;<\/p>\n<p>Desde los siguientes links podr\u00e1n realizarse las reservas con descuento.<\/p>\n<p><strong>Spanish Version:<\/strong><\/p>\n<p><a href=\"http:\/\/www.wyndhamhotels.com\/es-xl\/hotels\/54494?corporate_id=9990818009\" target=\"_blank\" rel=\"noopener\">Link<\/a><\/p>\n<p><strong>English Version<\/strong>:<\/p>\n<p><a href=\"http:\/\/www.wyndhamhotels.com\/hotels\/54494?corporate_id=9990818009\" target=\"_blank\" rel=\"noopener\">Link<\/a><\/p>\n<p>&nbsp;<\/p>\n<h3><strong>Otras opciones de alojamiento:<\/strong><\/h3>\n<p>&nbsp;<\/p>\n<ul>\n<li><strong>Hotel Catedral<\/strong><\/li>\n<\/ul>\n<p><a href=\"http:\/\/www.hcatedral.com.ar\/\">Website<\/a><\/p>\n<p><strong>Direcci\u00f3n:<\/strong> Calle 49 N\u00b0 965 (e\/ 14 y 15) (1900) La Plata.<\/p>\n<p><strong>Tel\u00e9fono:<\/strong> (0221) 483-0091 \/ 423-2020,<\/p>\n<p><strong>Whatsapp:<\/strong> +549 221 536 8457<\/p>\n<p>&nbsp;<\/p>\n<ul>\n<li><strong>Hotel del Rey<\/strong><\/li>\n<\/ul>\n<p><a href=\"http:\/\/www.hoteldelrey.com.ar\/\" target=\"_blank\" rel=\"noopener\">Website<\/a><\/p>\n<p><strong>Direcci\u00f3n:<\/strong> Plaza Paso N\u00ba180 (Av. 13 y Av. 44) La Plata<\/p>\n<p><strong>Tel\u00e9fono:<\/strong> +54 221 427 01 77<\/p>\n<p>&nbsp;<\/p>\n<ul>\n<li><strong>Hotel del Sol<\/strong><\/li>\n<\/ul>\n<p><a href=\"http:\/\/www.hoteldelsol-laplata.com.ar\/\" target=\"_blank\" rel=\"noopener\">Website<\/a><\/p>\n<p><strong>Direcci\u00f3n:<\/strong> Calle 10 n\u00ba 1061 entre calles 54 y 55 Ciudad de La Plata.<\/p>\n<p><strong>Whatsapp:<\/strong> +54 221 542-2868<\/p>\n<p>&nbsp;<\/p>\n<p><strong>Hotel San Marco<\/strong><\/p>\n<p><a href=\"https:\/\/www.sanmarcohotel.com.ar\/\" target=\"_blank\" rel=\"noopener\">Website<\/a><\/p>\n<p><strong>Direcci\u00f3n<\/strong> 54 nro 523 e\/ 5 y 6 | La Plata, Buenos Aires, Argentina.<\/p>\n<p><strong>Tel\u00e9fono:<\/strong> +54 221 422 9322<\/p>\n<p><strong>Whatsapp:<\/strong> +54 221 612 4493<\/p>\n<p>&nbsp;<\/p>\n<ul>\n<li><strong>Hotel Days Inn<\/strong><\/li>\n<\/ul>\n<p><a href=\"https:\/\/www.wyndhamhotels.com\/es-xl\/days-inn\/la-plata-argentina\/days-inn-and-suites-by-wyndham-la-plata\/overview?CID=LC:DI:20160927:Rio:Local&amp;iata=00093796\" target=\"_blank\" rel=\"noopener\">Website<\/a><\/p>\n<p><strong>Direcci\u00f3n:<\/strong> Calle 51, n\u00b0 511, Entre calles 5 y 6, La Plata 1900, Argentina.<\/p>\n<p><strong>Tel\u00e9fono:<\/strong> +54 221 445 3420<\/p>\n<p>&nbsp;<\/p>\n<ul>\n<li><strong>Hotel Grand Brizzo<\/strong><\/li>\n<\/ul>\n<p><a href=\"http:\/\/alvarezarguelles.com\/hotel\/grand-brizo-la-plata\/\" target=\"_blank\" rel=\"noopener\">Website<\/a><\/p>\n<p>Direcci\u00f3n: Av. 51 nro. 715 (y Calle 9) La Plata &#8211; Buenos Aires, Argentina. Tel\u00e9fono: 0810 345 7600,<\/p>\n<p>Whatsapp: +54 9 223 437-5607<\/p>\n<p>&nbsp;<\/p>\n<p>&nbsp;<\/p>\n","protected":false},"excerpt":{"rendered":"<p>Alojamientos que ofrecen descuentos: Hotel Corregidor Website Direcci\u00f3n: Calle 6 N\u00ba 1026 entre 53 y 54. La Plata, Buenos Aires, Argentina. Tel\u00e9fono: +54 221 425 6800 Whatsapp: +549-221-563-5169 El hotel corregidor ofrece descuentos para congresistas, los valores son los siguientes. Hab. SGL $ 8300.- Hab. DBL\/MAT $ 9000.- Los interesados en contar con este beneficio, [&hellip;]<\/p>\n","protected":false},"author":2,"featured_media":0,"parent":0,"menu_order":0,"comment_status":"closed","ping_status":"closed","template":"","meta":{"advgb_blocks_editor_width":"","advgb_blocks_columns_visual_guide":"","footnotes":""},"class_list":["post-50","page","type-page","status-publish","hentry","post"],"aioseo_notices":[],"coauthors":[],"author_meta":{"author_link":"https:\/\/congresos.unlp.edu.ar\/xicae2021\/author\/congresos\/","display_name":"congresos"},"relative_dates":{"created":"Posted 6 a\u00f1os ago","modified":"Updated 4 a\u00f1os ago"},"absolute_dates":{"created":"Posted on 18 agosto, 2020","modified":"Updated on 20 septiembre, 2022"},"absolute_dates_time":{"created":"Posted on 18 agosto, 2020 2:49 pm","modified":"Updated on 20 septiembre, 2022 11:51 am"},"featured_img_caption":"","featured_img":false,"series_order":"","_links":{"self":[{"href":"https:\/\/congresos.unlp.edu.ar\/xicae2021\/wp-json\/wp\/v2\/pages\/50","targetHints":{"allow":["GET"]}}],"collection":[{"href":"https:\/\/congresos.unlp.edu.ar\/xicae2021\/wp-json\/wp\/v2\/pages"}],"about":[{"href":"https:\/\/congresos.unlp.edu.ar\/xicae2021\/wp-json\/wp\/v2\/types\/page"}],"author":[{"embeddable":true,"href":"https:\/\/congresos.unlp.edu.ar\/xicae2021\/wp-json\/wp\/v2\/users\/2"}],"replies":[{"embeddable":true,"href":"https:\/\/congresos.unlp.edu.ar\/xicae2021\/wp-json\/wp\/v2\/comments?post=50"}],"version-history":[{"count":0,"href":"https:\/\/congresos.unlp.edu.ar\/xicae2021\/wp-json\/wp\/v2\/pages\/50\/revisions"}],"wp:attachment":[{"href":"https:\/\/congresos.unlp.edu.ar\/xicae2021\/wp-json\/wp\/v2\/media?parent=50"}],"curies":[{"name":"wp","href":"https:\/\/api.w.org\/{rel}","templated":true}]}}