{"id":26,"date":"2020-08-18T14:45:54","date_gmt":"2020-08-18T17:45:54","guid":{"rendered":"http:\/\/congresos.unlp.edu.ar\/xicae2021\/?page_id=26"},"modified":"2021-12-09T17:03:16","modified_gmt":"2021-12-09T20:03:16","slug":"bienvenida","status":"publish","type":"page","link":"https:\/\/congresos.unlp.edu.ar\/xicae2021\/bienvenida\/","title":{"rendered":"Bienvenida"},"content":{"rendered":"<p>El <strong>Congreso Argentino de Entomolog\u00eda<\/strong> (<strong>CAE<\/strong>), que se realiza ininterrumpidamente desde el a\u00f1o 1987, ha demostrado en todas sus ediciones ser un evento altamente convocante para todos aquellos investigadores nacionales, y en muchos casos extranjeros, dedicados al estudio cient\u00edfico de los insectos. En esta edici\u00f3n se suma al CAE el <strong>XII Congreso Latinoamericano de Entomolog\u00eda<\/strong> (<strong>CLE<\/strong>), d\u00e1ndole una mayor presencia internacional, lo que enriquecer\u00e1 a\u00fan m\u00e1s este espacio de intercambio cient\u00edfico.<\/p>\n<p>Nuestro lema para la presente edici\u00f3n es: \u201c<em>Ciencia diversa en tiempos de cambio<\/em>\u201d<\/p>\n<p>Desde comienzos del milenio hemos sido testigos de un extraordinario avance tecnol\u00f3gico que ha permitido el surgimiento de nuevas y poderosas herramientas y metodolog\u00edas para el estudio cient\u00edfico. Por otro lado, los efectos de los cambios ambientales, ante el avance y profundizaci\u00f3n de los procesos de deforestaci\u00f3n, contaminaci\u00f3n, agotamiento de recursos, y el ya evidente cambio clim\u00e1tico, presentan desaf\u00edos impostergables.<\/p>\n<p>Recientemente, la situaci\u00f3n sanitaria mundial nos ha dado una se\u00f1al de alarma, con un enorme costo, y ha ocasionado numerosos cambios en nuestras vidas y rutinas de trabajo. Sus efectos perdurar\u00e1n por largo tiempo, y seguramente tendr\u00e1n un profundo impacto en el financiamiento de la ciencia dada la grave crisis econ\u00f3mica mundial.<\/p>\n<p>Esta din\u00e1mica de acontecimientos nos obliga a estar en constante actualizaci\u00f3n y a repensar nuestras acciones como cient\u00edficos y como habitantes de este planeta.<\/p>\n<p>Esperamos que el <strong>XI Congreso Argentino y XII Congreso Latinoamericano<\/strong> <strong>de Entomolog\u00eda<\/strong> sea un \u00e1mbito de difusi\u00f3n de avances y resultados de las investigaciones cient\u00edficas, promoviendo la discusi\u00f3n cr\u00edtica entre colegas y generando v\u00ednculos entre grupos de investigaci\u00f3n que permitan integrar y fortalecer las investigaciones entomol\u00f3gicas en la Argentina y en Am\u00e9rica Latina.<\/p>\n<p>\u00a1\u00a1Bienvenidos!!<\/p>\n","protected":false},"excerpt":{"rendered":"<p>El Congreso Argentino de Entomolog\u00eda (CAE), que se realiza ininterrumpidamente desde el a\u00f1o 1987, ha demostrado en todas sus ediciones ser un evento altamente convocante para todos aquellos investigadores nacionales, y en muchos casos extranjeros, dedicados al estudio cient\u00edfico de los insectos. En esta edici\u00f3n se suma al CAE el XII Congreso Latinoamericano de Entomolog\u00eda [&hellip;]<\/p>\n","protected":false},"author":2,"featured_media":0,"parent":0,"menu_order":0,"comment_status":"closed","ping_status":"closed","template":"","meta":{"advgb_blocks_editor_width":"","advgb_blocks_columns_visual_guide":"","footnotes":""},"class_list":["post-26","page","type-page","status-publish","hentry","post"],"aioseo_notices":[],"coauthors":[],"author_meta":{"author_link":"https:\/\/congresos.unlp.edu.ar\/xicae2021\/author\/congresos\/","display_name":"congresos"},"relative_dates":{"created":"Posted 6 a\u00f1os ago","modified":"Updated 4 a\u00f1os ago"},"absolute_dates":{"created":"Posted on 18 agosto, 2020","modified":"Updated on 9 diciembre, 2021"},"absolute_dates_time":{"created":"Posted on 18 agosto, 2020 2:45 pm","modified":"Updated on 9 diciembre, 2021 5:03 pm"},"featured_img_caption":"","featured_img":false,"series_order":"","_links":{"self":[{"href":"https:\/\/congresos.unlp.edu.ar\/xicae2021\/wp-json\/wp\/v2\/pages\/26","targetHints":{"allow":["GET"]}}],"collection":[{"href":"https:\/\/congresos.unlp.edu.ar\/xicae2021\/wp-json\/wp\/v2\/pages"}],"about":[{"href":"https:\/\/congresos.unlp.edu.ar\/xicae2021\/wp-json\/wp\/v2\/types\/page"}],"author":[{"embeddable":true,"href":"https:\/\/congresos.unlp.edu.ar\/xicae2021\/wp-json\/wp\/v2\/users\/2"}],"replies":[{"embeddable":true,"href":"https:\/\/congresos.unlp.edu.ar\/xicae2021\/wp-json\/wp\/v2\/comments?post=26"}],"version-history":[{"count":0,"href":"https:\/\/congresos.unlp.edu.ar\/xicae2021\/wp-json\/wp\/v2\/pages\/26\/revisions"}],"wp:attachment":[{"href":"https:\/\/congresos.unlp.edu.ar\/xicae2021\/wp-json\/wp\/v2\/media?parent=26"}],"curies":[{"name":"wp","href":"https:\/\/api.w.org\/{rel}","templated":true}]}}