{"id":90,"date":"2019-12-16T10:41:51","date_gmt":"2019-12-16T13:41:51","guid":{"rendered":"http:\/\/congresos.unlp.edu.ar\/visirso\/?page_id=90"},"modified":"2020-02-04T12:04:26","modified_gmt":"2020-02-04T15:04:26","slug":"historia2","status":"publish","type":"page","link":"https:\/\/congresos.unlp.edu.ar\/visirso?page_id=90","title":{"rendered":"Antecedentes"},"content":{"rendered":"<p><strong>SIRSO <\/strong>es una red que proporciona a los investigadores sobre el tema de <strong>Responsabilidad Social Organizacional <\/strong>un ambiente de proyecci\u00f3n de sus estudios y avances de investigaci\u00f3n a trav\u00e9s de un simposio con periodicidad bianual, de car\u00e1cter itinerante, especialmente entre los pa\u00edses de la Am\u00e9rica Latina, generando en <a href=\"https:\/\/sirso.congresofan.uautonoma.cl\/publicaciones\/\">resultado editorial (libro electr\u00f3nico e impreso)<\/a>.<\/p>\n<p>&nbsp;<\/p>\n<p>El origen de este trabajo en red es el <em>Simposio Internacional de Responsabilidad Social de las Organizaciones: perspectivas de nuevos marcos institucionales en Am\u00e9rica Latina <strong>(I SIRSO<\/strong>) <\/em>realizado en el marco del \u201cII Congreso de Ciencia, Tecnolog\u00eda y Culturas. Di\u00e1logo entre las disciplinas del conocimiento. Mirando al futuro de Am\u00e9rica Latina y el Caribe\u201d, en la <strong>Universidad de Santiago de Chile (USACH)<\/strong>, en <strong>2010. <\/strong>Para este congreso han participado m\u00e1s de mil participantes<strong>. <\/strong>Este simposio fue creado y coordinado por Dra. Nora Gorrochategui y Dr. Valmir Martins desde 2009, cuando empez\u00f3 su planificaci\u00f3n. Fueron presentadas 31 ponencias de Argentina, Brasil, Chile, Colombia, M\u00e9xico, Per\u00fa y Uruguay con un p\u00fablico asistente estimado en 60 personas.<\/p>\n<p>&nbsp;<\/p>\n<p><strong>En 2012<\/strong>, el <strong>II SIRSO <\/strong>fue realizado en Rio de Janeiro, Brasil, en forma conjunta con el Congreso Nacional de Gesti\u00f3n (CNEG) de la <strong>Universidade Federal Fluminense (UFF) <\/strong>y en marco de evento paralelo a la Conferencia de las Naciones Unidas &#8211; R\u00edo+20. El resultado fue una nueva publicaci\u00f3n: \u201cResponsabilidad Social de las Organizaciones (RSO): Panorama de la agenda acad\u00e9mica de Am\u00e9rica Latina\u201d. El CNEG es un congreso de m\u00e1s de 500 personas, cerca de 150 asistentes para el simposio y 56 ponencias de Argentina, Brasil, Chile, Espa\u00f1a, M\u00e9xico, Uruguay, Venezuela, Colombia y Per\u00fa.<\/p>\n<p>&nbsp;<\/p>\n<p>Otra experiencia exitosa fue la realizaci\u00f3n <strong>en 2014 <\/strong>del <strong>III SIRSO <\/strong>en Lima, Per\u00fa. Fue una actividad conjunta con la <strong>Universidad Cat\u00f3lica Los \u00c1ngeles de Chimbote (UDALECH) <\/strong>con aproximadamente 300 participantes, panelistas y 49 ponentes de Argentina, Brasil, Colombia, Chile, M\u00e9xico, Per\u00fa.<\/p>\n<p>&nbsp;<\/p>\n<p>El <strong>IV SIRSO<\/strong>, en 2016 fue realizado en la <strong>Universidad Santo Tom\u00e1s (USTA) <\/strong>de Bogot\u00e1, Colombia, con 300 participantes y pa\u00edses latinoamericanos y Espa\u00f1a. El evento logr\u00f3 reunir m\u00e1s de 70 ponencias y 300 asistentes de diez pa\u00edses iberoamericanos: Argentina, Brasil, Chile, Colombia, Cuba, Ecuador, Espa\u00f1a, M\u00e9xico, Per\u00fa y Venezuela.<\/p>\n<p>&nbsp;<\/p>\n<p>En 2018, el <strong>V SIRSO <\/strong>fue realizado en la <strong>Universidad Aut\u00f3noma de Chile (UA) <\/strong>en Santiago, Chile, dando origen a la primera edici\u00f3n del I Congreso Internacional Actitud de Gesti\u00f3n Organizacional. Se presentaron 103 ponencias de 11 pa\u00edses: Argentina,Brasil, Chile,Colombia, Ecuador, Espa\u00f1a, Honduras, Paraguay, Per\u00fa, M\u00e9jico y Venezuela.<\/p>\n<p>&nbsp;<\/p>\n<p>Cada edici\u00f3n del SIRSO ha generado una publicaci\u00f3n editorial que es presentada cada a\u00f1o siguiente del evento:<\/p>\n<p><a href=\"https:\/\/sirso.congresofan.uautonoma.cl\/publicaciones\/\"><img decoding=\"async\" class=\"wp-image-91 aligncenter lazyload\" data-src=\"http:\/\/congresos.unlp.edu.ar\/visirso\/wp-content\/uploads\/sites\/17\/2019\/12\/libros-300x128.jpg\" alt=\"\" width=\"473\" height=\"202\" data-srcset=\"https:\/\/congresos.unlp.edu.ar\/visirso\/wp-content\/uploads\/sites\/17\/2019\/12\/libros-300x128.jpg 300w, https:\/\/congresos.unlp.edu.ar\/visirso\/wp-content\/uploads\/sites\/17\/2019\/12\/libros.jpg 741w\" data-sizes=\"(max-width: 473px) 100vw, 473px\" src=\"data:image\/svg+xml;base64,PHN2ZyB3aWR0aD0iMSIgaGVpZ2h0PSIxIiB4bWxucz0iaHR0cDovL3d3dy53My5vcmcvMjAwMC9zdmciPjwvc3ZnPg==\" style=\"--smush-placeholder-width: 473px; --smush-placeholder-aspect-ratio: 473\/202;\" \/><\/a><\/p>\n<p><strong>Para 2020<\/strong>, el trabajo conjunto con la <strong>Facultad de Ciencias Econ\u00f3micas<\/strong>, podr\u00e1 actuar como un ambiente catalizador de las investigaciones acad\u00e9micas iberoamericanas, considerando a Argentina como el pa\u00eds que participa del ciclo itinerante bianual del SIRSO, atrayendo la atenci\u00f3n y constituy\u00e9ndose en referencia para los investigadores de la regi\u00f3n.<\/p>\n<blockquote><p>DESCARGA DE LIBROS<\/p>\n<p><a href=\"https:\/\/www.uautonoma.cl\/wp-content\/uploads\/2018\/10\/LIBRO-2019-Responsabilidad-Social-de-las-Organizaciones-2019-Editoral-RIL-UA-V-SIRSO.pdf\" target=\"_blank\" rel=\"noopener noreferrer\"><strong>Responsabilidad Social de las Organizaciones (RSO): Estudios desde la mirada de la Responsabilidad Social hacia los Objetivos de Desarrollo Sostenible en Am\u00e9rica Latina (2019)<\/strong><\/a><\/p>\n<p><strong><a href=\"https:\/\/sirso.congresofan.uautonoma.cl\/wp-content\/uploads\/2018\/03\/Libro%20Responsabilidad%20Social%20de%20las%20Organizaciones%20-%20SIRSO%20-%202017%20America%20Latina%20.pdf\" target=\"_blank\" rel=\"noopener noreferrer\">Responsabilidad Social de las Organizaciones (RSO): Aportes Te\u00f3ricos-Pr\u00e1cticos para Lograr los Objetivos de Desarrollo Sostenible en Am\u00e9rica Latina (2017)<\/a><\/strong><\/p>\n<p><strong><a href=\"https:\/\/sirso.congresofan.uautonoma.cl\/pdf\/LIBRO%202015%20Responsabilidad%20Social%20de%20las%20Organizaciones%20(RSO)%20Avances%20y%20propuestas%20en%20Am%C3%A9rica%20Latina%20III%20SIRSO%20SIRSO%202015.pdf\" target=\"_blank\" rel=\"noopener noreferrer\">Responsabilidad Social de las Organizaciones (RSO): Avances y propuestas en Am\u00e9rica Latina (2015)<\/a><\/strong><\/p>\n<p><strong><a href=\"https:\/\/sirso.congresofan.uautonoma.cl\/pdf\/LIBRO%202013%20RESPONSABILIDAD%20SOCIAL%20DE%20LAS%20ORGANIZACIONES%20(RSO)%20Panorama%20de%20la%20agenda%20acad%C3%A9mica%20de%20Am%C3%A9rica%20Latina%20-%20%20%20II%20SIRSO%202013.pdf\" target=\"_blank\" rel=\"noopener noreferrer\">Responsabilidad Social de las Organizaciones (RSO): Panorama de la Agenda Acad\u00e9mica de Am\u00e9rica Latina \u2013 Investigaciones, Casos y Reflexiones (2013)<\/a><\/strong><\/p>\n<p><strong><a href=\"https:\/\/sirso.congresofan.uautonoma.cl\/pdf\/LIBRO%202011%20RESPONSABILIDAD%20SOCIAL%20DE%20LAS%20ORGANIZACIONES%20Perspectivas%20de%20nuevos%20marcos%20institucionales%20en%20Am%C3%A9rica%20Latina%20%20I%20SIRSO%202011.pdf\" target=\"_blank\" rel=\"noopener noreferrer\">Responsabilidad Social de las Organizaciones. Perspectivas de nuevos marcos institucionales en Am\u00e9rica Latina (2011)<\/a><\/strong><\/p><\/blockquote>\n","protected":false},"excerpt":{"rendered":"<p>SIRSO es una red que proporciona a los investigadores sobre el tema de Responsabilidad Social Organizacional un ambiente de proyecci\u00f3n de sus estudios y avances de investigaci\u00f3n a trav\u00e9s de un simposio con periodicidad bianual, de car\u00e1cter itinerante, especialmente entre los pa\u00edses de la Am\u00e9rica Latina, generando en resultado editorial (libro electr\u00f3nico e impreso). &nbsp; [&hellip;]<\/p>\n","protected":false},"author":31,"featured_media":0,"parent":0,"menu_order":0,"comment_status":"closed","ping_status":"closed","template":"","meta":{"advgb_blocks_editor_width":"","advgb_blocks_columns_visual_guide":"","footnotes":""},"class_list":["post-90","page","type-page","status-publish","hentry","post"],"aioseo_notices":[],"coauthors":[],"author_meta":{"author_link":"https:\/\/congresos.unlp.edu.ar\/visirso\/?author=31","display_name":"antonellastranieri"},"relative_dates":{"created":"Posted 6 a\u00f1os ago","modified":"Updated 6 a\u00f1os ago"},"absolute_dates":{"created":"Posted on 16 diciembre, 2019","modified":"Updated on 4 febrero, 2020"},"absolute_dates_time":{"created":"Posted on 16 diciembre, 2019 10:41 am","modified":"Updated on 4 febrero, 2020 12:04 pm"},"featured_img_caption":"","featured_img":false,"series_order":"","_links":{"self":[{"href":"https:\/\/congresos.unlp.edu.ar\/visirso\/index.php?rest_route=\/wp\/v2\/pages\/90","targetHints":{"allow":["GET"]}}],"collection":[{"href":"https:\/\/congresos.unlp.edu.ar\/visirso\/index.php?rest_route=\/wp\/v2\/pages"}],"about":[{"href":"https:\/\/congresos.unlp.edu.ar\/visirso\/index.php?rest_route=\/wp\/v2\/types\/page"}],"author":[{"embeddable":true,"href":"https:\/\/congresos.unlp.edu.ar\/visirso\/index.php?rest_route=\/wp\/v2\/users\/31"}],"replies":[{"embeddable":true,"href":"https:\/\/congresos.unlp.edu.ar\/visirso\/index.php?rest_route=%2Fwp%2Fv2%2Fcomments&post=90"}],"version-history":[{"count":0,"href":"https:\/\/congresos.unlp.edu.ar\/visirso\/index.php?rest_route=\/wp\/v2\/pages\/90\/revisions"}],"wp:attachment":[{"href":"https:\/\/congresos.unlp.edu.ar\/visirso\/index.php?rest_route=%2Fwp%2Fv2%2Fmedia&parent=90"}],"curies":[{"name":"wp","href":"https:\/\/api.w.org\/{rel}","templated":true}]}}