{"id":30,"date":"2021-06-11T16:05:03","date_gmt":"2021-06-11T19:05:03","guid":{"rendered":"https:\/\/congresos.unlp.edu.ar\/viijornadas\/?page_id=30"},"modified":"2021-06-18T21:07:33","modified_gmt":"2021-06-19T00:07:33","slug":"modalidades-de-presentacion","status":"publish","type":"page","link":"https:\/\/congresos.unlp.edu.ar\/viijornadas\/modalidades-de-presentacion\/","title":{"rendered":"Modalidades de presentaci\u00f3n"},"content":{"rendered":"<div id=\"pl-30\"  class=\"panel-layout\" ><div id=\"pg-30-0\"  class=\"panel-grid panel-no-style\" ><div id=\"pgc-30-0-0\"  class=\"panel-grid-cell\" ><div id=\"panel-30-0-0-0\" class=\"so-panel widget widget_sow-editor panel-first-child panel-last-child\" data-index=\"0\" ><div\n\t\t\t\n\t\t\tclass=\"so-widget-sow-editor so-widget-sow-editor-base\"\n\t\t\t\n\t\t>\n<div class=\"siteorigin-widget-tinymce textwidget\">\n\t<ul>\n<li><strong>Mesas de trabajos propuestas por las Unidades de Investigaci\u00f3n:<\/strong>\n<ul>\n<li>Laboratorio de Psicoan\u00e1lisis y Psicopatolog\u00eda (LIPPSI).<\/li>\n<li>Laboratorio de Evaluaci\u00f3n Psicol\u00f3gica y Educativa (LEPSE).<\/li>\n<li>Laboratorio de Psicolog\u00eda Comunitaria y Pol\u00edticas P\u00fablicas (LACOPP).<\/li>\n<li>Laboratorio de Historia de la Psicolog\u00eda (LABHIPsi).<\/li>\n<\/ul>\n<\/li>\n<li><strong>Trabajos libres<\/strong><\/li>\n<li><strong>Presentaciones de libros<\/strong><\/li>\n<\/ul>\n<hr \/>\n<p><strong>Fecha l\u00edmite para la presentaci\u00f3n de res\u00famenes:<\/strong><br \/>\n<strong><span style=\"color: #20abb0\">~ VIERNES 25 DE JUNIO DE 2021 ~<\/span><\/strong><\/p>\n<\/div>\n<\/div><\/div><\/div><div id=\"pgc-30-0-1\"  class=\"panel-grid-cell\" ><div id=\"panel-30-0-1-0\" class=\"so-panel widget widget_sow-image panel-first-child panel-last-child\" data-index=\"1\" ><div\n\t\t\t\n\t\t\tclass=\"so-widget-sow-image so-widget-sow-image-default-8b5b6f678277-30\"\n\t\t\t\n\t\t>\n<div class=\"sow-image-container\">\n\t\t<img \n\tsrc=\"https:\/\/congresos.unlp.edu.ar\/viijornadas\/wp-content\/uploads\/sites\/37\/2021\/06\/p6.jpg\" width=\"800\" height=\"600\" srcset=\"https:\/\/congresos.unlp.edu.ar\/viijornadas\/wp-content\/uploads\/sites\/37\/2021\/06\/p6.jpg 800w, https:\/\/congresos.unlp.edu.ar\/viijornadas\/wp-content\/uploads\/sites\/37\/2021\/06\/p6-300x225.jpg 300w, https:\/\/congresos.unlp.edu.ar\/viijornadas\/wp-content\/uploads\/sites\/37\/2021\/06\/p6-768x576.jpg 768w\" sizes=\"(max-width: 800px) 100vw, 800px\" alt=\"\" \t\tclass=\"so-widget-image\"\/>\n\t<\/div>\n\n<\/div><\/div><\/div><\/div><\/div>","protected":false},"excerpt":{"rendered":"<p>Mesas de trabajos propuestas por las Unidades de Investigaci\u00f3n: Laboratorio de Psicoan\u00e1lisis y Psicopatolog\u00eda (LIPPSI). Laboratorio de Evaluaci\u00f3n Psicol\u00f3gica y Educativa (LEPSE). Laboratorio de Psicolog\u00eda Comunitaria y Pol\u00edticas P\u00fablicas (LACOPP). Laboratorio de Historia de la Psicolog\u00eda (LABHIPsi). Trabajos libres Presentaciones de libros Fecha l\u00edmite para la presentaci\u00f3n de res\u00famenes: ~ VIERNES 25 DE JUNIO DE [&hellip;]<\/p>\n","protected":false},"author":2,"featured_media":0,"parent":0,"menu_order":0,"comment_status":"closed","ping_status":"closed","template":"","meta":{"advgb_blocks_editor_width":"","advgb_blocks_columns_visual_guide":"","footnotes":""},"class_list":["post-30","page","type-page","status-publish","hentry","post"],"aioseo_notices":[],"coauthors":[],"author_meta":{"author_link":"https:\/\/congresos.unlp.edu.ar\/viijornadas\/author\/congresos\/","display_name":"congresos"},"relative_dates":{"created":"Posted 5 a\u00f1os ago","modified":"Updated 5 a\u00f1os ago"},"absolute_dates":{"created":"Posted on 11 junio, 2021","modified":"Updated on 18 junio, 2021"},"absolute_dates_time":{"created":"Posted on 11 junio, 2021 4:05 pm","modified":"Updated on 18 junio, 2021 9:07 pm"},"featured_img_caption":"","featured_img":false,"series_order":"","_links":{"self":[{"href":"https:\/\/congresos.unlp.edu.ar\/viijornadas\/wp-json\/wp\/v2\/pages\/30","targetHints":{"allow":["GET"]}}],"collection":[{"href":"https:\/\/congresos.unlp.edu.ar\/viijornadas\/wp-json\/wp\/v2\/pages"}],"about":[{"href":"https:\/\/congresos.unlp.edu.ar\/viijornadas\/wp-json\/wp\/v2\/types\/page"}],"author":[{"embeddable":true,"href":"https:\/\/congresos.unlp.edu.ar\/viijornadas\/wp-json\/wp\/v2\/users\/2"}],"replies":[{"embeddable":true,"href":"https:\/\/congresos.unlp.edu.ar\/viijornadas\/wp-json\/wp\/v2\/comments?post=30"}],"version-history":[{"count":0,"href":"https:\/\/congresos.unlp.edu.ar\/viijornadas\/wp-json\/wp\/v2\/pages\/30\/revisions"}],"wp:attachment":[{"href":"https:\/\/congresos.unlp.edu.ar\/viijornadas\/wp-json\/wp\/v2\/media?parent=30"}],"curies":[{"name":"wp","href":"https:\/\/api.w.org\/{rel}","templated":true}]}}