{"id":19,"date":"2021-06-11T16:01:27","date_gmt":"2021-06-11T19:01:27","guid":{"rendered":"https:\/\/congresos.unlp.edu.ar\/viijornadas\/?page_id=19"},"modified":"2021-06-18T20:47:17","modified_gmt":"2021-06-18T23:47:17","slug":"evento","status":"publish","type":"page","link":"https:\/\/congresos.unlp.edu.ar\/viijornadas\/evento\/","title":{"rendered":"S\u00e9ptima Jornada de Investigaci\u00f3n en Psicolog\u00eda y Sexto Encuentro de Becarias, Becarios y Tesistas"},"content":{"rendered":"<div id=\"pl-19\"  class=\"panel-layout\" ><div id=\"pg-19-0\"  class=\"panel-grid panel-no-style\" ><div id=\"pgc-19-0-0\"  class=\"panel-grid-cell\" ><div id=\"panel-19-0-0-0\" class=\"so-panel widget widget_sow-editor panel-first-child\" data-index=\"0\" ><div\n\t\t\t\n\t\t\tclass=\"so-widget-sow-editor so-widget-sow-editor-base\"\n\t\t\t\n\t\t>\n<div class=\"siteorigin-widget-tinymce textwidget\">\n\t<p><strong>Estimadas\/os:<\/strong><\/p>\n<p>Tenemos el agrado de dirigirnos a ustedes para hacerles llegar la invitaci\u00f3n a la S\u00e9ptima Jornada de Investigaci\u00f3n en Psicolog\u00eda y Sexto Encuentro de Becarias, Becarios y Tesistas que tendr\u00e1 lugar el <strong>viernes 2 de julio de 2021<\/strong>.<\/p>\n<p>El a\u00f1o 2020 ha sido un acontecimiento mundial, la pandemia y sus efectos, el aislamiento social preventivo y obligatorio irrumpieron en la rutina cotidiana, produciendo una transformaci\u00f3n de la misma en algo extra\u00f1o, trastocando el saber hacer que cada uno hab\u00eda adquirido hasta all\u00ed. Tiempo de cambios se impone a nivel de la modalidad del encuentro, del lazo, del v\u00ednculo social. Los medios de comunicaci\u00f3n a distancia posibilitan una manera de conectarnos distinta, que no se hace equivalente a la movilizaci\u00f3n de los cuerpos.<\/p>\n<p>Hoy, un a\u00f1o m\u00e1s tarde, haciendo uso de dichos medios, apostamos a la realizaci\u00f3n en forma remota de una actividad colectiva que permita la conversaci\u00f3n e intercambio de las distintas producciones de investigaci\u00f3n.<\/p>\n<p>La S\u00e9ptima Jornada de Investigaci\u00f3n y Sexto Encuentro de Becarias, Becarios y Tesistas tiene como antecedente diferentes actividades que vienen desarroll\u00e1ndose desde el a\u00f1o 2007, y constituye un lugar de reflexi\u00f3n y construcci\u00f3n del conocimiento de becarias, becarios, tesistas, tifistas, investigadores\/as de la Facultad de Psicolog\u00eda de la UNLP con el prop\u00f3sito de poner en di\u00e1logo, problematizar y compartir las diferentes investigaciones que se vienen desarrollando especialmente en una coyuntura tan dist\u00f3pica y compleja como la que estamos atravesando.<\/p>\n<p>Se prev\u00e9 la publicaci\u00f3n de los res\u00famenes del evento, como as\u00ed tambi\u00e9n, de manera opcional el trabajo\u00a0 completo en una fecha de presentaci\u00f3n posterior a las jornadas, con el prop\u00f3sito de enriquecer dichos escritos con los debates que se susciten en el evento.<\/p>\n<p>La participaci\u00f3n en la Jornada, tanto para expositores como asistentes, es SIN ARANCEL.<\/p>\n<p>El evento tendr\u00e1 lugar por plataforma Zoom, ser\u00e1 transmitida por el canal de Youtube de la Facultad de Psicolog\u00eda y se desarrollar\u00e1 en idioma espa\u00f1ol.<\/p>\n<\/div>\n<\/div><\/div><div id=\"panel-19-0-0-1\" class=\"so-panel widget widget_sow-image\" data-index=\"1\" ><div\n\t\t\t\n\t\t\tclass=\"so-widget-sow-image so-widget-sow-image-default-c67d20f9f743-19\"\n\t\t\t\n\t\t>\n<div class=\"sow-image-container\">\n\t\t<img \n\tsrc=\"https:\/\/congresos.unlp.edu.ar\/viijornadas\/wp-content\/uploads\/sites\/37\/2021\/06\/flyerINV-encuentro.jpg\" width=\"1772\" height=\"1301\" srcset=\"https:\/\/congresos.unlp.edu.ar\/viijornadas\/wp-content\/uploads\/sites\/37\/2021\/06\/flyerINV-encuentro.jpg 1772w, https:\/\/congresos.unlp.edu.ar\/viijornadas\/wp-content\/uploads\/sites\/37\/2021\/06\/flyerINV-encuentro-300x220.jpg 300w, https:\/\/congresos.unlp.edu.ar\/viijornadas\/wp-content\/uploads\/sites\/37\/2021\/06\/flyerINV-encuentro-1024x752.jpg 1024w, https:\/\/congresos.unlp.edu.ar\/viijornadas\/wp-content\/uploads\/sites\/37\/2021\/06\/flyerINV-encuentro-768x564.jpg 768w, https:\/\/congresos.unlp.edu.ar\/viijornadas\/wp-content\/uploads\/sites\/37\/2021\/06\/flyerINV-encuentro-1536x1128.jpg 1536w\" sizes=\"(max-width: 1772px) 100vw, 1772px\" alt=\"\" \t\tclass=\"so-widget-image\"\/>\n\t<\/div>\n\n<\/div><\/div><div id=\"panel-19-0-0-2\" class=\"so-panel widget widget_sow-button panel-last-child\" data-index=\"2\" ><div\n\t\t\t\n\t\t\tclass=\"so-widget-sow-button so-widget-sow-button-flat-2b124d528e1b-19\"\n\t\t\t\n\t\t><div class=\"ow-button-base ow-button-align-center\"\n>\n\t\t\t<a\n\t\t\t\t\thref=\"https:\/\/www.youtube.com\/channel\/UCjOVAo3Wsc3TGWymLEAHtUg\"\n\t\t\t\t\tclass=\"sowb-button ow-icon-placement-left\" target=\"_blank\" rel=\"noopener noreferrer\" \t>\n\t\t<span>\n\t\t\t<span class=\"sow-icon-fontawesome sow-far\" data-sow-icon=\"&#xf144;\"\n\t\tstyle=\"color: #ffffff\" \n\t\taria-hidden=\"true\"><\/span>\n\t\t\tIr al canal de YouTube de la Facultad\t\t<\/span>\n\t\t\t<\/a>\n\t<\/div>\n<\/div><\/div><\/div><\/div><\/div>","protected":false},"excerpt":{"rendered":"<p>Estimadas\/os: Tenemos el agrado de dirigirnos a ustedes para hacerles llegar la invitaci\u00f3n a la S\u00e9ptima Jornada de Investigaci\u00f3n en Psicolog\u00eda y Sexto Encuentro de Becarias, Becarios y Tesistas que tendr\u00e1 lugar el viernes 2 de julio de 2021. El a\u00f1o 2020 ha sido un acontecimiento mundial, la pandemia y sus efectos, el aislamiento social [&hellip;]<\/p>\n","protected":false},"author":2,"featured_media":0,"parent":0,"menu_order":0,"comment_status":"closed","ping_status":"closed","template":"","meta":{"advgb_blocks_editor_width":"","advgb_blocks_columns_visual_guide":"","footnotes":""},"class_list":["post-19","page","type-page","status-publish","hentry","post"],"aioseo_notices":[],"coauthors":[],"author_meta":{"author_link":"https:\/\/congresos.unlp.edu.ar\/viijornadas\/author\/congresos\/","display_name":"congresos"},"relative_dates":{"created":"Posted 5 a\u00f1os ago","modified":"Updated 5 a\u00f1os ago"},"absolute_dates":{"created":"Posted on 11 junio, 2021","modified":"Updated on 18 junio, 2021"},"absolute_dates_time":{"created":"Posted on 11 junio, 2021 4:01 pm","modified":"Updated on 18 junio, 2021 8:47 pm"},"featured_img_caption":"","featured_img":false,"series_order":"","_links":{"self":[{"href":"https:\/\/congresos.unlp.edu.ar\/viijornadas\/wp-json\/wp\/v2\/pages\/19","targetHints":{"allow":["GET"]}}],"collection":[{"href":"https:\/\/congresos.unlp.edu.ar\/viijornadas\/wp-json\/wp\/v2\/pages"}],"about":[{"href":"https:\/\/congresos.unlp.edu.ar\/viijornadas\/wp-json\/wp\/v2\/types\/page"}],"author":[{"embeddable":true,"href":"https:\/\/congresos.unlp.edu.ar\/viijornadas\/wp-json\/wp\/v2\/users\/2"}],"replies":[{"embeddable":true,"href":"https:\/\/congresos.unlp.edu.ar\/viijornadas\/wp-json\/wp\/v2\/comments?post=19"}],"version-history":[{"count":0,"href":"https:\/\/congresos.unlp.edu.ar\/viijornadas\/wp-json\/wp\/v2\/pages\/19\/revisions"}],"wp:attachment":[{"href":"https:\/\/congresos.unlp.edu.ar\/viijornadas\/wp-json\/wp\/v2\/media?parent=19"}],"curies":[{"name":"wp","href":"https:\/\/api.w.org\/{rel}","templated":true}]}}