{"id":4,"date":"2023-05-11T09:30:44","date_gmt":"2023-05-11T12:30:44","guid":{"rendered":"https:\/\/congresos.unlp.edu.ar\/viijca-cindecadeoro\/?page_id=4"},"modified":"2023-07-06T09:39:41","modified_gmt":"2023-07-06T12:39:41","slug":"inicio","status":"publish","type":"page","link":"https:\/\/congresos.unlp.edu.ar\/viijca-cindecadeoro\/","title":{"rendered":"Inicio"},"content":{"rendered":"<div id=\"pl-4\"  class=\"panel-layout\" ><div id=\"pg-4-0\"  class=\"panel-grid panel-no-style\" ><div id=\"pgc-4-0-0\"  class=\"panel-grid-cell\" ><div id=\"panel-4-0-0-0\" class=\"so-panel widget widget_sow-image panel-first-child panel-last-child\" data-index=\"0\" ><div\n\t\t\t\n\t\t\tclass=\"so-widget-sow-image so-widget-sow-image-default-8b5b6f678277-4\"\n\t\t\t\n\t\t>\n<div class=\"sow-image-container\">\n\t\t<img \n\tsrc=\"https:\/\/congresos.unlp.edu.ar\/viijca-cindecadeoro\/wp-content\/uploads\/sites\/72\/2023\/05\/edificios-2.jpg\" width=\"2192\" height=\"680\" srcset=\"https:\/\/congresos.unlp.edu.ar\/viijca-cindecadeoro\/wp-content\/uploads\/sites\/72\/2023\/05\/edificios-2.jpg 2192w, https:\/\/congresos.unlp.edu.ar\/viijca-cindecadeoro\/wp-content\/uploads\/sites\/72\/2023\/05\/edificios-2-300x93.jpg 300w, https:\/\/congresos.unlp.edu.ar\/viijca-cindecadeoro\/wp-content\/uploads\/sites\/72\/2023\/05\/edificios-2-1024x318.jpg 1024w, https:\/\/congresos.unlp.edu.ar\/viijca-cindecadeoro\/wp-content\/uploads\/sites\/72\/2023\/05\/edificios-2-768x238.jpg 768w, https:\/\/congresos.unlp.edu.ar\/viijca-cindecadeoro\/wp-content\/uploads\/sites\/72\/2023\/05\/edificios-2-1536x476.jpg 1536w, https:\/\/congresos.unlp.edu.ar\/viijca-cindecadeoro\/wp-content\/uploads\/sites\/72\/2023\/05\/edificios-2-2048x635.jpg 2048w\" sizes=\"(max-width: 2192px) 100vw, 2192px\" title=\"edificios 2\" alt=\"\" \t\tclass=\"so-widget-image\"\/>\n\t<\/div>\n\n<\/div><\/div><\/div><\/div><div id=\"pg-4-1\"  class=\"panel-grid panel-no-style\" ><div id=\"pgc-4-1-0\"  class=\"panel-grid-cell\" ><div id=\"panel-4-1-0-0\" class=\"so-panel widget widget_text panel-first-child panel-last-child\" data-index=\"1\" >\t\t\t<div class=\"textwidget\"><p><span style=\"font-weight: 400\">En el mes de febrero del corriente a\u00f1o se cumplieron cincuenta a\u00f1os de la fundaci\u00f3n del Centro de Investigaci\u00f3n y Desarrollo en Ciencias Aplicadas, CINDECA (CONICET-CIC-UNLP).\u00a0<\/span><\/p>\n<p><span style=\"font-weight: 400\">Las l\u00edneas de investigaci\u00f3n del CINDECA han ido evolucionando con el tiempo, en busca de nuevos desaf\u00edos, diversificando la orientaci\u00f3n en las investigaciones del Centro, y acorde a eso el nombre del centro fue modificado, siendo inicialmente \u201cCentro de Investigaci\u00f3n y Desarrollo en Cat\u00e1lisis\u201d. Actualmente se trabaja en temas tales como Desarrollos en Qu\u00edmica Fina y Org\u00e1nica, Procesos catal\u00edticos relacionados con la Industria Petroqu\u00edmica, Reactores Catal\u00edticos, Eliminaci\u00f3n de contaminantes de efluentes gaseosos y l\u00edquidos, S\u00edntesis y Desarrollo de Materiales, Desarrollo de t\u00e9cnicas avanzadas para la caracterizaci\u00f3n de s\u00f3lidos, Tecnolog\u00eda de las Biotransformaciones, Energ\u00edas Alternativas y Qu\u00edmica Verde.\u00a0<\/span><\/p>\n<p><span style=\"font-weight: 400\">Este aniversario marca medio siglo de compromiso activo con la ciencia y la tecnolog\u00eda, apuntando al crecimiento continuo de la calidad y confiabilidad del trabajo realizado. En este marco es que se llevar\u00e1n a cabo estas Jornadas, realizando una reuni\u00f3n con cient\u00edficos y cient\u00edficas locales de reconocida trayectoria, junto a prestigiosos\/as colegas internacionales que participar\u00e1n mediante las videoconferencias planeadas.<\/span><\/p>\n<p><span style=\"font-weight: 400\">Las Jornadas en Ciencias Aplicadas \u201cDr. Jorge J. Ronco\u201d (JCA) organizadas por el CINDECA, se realizaron por primera vez en el a\u00f1o 2011 y se llevan a cabo de forma bianual, en la ciudad de La Plata. El objetivo principal es<\/span><span style=\"font-weight: 400\">\u00a0generar un espacio de debate cr\u00edtico, intercambio\u00a0 y reflexi\u00f3n del conocimiento cient\u00edfico, contribuyendo as\u00ed a la formaci\u00f3n de equipos de trabajo multidisciplinarios de personas del \u00e1mbito cient\u00edfico nacionales e internacionales.\u00a0<\/span><\/p>\n<p>Esta es la s\u00e9ptima edici\u00f3n de las Jornadas en Ciencias Aplicadas\u00a0 y se desarrollar\u00e1 del 4 al 6 de octubre del corriente a\u00f1o en la ciudad de La Plata, por lo que les damos una calurosa bienvenida.<\/p>\n<\/div>\n\t\t<\/div><\/div><\/div><div id=\"pg-4-2\"  class=\"panel-grid panel-no-style\" ><div id=\"pgc-4-2-0\"  class=\"panel-grid-cell\" ><div id=\"panel-4-2-0-0\" class=\"so-panel widget widget_circleicon-widget panel-first-child panel-last-child\" data-index=\"2\" >\t\t<div class=\"circle-icon-box circle-icon-position-top circle-icon-hide-box circle-icon-size-small \">\n\t\t\t\t\t\t\t<div class=\"circle-icon-wrapper\">\n\t\t\t\t\t\t\t\t\t\t<a href=\"http:\/\/congresos.unlp.edu.ar\/viijca-cindecadeoro\/wp-content\/uploads\/sites\/72\/2023\/05\/1ra-circular-VII-JCA-CINDECA-de-ORO.pdf\" class=\"link-icon\" target=\"_blank\">\t\t\t\t\t<div class=\"circle-icon icon-style-set\" style=\"background-color: #c48411\">\n\t\t\t\t\t\t\t\t\t\t\t\t\t<div\n\t\t\t\t\t\t\t\tclass=\"fa fa-file-pdf-o  icon-style-set\"\n\t\t\t\t\t\t\t\t\t\t\t\t\t\t\t><\/div>\n\t\t\t\t\t\t\t\t\t\t\t<\/div>\n\t\t\t\t\t<\/a>\t\t\t\t<\/div>\n\t\t\t\n\t\t\t\t\t\t\t<a\n\t\t\t\t\thref=\"http:\/\/congresos.unlp.edu.ar\/viijca-cindecadeoro\/wp-content\/uploads\/sites\/72\/2023\/05\/1ra-circular-VII-JCA-CINDECA-de-ORO.pdf\"\n\t\t\t\t\tclass=\"link-title\" target=&quot;_blank&quot;\t\t\t\t>\n\t\t\t\t\t\t\t\t\t\t\t\t\t<\/a>\n\t\t\t\n\t\t\t\t\t\t\t\t\t\t<a\n\t\t\t\t\thref=\"http:\/\/congresos.unlp.edu.ar\/viijca-cindecadeoro\/wp-content\/uploads\/sites\/72\/2023\/05\/1ra-circular-VII-JCA-CINDECA-de-ORO.pdf\"\n\t\t\t\t\tclass=\"more-button\"\n\t\t\t\t\ttarget=&quot;_blank&quot;style=\"color: #c48411\"\t\t\t\t>\n\t\t\t\t\tPrimera Circular\t\t\t\t\t<i><\/i>\n\t\t\t\t<\/a>\n\t\t\t\t\t<\/div>\n\t\t<\/div><\/div><div id=\"pgc-4-2-1\"  class=\"panel-grid-cell\" ><div id=\"panel-4-2-1-0\" class=\"so-panel widget widget_circleicon-widget panel-first-child panel-last-child\" data-index=\"3\" >\t\t<div class=\"circle-icon-box circle-icon-position-top circle-icon-hide-box circle-icon-size-small \">\n\t\t\t\t\t\t\t<div class=\"circle-icon-wrapper\">\n\t\t\t\t\t\t\t\t\t\t<a href=\"http:\/\/congresos.unlp.edu.ar\/viijca-cindecadeoro\/wp-content\/uploads\/sites\/72\/2023\/07\/Segunda-Circular-VII-JCA-CNDECA.pdf\" class=\"link-icon\" target=\"_blank\">\t\t\t\t\t<div class=\"circle-icon icon-style-set\" style=\"background-color: #c48411\">\n\t\t\t\t\t\t\t\t\t\t\t\t\t<div\n\t\t\t\t\t\t\t\tclass=\"fa fa-file-pdf-o  icon-style-set\"\n\t\t\t\t\t\t\t\t\t\t\t\t\t\t\t><\/div>\n\t\t\t\t\t\t\t\t\t\t\t<\/div>\n\t\t\t\t\t<\/a>\t\t\t\t<\/div>\n\t\t\t\n\t\t\t\t\t\t\t<a\n\t\t\t\t\thref=\"http:\/\/congresos.unlp.edu.ar\/viijca-cindecadeoro\/wp-content\/uploads\/sites\/72\/2023\/07\/Segunda-Circular-VII-JCA-CNDECA.pdf\"\n\t\t\t\t\tclass=\"link-title\" target=&quot;_blank&quot;\t\t\t\t>\n\t\t\t\t\t\t\t\t\t\t\t\t\t<\/a>\n\t\t\t\n\t\t\t\t\t\t\t\t\t\t<a\n\t\t\t\t\thref=\"http:\/\/congresos.unlp.edu.ar\/viijca-cindecadeoro\/wp-content\/uploads\/sites\/72\/2023\/07\/Segunda-Circular-VII-JCA-CNDECA.pdf\"\n\t\t\t\t\tclass=\"more-button\"\n\t\t\t\t\ttarget=&quot;_blank&quot;style=\"color: #c48411\"\t\t\t\t>\n\t\t\t\t\tSegunda Circular\t\t\t\t\t<i><\/i>\n\t\t\t\t<\/a>\n\t\t\t\t\t<\/div>\n\t\t<\/div><\/div><div id=\"pgc-4-2-2\"  class=\"panel-grid-cell\" ><div id=\"panel-4-2-2-0\" class=\"so-panel widget widget_circleicon-widget panel-first-child panel-last-child\" data-index=\"4\" >\t\t<div class=\"circle-icon-box circle-icon-position-top circle-icon-hide-box circle-icon-size-small \">\n\t\t\t\t\t\t\t<div class=\"circle-icon-wrapper\">\n\t\t\t\t\t\t\t\t\t\t<div class=\"circle-icon icon-style-set\" style=\"background-color: #c48411\">\n\t\t\t\t\t\t\t\t\t\t\t\t\t<div\n\t\t\t\t\t\t\t\tclass=\"fa fa-file-text-o  icon-style-set\"\n\t\t\t\t\t\t\t\t\t\t\t\t\t\t\t><\/div>\n\t\t\t\t\t\t\t\t\t\t\t<\/div>\n\t\t\t\t\t\t\t\t\t<\/div>\n\t\t\t\n\t\t\t\t\t\t\t\t\t\n\t\t\t\t\t\t\t\t<\/div>\n\t\t<\/div><\/div><\/div><\/div>","protected":false},"excerpt":{"rendered":"<p>En el mes de febrero del corriente a\u00f1o se cumplieron cincuenta a\u00f1os de la fundaci\u00f3n del Centro de Investigaci\u00f3n y Desarrollo en Ciencias Aplicadas, CINDECA (CONICET-CIC-UNLP).\u00a0 Las l\u00edneas de investigaci\u00f3n del CINDECA han ido evolucionando con el tiempo, en busca de nuevos desaf\u00edos, diversificando la orientaci\u00f3n en las investigaciones del Centro, y acorde a eso [&hellip;]<\/p>\n","protected":false},"author":2,"featured_media":68,"parent":0,"menu_order":0,"comment_status":"closed","ping_status":"closed","template":"home-panels.php","meta":{"advgb_blocks_editor_width":"","advgb_blocks_columns_visual_guide":"","footnotes":""},"class_list":["post-4","page","type-page","status-publish","has-post-thumbnail","hentry","post","post-with-thumbnail","post-with-thumbnail-large"],"aioseo_notices":[],"coauthors":[],"author_meta":{"author_link":"https:\/\/congresos.unlp.edu.ar\/viijca-cindecadeoro\/author\/congresos\/","display_name":"congresos"},"relative_dates":{"created":"Posted 3 a\u00f1os ago","modified":"Updated 3 a\u00f1os ago"},"absolute_dates":{"created":"Posted on 11 mayo, 2023","modified":"Updated on 6 julio, 2023"},"absolute_dates_time":{"created":"Posted on 11 mayo, 2023 9:30 am","modified":"Updated on 6 julio, 2023 9:39 am"},"featured_img_caption":"","featured_img":"https:\/\/congresos.unlp.edu.ar\/viijca-cindecadeoro\/wp-content\/uploads\/sites\/72\/2023\/05\/edificios-2-720x380.jpg","series_order":"","_links":{"self":[{"href":"https:\/\/congresos.unlp.edu.ar\/viijca-cindecadeoro\/wp-json\/wp\/v2\/pages\/4","targetHints":{"allow":["GET"]}}],"collection":[{"href":"https:\/\/congresos.unlp.edu.ar\/viijca-cindecadeoro\/wp-json\/wp\/v2\/pages"}],"about":[{"href":"https:\/\/congresos.unlp.edu.ar\/viijca-cindecadeoro\/wp-json\/wp\/v2\/types\/page"}],"author":[{"embeddable":true,"href":"https:\/\/congresos.unlp.edu.ar\/viijca-cindecadeoro\/wp-json\/wp\/v2\/users\/2"}],"replies":[{"embeddable":true,"href":"https:\/\/congresos.unlp.edu.ar\/viijca-cindecadeoro\/wp-json\/wp\/v2\/comments?post=4"}],"version-history":[{"count":0,"href":"https:\/\/congresos.unlp.edu.ar\/viijca-cindecadeoro\/wp-json\/wp\/v2\/pages\/4\/revisions"}],"wp:featuredmedia":[{"embeddable":true,"href":"https:\/\/congresos.unlp.edu.ar\/viijca-cindecadeoro\/wp-json\/wp\/v2\/media\/68"}],"wp:attachment":[{"href":"https:\/\/congresos.unlp.edu.ar\/viijca-cindecadeoro\/wp-json\/wp\/v2\/media?parent=4"}],"curies":[{"name":"wp","href":"https:\/\/api.w.org\/{rel}","templated":true}]}}