{"id":457,"date":"2025-06-25T06:57:51","date_gmt":"2025-06-25T09:57:51","guid":{"rendered":"https:\/\/congresos.unlp.edu.ar\/universidadpublicayfeminismos\/?page_id=457"},"modified":"2025-07-01T07:45:37","modified_gmt":"2025-07-01T10:45:37","slug":"eje-i","status":"publish","type":"page","link":"https:\/\/congresos.unlp.edu.ar\/universidadpublicayfeminismos\/eje-i\/","title":{"rendered":"Eje 1"},"content":{"rendered":"<div id=\"pl-457\"  class=\"panel-layout\" ><div id=\"pg-457-0\"  class=\"panel-grid panel-has-style\" ><div class=\"so-rounded panel-row-style panel-row-style-for-457-0\" ><div id=\"pgc-457-0-0\"  class=\"panel-grid-cell\" ><div id=\"panel-457-0-0-0\" class=\"so-panel widget widget_sow-editor panel-first-child panel-last-child\" data-index=\"0\" ><div\n\t\t\t\n\t\t\tclass=\"so-widget-sow-editor so-widget-sow-editor-base\"\n\t\t\t\n\t\t>\n<div class=\"siteorigin-widget-tinymce textwidget\">\n\t<h2 style=\"text-align: center\"><span style=\"color: #ffffff\"><b>EJE 1: Praxis feministas y producci\u00f3n de conocimiento en la universidad p\u00fablica<\/b><\/span><\/h2>\n<\/div>\n<\/div><\/div><\/div><\/div><\/div><div id=\"pg-457-1\"  class=\"panel-grid panel-no-style\" ><div id=\"pgc-457-1-0\"  class=\"panel-grid-cell\" ><div id=\"panel-457-1-0-0\" class=\"so-panel widget widget_sow-editor panel-first-child panel-last-child\" data-index=\"1\" ><div\n\t\t\t\n\t\t\tclass=\"so-widget-sow-editor so-widget-sow-editor-base\"\n\t\t\t\n\t\t>\n<div class=\"siteorigin-widget-tinymce textwidget\">\n\t<h2><span style=\"color: #800080\"><b>Mesa 1 <\/b><strong>| <\/strong><b>Jueves 03 de 14 a 16 hs.<\/b> <\/span><\/h2>\n<h2><span style=\"color: #800080\">Aula 201<\/span><\/h2>\n<p><b>Coordinan: <\/b>Flavia\u00a0Gomez Albarracin y Valentina Antonella Santamaria<\/p>\n<p><b>Comenta: <\/b>Teresita Rodriguez<\/p>\n<p>&nbsp;<\/p>\n<ul>\n<li><span style=\"font-weight: 400\">\u201cSentipensares de mujeres interculturales: el agua como medio vital en la inclusi\u00f3n de la medicina ancestral\u201d. Autorx: Andrea Falcone,\u00a0 y Col.<\/span><\/li>\n<li><span style=\"font-weight: 400\">\u201cLas fonoaudi\u00f3logas. Repensar los modos de construir identidad profesional\u201d. Autorx: Marina Cecilia Birocho.<\/span><\/li>\n<li><span style=\"font-weight: 400\">\"Mareas feministas en las universidades latinoamericanas\u201d: experiencias de conocimiento situado y pr\u00e1cticas despatriarcalizadoras en clave colectiva\". Autorx: Julieta Evangelina Cano.<\/span><\/li>\n<li><span style=\"font-weight: 400\">\u201cLa escritura como estrategia did\u00e1ctico pedag\u00f3gica feminista para multiplicar el cuarto propio\u201d. Autorx: Irma Colanzi.<\/span><\/li>\n<li><span style=\"font-weight: 400\">\u201cMujeres y colecciones antropol\u00f3gicas en la historia del Museo de La Plata\u201d. AutorxS: Natalia Andrea Coria y Ana Carolina Arias.<\/span><\/li>\n<li><span style=\"font-weight: 400\">\u201cN\u00facleos de la cr\u00edtica en Trabajo Social: revisiones e interpelaciones feministas\u201d. Autorxs: Ver\u00f3nica Cruz; Mar\u00eda del Pilar Reija, y Mar\u00eda Silvina Cavalleri.<\/span><\/li>\n<li><span style=\"font-weight: 400\">\u201cEl otro lado de la historia: Los aportes de las mujeres en la producci\u00f3n del espacio\u201d. Autorxs: \u00a0Victoria Alewaeters, Ailen Dom\u00ednguez y Moira Ripari.<\/span><\/li>\n<\/ul>\n<h2><span style=\"color: #800080\"><b>Mesa 2 <\/b><strong>| <\/strong><b>Jueves 03 de 14 a 16 hs.<\/b><\/span><\/h2>\n<h2><span style=\"color: #800080\">Aula 202<\/span><\/h2>\n<p><b>Coordinan: <\/b>Laura G\u00f3mez y Marianela Garcia<\/p>\n<p><b>Comenta: <\/b>Eva Navarro<\/p>\n<p>&nbsp;<\/p>\n<ul>\n<li><span style=\"font-weight: 400\">\u201cCiencia soberana en la Ant\u00e1rtida: Historias de mujeres pioneras y el rol de la perspectiva feminista en el continente blanco\u201d. Autorx: <\/span><i><span style=\"font-weight: 400\">Soledad Falco.<\/span><\/i><\/li>\n<li><span style=\"font-weight: 400\">Experiencias, reflexiones y continuidades sobre el Seminario de posgrado \u201cTeolog\u00eda Feminista para la liberaci\u00f3n\u201d en el marco del Doctorado en Comunicaci\u00f3n. Autorxs: <\/span><i><span style=\"font-weight: 400\">Marianela Garc\u00eda y Sof\u00eda Valoff.<\/span><\/i><\/li>\n<li><span style=\"font-weight: 400\">\u201cHabitar la investigaci\u00f3n como praxis feminista: reflexiones situadas sobre epistemolog\u00eda y metodolog\u00eda en la producci\u00f3n de conocimiento desde el sur\u201d. Autorxs: <i>Mar\u00eda Bel\u00e9n Mariescurrena y Giulietta Fleiss Degli Uomini.<\/i><\/span><\/li>\n<li><span style=\"font-weight: 400\">\u201cEllas, nosotras, yo: reflexiones acerca del trabajo de campo durante un embarazo\u201d. Autorx: <i>Micaela Morales Pizzo.<\/i><\/span><\/li>\n<li><span style=\"font-weight: 400\">\u00a0\u201cEl lento acceso de las mujeres a la universidad p\u00fablica (1900-1948)\u201d. Autorxs: -<i>Laura Graciela Rodr\u00edguez<\/i>,<\/span><\/li>\n<li><span style=\"font-weight: 400\">\u201cDisturbios de g\u00e9nero y sexo-subversivos. Recuperaci\u00f3n, visibilizaci\u00f3n y difusi\u00f3n de producci\u00f3n del conocimiento desde una perspectiva transfeminista y sexo-disidente\u201d. Autorxs: <i>Facundo Saxe, Atilio Rubino y Ariadna Quiroga.<\/i><\/span><\/li>\n<\/ul>\n<p>&nbsp;<\/p>\n<h2><span style=\"color: #800080\"><b>Mesa 3 <\/b><strong>| <\/strong><b>Viernes 04 de 9 a 11 hs.<\/b><\/span><\/h2>\n<h2><span style=\"color: #800080\"> Aula 209<\/span><\/h2>\n<p><b>Coordinan: <\/b>Emilia Eizmendi y Gisela Giamberardino.<\/p>\n<p><b>Comenta: <\/b>Paula Danel<\/p>\n<p>&nbsp;<\/p>\n<ul>\n<li><span style=\"font-weight: 400\">\u201cEntre copas, cuerpos y saberes: una praxis feminista sobre salud menstrual en la universidad p\u00fablica\u201d. Autorxs: <i>Charo Solis, Carolina Suau y Mariana Rosende.<\/i><\/span><\/li>\n<li><span style=\"font-weight: 400\">\u201cLa ense\u00f1anza de la psicolog\u00eda desde la epistemolog\u00eda feminista y los enfoques decoloniales\u201d. Autorxs: <i>Ana Mar\u00eda Talak y Julieta Karen Malagrina.<\/i><\/span><\/li>\n<li><span style=\"font-weight: 400\">\u201cEnse\u00f1anza feminista del derecho: Sistematizaci\u00f3n de experiencias en la materia \u201cTrabajo, G\u00e9nero y Econom\u00eda del cuidado\u201d de la Facultad de Ciencias Sociales de la UBA\u201d. Autorx: <i>Berenice Laura Timpanaro.<\/i><\/span><\/li>\n<li><span style=\"font-weight: 400\">\u201cLa construcci\u00f3n de datos con perspectiva de g\u00e9nero y el proyecto institucional en la carrera de abogac\u00eda\". Autorxs: Carola Bianco, Paula Talamonti y Mar\u00eda Paula Perotti.<\/span><\/li>\n<li><span style=\"font-weight: 400\">\u201cHistorias que abren diagonales para reflexionar sobre la ciencia desde una perspectiva feminista y local. Encuentros entre el pasado y el presente de la UNLP\u201d. Autorxs: <i>Ana Carolina Arias, Dulce Daniela Chaves y Gimena Palermo.<\/i><\/span><\/li>\n<li><span style=\"font-weight: 400\">\u201cTrayectorias de mujeres en las ciencias exactas, la historia narrada en primera persona como material museogr\u00e1fico\u201d. Autorxs: <i>Franco Damian Parra; Moro Banini y Araceli Acosta.<\/i><\/span><\/li>\n<li><span style=\"font-weight: 400\">\u201cPerspectiva interseccional en la universidad: contexto,\u00a0 problemas te\u00f3ricos y pol\u00edticos\u201d. Autorx: <i>Jessica Visotsky.<\/i><\/span><\/li>\n<\/ul>\n<p>&nbsp;<\/p>\n<\/div>\n<\/div><\/div><\/div><\/div><\/div>","protected":false},"excerpt":{"rendered":"<p>EJE 1: Praxis feministas y producci\u00f3n de conocimiento en la universidad p\u00fablica Mesa 1 | Jueves 03 de 14 a 16 hs. Aula 201 Coordinan: Flavia\u00a0Gomez Albarracin y Valentina Antonella Santamaria Comenta: Teresita Rodriguez &nbsp; \u201cSentipensares de mujeres interculturales: el agua como medio vital en la inclusi\u00f3n de la medicina ancestral\u201d. Autorx: Andrea Falcone,\u00a0 y [&hellip;]<\/p>\n","protected":false},"author":191,"featured_media":0,"parent":0,"menu_order":0,"comment_status":"closed","ping_status":"closed","template":"","meta":{"advgb_blocks_editor_width":"","advgb_blocks_columns_visual_guide":"","footnotes":""},"class_list":["post-457","page","type-page","status-publish","hentry","post"],"aioseo_notices":[],"coauthors":[],"author_meta":{"author_link":"https:\/\/congresos.unlp.edu.ar\/universidadpublicayfeminismos\/author\/difusion\/","display_name":"difusion"},"relative_dates":{"created":"Posted 10 meses ago","modified":"Updated 10 meses ago"},"absolute_dates":{"created":"Posted on 25 junio, 2025","modified":"Updated on 1 julio, 2025"},"absolute_dates_time":{"created":"Posted on 25 junio, 2025 6:57 am","modified":"Updated on 1 julio, 2025 7:45 am"},"featured_img_caption":"","featured_img":false,"series_order":"","_links":{"self":[{"href":"https:\/\/congresos.unlp.edu.ar\/universidadpublicayfeminismos\/wp-json\/wp\/v2\/pages\/457","targetHints":{"allow":["GET"]}}],"collection":[{"href":"https:\/\/congresos.unlp.edu.ar\/universidadpublicayfeminismos\/wp-json\/wp\/v2\/pages"}],"about":[{"href":"https:\/\/congresos.unlp.edu.ar\/universidadpublicayfeminismos\/wp-json\/wp\/v2\/types\/page"}],"author":[{"embeddable":true,"href":"https:\/\/congresos.unlp.edu.ar\/universidadpublicayfeminismos\/wp-json\/wp\/v2\/users\/191"}],"replies":[{"embeddable":true,"href":"https:\/\/congresos.unlp.edu.ar\/universidadpublicayfeminismos\/wp-json\/wp\/v2\/comments?post=457"}],"version-history":[{"count":0,"href":"https:\/\/congresos.unlp.edu.ar\/universidadpublicayfeminismos\/wp-json\/wp\/v2\/pages\/457\/revisions"}],"wp:attachment":[{"href":"https:\/\/congresos.unlp.edu.ar\/universidadpublicayfeminismos\/wp-json\/wp\/v2\/media?parent=457"}],"curies":[{"name":"wp","href":"https:\/\/api.w.org\/{rel}","templated":true}]}}