{"id":18,"date":"2024-05-21T10:32:04","date_gmt":"2024-05-21T13:32:04","guid":{"rendered":"https:\/\/congresos.unlp.edu.ar\/toxico\/?page_id=18"},"modified":"2024-06-03T18:59:54","modified_gmt":"2024-06-03T21:59:54","slug":"viernes-5-de-julio","status":"publish","type":"page","link":"https:\/\/congresos.unlp.edu.ar\/toxico\/viernes-5-de-julio\/","title":{"rendered":"Viernes 5 de julio"},"content":{"rendered":"<h5><\/h5>\n<h5><strong>12:30 Acreditaci\u00f3n<\/strong><\/h5>\n<h5><strong>13:00 Mesa Redonda \u201cRedes colaborativas para el trabajo en toxicolog\u00eda, como garant\u00eda del acceso del derecho a la salud, la seguridad y la justicia\u201d<\/strong><\/h5>\n<h5>Mg. Ver\u00f3nica Gonz\u00e1lez (Min. de Salud de la Provincia de Buenos Aires); Dr. Pedro Zeinsteger (Asociaci\u00f3n Toxicol\u00f3gica Argentina); Dra. Teresa Varela (Min. de Salud de la Provincia de Buenos Aires); Abog. Margarita Jarque (Comisi\u00f3n Provincial por la Memoria)<\/h5>\n<h5>Coordina: Bioq. Alejandra Rasile (Facultad de Ciencias Exactas, UNLP)<\/h5>\n<h5><strong>14:30 Rese\u00f1a:<\/strong> La Asociaci\u00f3n Toxicol\u00f3gica Argentina y su rol en el trabajo colaborativo en toxicolog\u00eda. Dra. Mar\u00eda Cecilia Travella, Presidenta de la ATA.<\/h5>\n<h5><strong>15:00 Presentaci\u00f3n<\/strong> de Laboratorio de Toxicolog\u00eda de la Direcci\u00f3n de Asesor\u00edas Periciales de la Corte Suprema de Justicia de la Provincia de Buenos Aires. Bioq. Valentina Garrote<\/h5>\n<h5><strong>15:30 Presentaci\u00f3n<\/strong> del Servicio de Toxicolog\u00eda, Hospital de Ni\u00f1os Sor Mar\u00eda Ludovica. Bioq. Virginia Cassain<\/h5>\n<h5><strong>16:00<\/strong> <strong>Presentaci\u00f3n<\/strong> del Laboratorio de Toxicolog\u00eda Ambiental y Nutrici\u00f3n (LaTAN), IDIP (Ministerio de Salud PBA, CICPBA). Bioq. Liliana Disalvo<\/h5>\n<h5><strong>16:30 Pausa de caf\u00e9<\/strong><\/h5>\n<h5><strong>16:45 Exposici\u00f3n de Trabajos Libres<\/strong><\/h5>\n<ul>\n<li>\n<h6>Caso de escorpionismo grave. Roc\u00edo L Miano, Residencia de Bioqu\u00edmica Cl\u00ednica del Hospital de Infecciosas F. J. Mu\u00f1iz, CABA<\/h6>\n<\/li>\n<li>\n<h6>Intoxicaci\u00f3n aguda por coca\u00edna. A prop\u00f3sito de un caso. Daiana N Villalba, Residencia de Bioqu\u00edmica Cl\u00ednica del Laboratorio del Hosp. Dr. Alejandro Korn, La Plata<\/h6>\n<\/li>\n<li>\n<h6>El Laboratorio de Toxicolog\u00eda Ambiental del Hospital de Cuenca Alta N\u00e9stor Kirchner SAMIC. Puesta en funcionamiento. Mar\u00eda E Aristi, Hospital de Cuenca Alta N\u00e9stor Kirchner, Ca\u00f1uelas<\/h6>\n<\/li>\n<li>\n<h6>Lineamientos para la exposici\u00f3n a sustancias psicoactivas en neonatos y lactantes. Fabricio J Castellano, Hosp. Dr. Alejandro Korn, La Plata<\/h6>\n<\/li>\n<\/ul>\n<h5><strong>17:30<\/strong> <strong>Charla de cierre: &#8220;Desaf\u00edos de la ciencia anal\u00edtica y forense en Latinoam\u00e9rica&#8221;<\/strong><\/h5>\n<h5>Dr. Luis Ferrari. Asesor de Alerta Temprana sobre NPS &#8211; Miembro del Comit\u00e9 TIAFT-UNODC y miembro fundador del IACFT<\/h5>\n<h5><strong>18:30 <\/strong>Cierre<\/h5>\n","protected":false},"excerpt":{"rendered":"<p>12:30 Acreditaci\u00f3n 13:00 Mesa Redonda \u201cRedes colaborativas para el trabajo en toxicolog\u00eda, como garant\u00eda del acceso del derecho a la salud, la seguridad y la justicia\u201d Mg. Ver\u00f3nica Gonz\u00e1lez (Min. de Salud de la Provincia de Buenos Aires); Dr. Pedro Zeinsteger (Asociaci\u00f3n Toxicol\u00f3gica Argentina); Dra. Teresa Varela (Min. de Salud de la Provincia de Buenos [&hellip;]<\/p>\n","protected":false},"author":202,"featured_media":0,"parent":0,"menu_order":0,"comment_status":"closed","ping_status":"closed","template":"","meta":{"advgb_blocks_editor_width":"","advgb_blocks_columns_visual_guide":"","footnotes":""},"class_list":["post-18","page","type-page","status-publish","hentry","post"],"aioseo_notices":[],"coauthors":[],"author_meta":{"author_link":"https:\/\/congresos.unlp.edu.ar\/toxico\/author\/ssoler\/","display_name":"ssoler"},"relative_dates":{"created":"Posted 2 a\u00f1os ago","modified":"Updated 2 a\u00f1os ago"},"absolute_dates":{"created":"Posted on 21 mayo, 2024","modified":"Updated on 3 junio, 2024"},"absolute_dates_time":{"created":"Posted on 21 mayo, 2024 10:32 am","modified":"Updated on 3 junio, 2024 6:59 pm"},"featured_img_caption":"","featured_img":false,"series_order":"","_links":{"self":[{"href":"https:\/\/congresos.unlp.edu.ar\/toxico\/wp-json\/wp\/v2\/pages\/18","targetHints":{"allow":["GET"]}}],"collection":[{"href":"https:\/\/congresos.unlp.edu.ar\/toxico\/wp-json\/wp\/v2\/pages"}],"about":[{"href":"https:\/\/congresos.unlp.edu.ar\/toxico\/wp-json\/wp\/v2\/types\/page"}],"author":[{"embeddable":true,"href":"https:\/\/congresos.unlp.edu.ar\/toxico\/wp-json\/wp\/v2\/users\/202"}],"replies":[{"embeddable":true,"href":"https:\/\/congresos.unlp.edu.ar\/toxico\/wp-json\/wp\/v2\/comments?post=18"}],"version-history":[{"count":0,"href":"https:\/\/congresos.unlp.edu.ar\/toxico\/wp-json\/wp\/v2\/pages\/18\/revisions"}],"wp:attachment":[{"href":"https:\/\/congresos.unlp.edu.ar\/toxico\/wp-json\/wp\/v2\/media?parent=18"}],"curies":[{"name":"wp","href":"https:\/\/api.w.org\/{rel}","templated":true}]}}