{"id":69,"date":"2019-12-13T09:27:45","date_gmt":"2019-12-13T12:27:45","guid":{"rendered":"http:\/\/congresos.unlp.edu.ar\/sur\/?page_id=69"},"modified":"2020-03-11T19:15:22","modified_gmt":"2020-03-11T22:15:22","slug":"modalidades-de-propuestas","status":"publish","type":"page","link":"https:\/\/congresos.unlp.edu.ar\/sur\/modalidades-de-propuestas\/","title":{"rendered":"Modalidades y pautas de presentaci\u00f3n"},"content":{"rendered":"<h2 style=\"text-align: center\"><strong><span style=\"color: #ff0000\"><span style=\"text-decoration: underline\">IMPORTANTE<\/span>: NO SE REQUIERE RESUMEN PREVIO, SOLO PROPUESTAS DE PONENCIAS\/TALLERES DEFINITIVOS<\/span><\/strong><\/h2>\n<h5><u>Fecha l\u00edmite de recepci\u00f3n de ponencias y propuestas de taller<\/u>: 15 de abril de 2020.<\/h5>\n<h5><u>Fecha de comunicaci\u00f3n de aceptaci\u00f3n de ponencias y talleres<\/u>: 31 de mayo de 2020.<\/h5>\n<h3 style=\"text-align: center\"><u>Ponencias<\/u>:<\/h3>\n<h5>Bajo esta categor\u00eda se recibir\u00e1n producciones in\u00e9ditas (avances de investigaciones y\/o tesis; ensayos; trabajos de reflexi\u00f3n cr\u00edtica; etc.) encuadradas en alguno de los Ejes Tem\u00e1ticos del congreso. La exposici\u00f3n de cada trabajo tendr\u00e1 una duraci\u00f3n m\u00e1xima de 15 minutos, y se realizar\u00e1 preferentemente en forma oral con el objeto de promover el intercambio.<\/h5>\n<h4><u>Pautas de presentaci\u00f3n<\/u>:<\/h4>\n<ul>\n<li>\n<h5>Extensi\u00f3n: entre 1.500 y 2.500 palabras (sin excepci\u00f3n). Incluido notas al pie y bibliograf\u00eda.<\/h5>\n<\/li>\n<li>\n<h5>Tama\u00f1o de papel: A4. M\u00e1rgenes: superior 2.5 cm, inferior 2.5 cm, izquierda 3 cm y derecha 3 cm.<\/h5>\n<\/li>\n<li>\n<h5>Formato de archivo: .doc o .docx<\/h5>\n<\/li>\n<\/ul>\n<h5><span style=\"color: #ff0000\">Importante<\/span>: no se admitir\u00e1n ponencias que no cumplan con los requisitos formales.<\/h5>\n<h4><u>Formato de portada<\/u> (ver <a href=\"https:\/\/congresos.unlp.edu.ar\/sur\/wp-content\/uploads\/sites\/20\/2019\/12\/Portada-Ponencia-Congreso.docx\">aqu\u00ed<\/a> un modelo)<\/h4>\n<ol>\n<li>\n<h5><u>T\u00edtulo de la ponencia<\/u>: en letra negrita arial 12, centrado. Extensi\u00f3n m\u00e1xima del t\u00edtulo: 100 caracteres con espacio.<\/h5>\n<\/li>\n<li>\n<h5><u>Datos de autor\/es<\/u>: nombre y apellido, filiaci\u00f3n institucional y correo electr\u00f3nico (un dato por regl\u00f3n), alineado a la derecha. Letra normal arial 10. En caso de m\u00e1s de un\/a autor\/a (hasta tres, sin excepci\u00f3n), en orden sucesivo (no a regl\u00f3n aparte).<\/h5>\n<\/li>\n<li>\n<h5><u>Eje tem\u00e1tico<\/u> en el que se inscribe<\/h5>\n<\/li>\n<li>\n<h5><u>Resumen de ponencia (abstract)<\/u>: 150 palabras, en p\u00e1rrafo justificado, letra normal arial 10. Tres palabras clave, separadas por coma y en may\u00fasculas. T\u00edtulo, resumen y palabras clave en espa\u00f1ol e ingl\u00e9s.<\/h5>\n<\/li>\n<\/ol>\n<h4><u>Formato cuerpo del texto<\/u>:<\/h4>\n<ul>\n<li>\n<h5>Texto: letra arial 11, p\u00e1rrafo justificado, interlineado 1.5, los resaltados en el texto se realizan con cursiva. Sin sangr\u00edas.<\/h5>\n<\/li>\n<li>\n<h5>Notas a pie de p\u00e1gina: Arial 10, justificado y a espacio sencillo. Sin sangr\u00edas.<\/h5>\n<\/li>\n<li>\n<h5>Subt\u00edtulos: justificado, Arial 12, a un espacio del p\u00e1rrafo anterior y a un espacio del p\u00e1rrafo siguiente.<\/h5>\n<\/li>\n<li>\n<h5>Gr\u00e1ficos, cuadros e im\u00e1genes: centrado, a un espacio del p\u00e1rrafo anterior y siguiente.<\/h5>\n<\/li>\n<li>\n<h5>Bibliograf\u00eda formato seg\u00fan normas APA.<\/h5>\n<\/li>\n<\/ul>\n<h5><span style=\"color: #ff0000\">Importante<\/span>: quienes as\u00ed lo deseen podr\u00e1n publicar sus ponencias en el Repositorio Institucional de la UNLP <a href=\"http:\/\/sedici.unlp.edu.ar\/\" target=\"_blank\" rel=\"noopener noreferrer\">SEDICI<\/a><\/h5>\n<h3 style=\"text-align: center\"><u>Talleres participativos<\/u>:<\/h3>\n<h5>Bajo esta categor\u00eda se recibir\u00e1n propuestas de Taller que promuevan espacios participativos de co-producci\u00f3n de conocimiento cr\u00edtico, encuadradas en alguno de los Ejes Tem\u00e1ticos del congreso. Se admitir\u00e1 un m\u00e1ximo de 4 (cuatro) coordinadores por propuesta, y la duraci\u00f3n estimada ser\u00e1 de 90 minutos.<\/h5>\n<h4><u>Pautas de presentaci\u00f3n:<\/u><\/h4>\n<ol>\n<li>\n<h5><u>T\u00edtulo<\/u>: hasta 100 caracteres con espacio, en letra negrita arial 14, centrado.<\/h5>\n<\/li>\n<li>\n<h5><u>Datos de coordinador\/es<\/u>: nombre y apellido, y filiaci\u00f3n institucional (entre par\u00e9ntesis). Letra normal arial 11. Alineado a la derecha. En caso de m\u00e1s de un\/a coordinador\/a, en orden sucesivo (a un espacio del rengl\u00f3n anterior). Correo electr\u00f3nico \u00fanico de referencia.<\/h5>\n<\/li>\n<li>\n<h5><u>Eje tem\u00e1tico<\/u> en el que se inscribe<\/h5>\n<\/li>\n<li>\n<h5><u>Resumen de la propuesta de taller (abstract)<\/u>: hasta 50 palabras, letra normal arial 11, p\u00e1rrafo justificado, interlineado 1,15.<\/h5>\n<\/li>\n<li>\n<h5><u>Contenido<\/u>: tema a trabajar, esquema del taller, metodolog\u00eda, cantidad m\u00e1xima de participantes (si posee limitantes en ese sentido).<\/h5>\n<\/li>\n<li>\n<h5><u>Extensi\u00f3n<\/u>: hasta 300 palabras, letra normal arial 11, p\u00e1rrafo justificado, interlineado 1.5.<\/h5>\n<\/li>\n<\/ol>\n","protected":false},"excerpt":{"rendered":"<p>IMPORTANTE: NO SE REQUIERE RESUMEN PREVIO, SOLO PROPUESTAS DE PONENCIAS\/TALLERES DEFINITIVOS Fecha l\u00edmite de recepci\u00f3n de ponencias y propuestas de taller: 15 de abril de 2020. Fecha de comunicaci\u00f3n de aceptaci\u00f3n de ponencias y talleres: 31 de mayo de 2020. Ponencias: Bajo esta categor\u00eda se recibir\u00e1n producciones in\u00e9ditas (avances de investigaciones y\/o tesis; ensayos; trabajos [&hellip;]<\/p>\n","protected":false},"author":36,"featured_media":0,"parent":0,"menu_order":0,"comment_status":"closed","ping_status":"closed","template":"","meta":{"advgb_blocks_editor_width":"","advgb_blocks_columns_visual_guide":"","footnotes":""},"class_list":["post-69","page","type-page","status-publish","hentry","post"],"aioseo_notices":[],"coauthors":[],"author_meta":{"author_link":"https:\/\/congresos.unlp.edu.ar\/sur\/author\/jmfontana\/","display_name":"jmfontana"},"relative_dates":{"created":"Posted 6 a\u00f1os ago","modified":"Updated 6 a\u00f1os ago"},"absolute_dates":{"created":"Posted on 13 diciembre, 2019","modified":"Updated on 11 marzo, 2020"},"absolute_dates_time":{"created":"Posted on 13 diciembre, 2019 9:27 am","modified":"Updated on 11 marzo, 2020 7:15 pm"},"featured_img_caption":"","featured_img":false,"series_order":"","_links":{"self":[{"href":"https:\/\/congresos.unlp.edu.ar\/sur\/wp-json\/wp\/v2\/pages\/69","targetHints":{"allow":["GET"]}}],"collection":[{"href":"https:\/\/congresos.unlp.edu.ar\/sur\/wp-json\/wp\/v2\/pages"}],"about":[{"href":"https:\/\/congresos.unlp.edu.ar\/sur\/wp-json\/wp\/v2\/types\/page"}],"author":[{"embeddable":true,"href":"https:\/\/congresos.unlp.edu.ar\/sur\/wp-json\/wp\/v2\/users\/36"}],"replies":[{"embeddable":true,"href":"https:\/\/congresos.unlp.edu.ar\/sur\/wp-json\/wp\/v2\/comments?post=69"}],"version-history":[{"count":0,"href":"https:\/\/congresos.unlp.edu.ar\/sur\/wp-json\/wp\/v2\/pages\/69\/revisions"}],"wp:attachment":[{"href":"https:\/\/congresos.unlp.edu.ar\/sur\/wp-json\/wp\/v2\/media?parent=69"}],"curies":[{"name":"wp","href":"https:\/\/api.w.org\/{rel}","templated":true}]}}