{"id":859,"date":"2021-09-13T18:12:39","date_gmt":"2021-09-13T21:12:39","guid":{"rendered":"https:\/\/congresos.unlp.edu.ar\/simposio-fce\/?page_id=859"},"modified":"2025-08-14T13:15:07","modified_gmt":"2025-08-14T16:15:07","slug":"temario","status":"publish","type":"page","link":"https:\/\/congresos.unlp.edu.ar\/simposio-fce\/temario\/","title":{"rendered":"TEMARIO"},"content":{"rendered":"<div id=\"pl-859\"  class=\"panel-layout\" ><div id=\"pg-859-0\"  class=\"panel-grid panel-no-style\" ><div id=\"pgc-859-0-0\"  class=\"panel-grid-cell\" ><div id=\"panel-859-0-0-0\" class=\"so-panel widget widget_text panel-first-child panel-last-child\" data-index=\"0\" >\t\t\t<div class=\"textwidget\"><p>Ejes tem\u00e1ticos:<\/p>\n<ul>\n<li>Tecnolog\u00eda de la informaci\u00f3n y blockchain<\/li>\n<li>Auditor\u00eda, aseguramiento y compliance<\/li>\n<li>Teor\u00eda cr\u00edtica y epistemolog\u00eda contable<\/li>\n<li>Regulaci\u00f3n de la contabilidad<\/li>\n<li>Contabilidad financiera<\/li>\n<li>E-government y accountability<\/li>\n<li>Innovaci\u00f3n pedag\u00f3gica<\/li>\n<li>Sustentabilidad<\/li>\n<\/ul>\n<\/div>\n\t\t<\/div><\/div><\/div><\/div>","protected":false},"excerpt":{"rendered":"<p>Ejes tem\u00e1ticos: Tecnolog\u00eda de la informaci\u00f3n y blockchain Auditor\u00eda, aseguramiento y compliance Teor\u00eda cr\u00edtica y epistemolog\u00eda contable Regulaci\u00f3n de la contabilidad Contabilidad financiera E-government y accountability Innovaci\u00f3n pedag\u00f3gica Sustentabilidad<\/p>\n","protected":false},"author":27,"featured_media":0,"parent":0,"menu_order":0,"comment_status":"closed","ping_status":"closed","template":"","meta":{"advgb_blocks_editor_width":"","advgb_blocks_columns_visual_guide":"","footnotes":""},"class_list":["post-859","page","type-page","status-publish","hentry","post"],"aioseo_notices":[],"coauthors":[],"author_meta":{"author_link":"https:\/\/congresos.unlp.edu.ar\/simposio-fce\/author\/laplatasimposio\/","display_name":"laplatasimposio"},"relative_dates":{"created":"Posted 5 a\u00f1os ago","modified":"Updated 9 meses ago"},"absolute_dates":{"created":"Posted on 13 septiembre, 2021","modified":"Updated on 14 agosto, 2025"},"absolute_dates_time":{"created":"Posted on 13 septiembre, 2021 6:12 pm","modified":"Updated on 14 agosto, 2025 1:15 pm"},"featured_img_caption":"","featured_img":false,"series_order":"","_links":{"self":[{"href":"https:\/\/congresos.unlp.edu.ar\/simposio-fce\/wp-json\/wp\/v2\/pages\/859","targetHints":{"allow":["GET"]}}],"collection":[{"href":"https:\/\/congresos.unlp.edu.ar\/simposio-fce\/wp-json\/wp\/v2\/pages"}],"about":[{"href":"https:\/\/congresos.unlp.edu.ar\/simposio-fce\/wp-json\/wp\/v2\/types\/page"}],"author":[{"embeddable":true,"href":"https:\/\/congresos.unlp.edu.ar\/simposio-fce\/wp-json\/wp\/v2\/users\/27"}],"replies":[{"embeddable":true,"href":"https:\/\/congresos.unlp.edu.ar\/simposio-fce\/wp-json\/wp\/v2\/comments?post=859"}],"version-history":[{"count":0,"href":"https:\/\/congresos.unlp.edu.ar\/simposio-fce\/wp-json\/wp\/v2\/pages\/859\/revisions"}],"wp:attachment":[{"href":"https:\/\/congresos.unlp.edu.ar\/simposio-fce\/wp-json\/wp\/v2\/media?parent=859"}],"curies":[{"name":"wp","href":"https:\/\/api.w.org\/{rel}","templated":true}]}}