{"id":295,"date":"2020-10-10T13:21:35","date_gmt":"2020-10-10T16:21:35","guid":{"rendered":"http:\/\/congresos.unlp.edu.ar\/simposio-fce\/?page_id=295"},"modified":"2025-10-10T11:47:58","modified_gmt":"2025-10-10T14:47:58","slug":"presentacion-de-trabajos","status":"publish","type":"page","link":"https:\/\/congresos.unlp.edu.ar\/simposio-fce\/presentacion-de-trabajos\/","title":{"rendered":"ENVIO DE TRABAJOS"},"content":{"rendered":"<div id=\"pl-295\"  class=\"panel-layout\" ><div id=\"pg-295-0\"  class=\"panel-grid panel-no-style\" ><div id=\"pgc-295-0-0\"  class=\"panel-grid-cell\" ><div id=\"panel-295-0-0-0\" class=\"so-panel widget widget_text panel-first-child panel-last-child\" data-index=\"0\" >\t\t\t<div class=\"textwidget\"><p>Los investigadores podr\u00e1n <a href=\"https:\/\/congresos.unlp.edu.ar\/simposio-fce\/enviar-trabajo\/\">presentar sus trabajos<\/a> de manera gratuita. Los mismos ser\u00e1n sometidos a evaluaci\u00f3n por parte del <a href=\"https:\/\/congresos.unlp.edu.ar\/simposio-fce\/?page_id=550&amp;preview=true\">Comit\u00e9 Evaluador<\/a> del evento. Los trabajos aprobados por el Comit\u00e9 Evaluador, ser\u00e1n publicados con el <strong>ISSN<\/strong> del Simposio (ISSN 2683-6734) y estar\u00e1n disponibles en el <a href=\"http:\/\/sedici.unlp.edu.ar\/handle\/10915\/70739\" target=\"_blank\" rel=\"noopener\">SEDICI &#8211; Respositorio Institucional de la UNLP<\/a>.<\/p>\n<p>Asimismo, los trabajos aprobados por el Comit\u00e9 Evaluador contar\u00e1n con un espacio virtual para su <strong>exposici\u00f3n<\/strong> durante el transcurso del Simposio.<\/p>\n<p>El plazo m\u00e1ximo para la presentaci\u00f3n de trabajos es hasta el <strong>27 de octubre inclusive<\/strong>.<\/p>\n<p><a href=\"https:\/\/docs.google.com\/presentation\/d\/199Fxb6LNzv_NEFLcXimkc0xOpdctbdna\/edit?usp=sharing&amp;ouid=115164913123528607201&amp;rtpof=true&amp;sd=true\">Plantilla para la exposici\u00f3n de trabajos<\/a><\/p>\n<\/div>\n\t\t<\/div><\/div><div id=\"pgc-295-0-1\"  class=\"panel-grid-cell\" ><div id=\"panel-295-0-1-0\" class=\"so-panel widget widget_text panel-first-child panel-last-child\" data-index=\"1\" >\t\t\t<div class=\"textwidget\"><p><a href=\"https:\/\/revistas.unlp.edu.ar\/proyecciones\/issue\/view\/1176\"><img loading=\"lazy\" decoding=\"async\" class=\" wp-image-1979 aligncenter\" src=\"https:\/\/congresos.unlp.edu.ar\/simposio-fce\/wp-content\/uploads\/sites\/15\/2025\/08\/Logo-proyecciones-300x300.jpg\" alt=\"\" width=\"201\" height=\"201\" srcset=\"https:\/\/congresos.unlp.edu.ar\/simposio-fce\/wp-content\/uploads\/sites\/15\/2025\/08\/Logo-proyecciones-300x300.jpg 300w, https:\/\/congresos.unlp.edu.ar\/simposio-fce\/wp-content\/uploads\/sites\/15\/2025\/08\/Logo-proyecciones-1024x1024.jpg 1024w, https:\/\/congresos.unlp.edu.ar\/simposio-fce\/wp-content\/uploads\/sites\/15\/2025\/08\/Logo-proyecciones-150x150.jpg 150w, https:\/\/congresos.unlp.edu.ar\/simposio-fce\/wp-content\/uploads\/sites\/15\/2025\/08\/Logo-proyecciones-768x769.jpg 768w, https:\/\/congresos.unlp.edu.ar\/simposio-fce\/wp-content\/uploads\/sites\/15\/2025\/08\/Logo-proyecciones-1536x1536.jpg 1536w, https:\/\/congresos.unlp.edu.ar\/simposio-fce\/wp-content\/uploads\/sites\/15\/2025\/08\/Logo-proyecciones-2046x2048.jpg 2046w\" sizes=\"auto, (max-width: 201px) 100vw, 201px\" \/><\/a><\/p>\n<p>Los trabajos m\u00e1s destacados del Simposio, ser\u00e1n considerados por la Revista Proyecciones para postular a su pr\u00f3xima edici\u00f3n.<\/p>\n<\/div>\n\t\t<\/div><\/div><\/div><div id=\"pg-295-1\"  class=\"panel-grid panel-no-style\" ><div id=\"pgc-295-1-0\"  class=\"panel-grid-cell panel-grid-cell-empty panel-grid-cell-mobile-last\" ><\/div><div id=\"pgc-295-1-1\"  class=\"panel-grid-cell panel-grid-cell-empty\" ><\/div><\/div><div id=\"pg-295-2\"  class=\"panel-grid panel-no-style\" ><div id=\"pgc-295-2-0\"  class=\"panel-grid-cell panel-grid-cell-empty\" ><\/div><\/div><div id=\"pg-295-3\"  class=\"panel-grid panel-no-style\" ><div id=\"pgc-295-3-0\"  class=\"panel-grid-cell\" ><div id=\"panel-295-3-0-0\" class=\"so-panel widget widget_media_image panel-first-child panel-last-child\" data-index=\"2\" ><a href=\"https:\/\/congresos.unlp.edu.ar\/simposio-fce\/?page_id=859&#038;preview=true\"><img loading=\"lazy\" decoding=\"async\" width=\"1426\" height=\"1076\" src=\"https:\/\/congresos.unlp.edu.ar\/simposio-fce\/wp-content\/uploads\/sites\/15\/2021\/09\/Temario-2.jpg\" class=\"image wp-image-819  attachment-full size-full\" alt=\"\" style=\"max-width: 100%; height: auto;\" srcset=\"https:\/\/congresos.unlp.edu.ar\/simposio-fce\/wp-content\/uploads\/sites\/15\/2021\/09\/Temario-2.jpg 1426w, https:\/\/congresos.unlp.edu.ar\/simposio-fce\/wp-content\/uploads\/sites\/15\/2021\/09\/Temario-2-300x226.jpg 300w, https:\/\/congresos.unlp.edu.ar\/simposio-fce\/wp-content\/uploads\/sites\/15\/2021\/09\/Temario-2-1024x773.jpg 1024w, https:\/\/congresos.unlp.edu.ar\/simposio-fce\/wp-content\/uploads\/sites\/15\/2021\/09\/Temario-2-768x580.jpg 768w\" sizes=\"auto, (max-width: 1426px) 100vw, 1426px\" \/><\/a><\/div><\/div><div id=\"pgc-295-3-1\"  class=\"panel-grid-cell panel-grid-cell-mobile-last\" ><div id=\"panel-295-3-1-0\" class=\"so-panel widget widget_media_image panel-first-child panel-last-child\" data-index=\"3\" ><a href=\"https:\/\/congresos.unlp.edu.ar\/simposio-fce\/?page_id=875&#038;preview=true\"><img loading=\"lazy\" decoding=\"async\" width=\"720\" height=\"533\" src=\"https:\/\/congresos.unlp.edu.ar\/simposio-fce\/wp-content\/uploads\/sites\/15\/2021\/09\/Reglamento-1024x758.jpg\" class=\"image wp-image-822  attachment-large size-large\" alt=\"\" style=\"max-width: 100%; height: auto;\" srcset=\"https:\/\/congresos.unlp.edu.ar\/simposio-fce\/wp-content\/uploads\/sites\/15\/2021\/09\/Reglamento-1024x758.jpg 1024w, https:\/\/congresos.unlp.edu.ar\/simposio-fce\/wp-content\/uploads\/sites\/15\/2021\/09\/Reglamento-300x222.jpg 300w, https:\/\/congresos.unlp.edu.ar\/simposio-fce\/wp-content\/uploads\/sites\/15\/2021\/09\/Reglamento-768x569.jpg 768w, https:\/\/congresos.unlp.edu.ar\/simposio-fce\/wp-content\/uploads\/sites\/15\/2021\/09\/Reglamento.jpg 1429w\" sizes=\"auto, (max-width: 720px) 100vw, 720px\" \/><\/a><\/div><\/div><div id=\"pgc-295-3-2\"  class=\"panel-grid-cell panel-grid-cell-empty\" ><\/div><\/div><div id=\"pg-295-4\"  class=\"panel-grid panel-no-style\" ><div id=\"pgc-295-4-0\"  class=\"panel-grid-cell panel-grid-cell-empty\" ><\/div><\/div><\/div>","protected":false},"excerpt":{"rendered":"<p>Los investigadores podr\u00e1n presentar sus trabajos de manera gratuita. Los mismos ser\u00e1n sometidos a evaluaci\u00f3n por parte del Comit\u00e9 Evaluador del evento. Los trabajos aprobados por el Comit\u00e9 Evaluador, ser\u00e1n publicados con el ISSN del Simposio (ISSN 2683-6734) y estar\u00e1n disponibles en el SEDICI &#8211; Respositorio Institucional de la UNLP. Asimismo, los trabajos aprobados por [&hellip;]<\/p>\n","protected":false},"author":27,"featured_media":0,"parent":0,"menu_order":0,"comment_status":"closed","ping_status":"closed","template":"","meta":{"advgb_blocks_editor_width":"","advgb_blocks_columns_visual_guide":"","footnotes":""},"class_list":["post-295","page","type-page","status-publish","hentry","post"],"aioseo_notices":[],"coauthors":[],"author_meta":{"author_link":"https:\/\/congresos.unlp.edu.ar\/simposio-fce\/author\/laplatasimposio\/","display_name":"laplatasimposio"},"relative_dates":{"created":"Posted 6 a\u00f1os ago","modified":"Updated 7 meses ago"},"absolute_dates":{"created":"Posted on 10 octubre, 2020","modified":"Updated on 10 octubre, 2025"},"absolute_dates_time":{"created":"Posted on 10 octubre, 2020 1:21 pm","modified":"Updated on 10 octubre, 2025 11:47 am"},"featured_img_caption":"","featured_img":false,"series_order":"","_links":{"self":[{"href":"https:\/\/congresos.unlp.edu.ar\/simposio-fce\/wp-json\/wp\/v2\/pages\/295","targetHints":{"allow":["GET"]}}],"collection":[{"href":"https:\/\/congresos.unlp.edu.ar\/simposio-fce\/wp-json\/wp\/v2\/pages"}],"about":[{"href":"https:\/\/congresos.unlp.edu.ar\/simposio-fce\/wp-json\/wp\/v2\/types\/page"}],"author":[{"embeddable":true,"href":"https:\/\/congresos.unlp.edu.ar\/simposio-fce\/wp-json\/wp\/v2\/users\/27"}],"replies":[{"embeddable":true,"href":"https:\/\/congresos.unlp.edu.ar\/simposio-fce\/wp-json\/wp\/v2\/comments?post=295"}],"version-history":[{"count":0,"href":"https:\/\/congresos.unlp.edu.ar\/simposio-fce\/wp-json\/wp\/v2\/pages\/295\/revisions"}],"wp:attachment":[{"href":"https:\/\/congresos.unlp.edu.ar\/simposio-fce\/wp-json\/wp\/v2\/media?parent=295"}],"curies":[{"name":"wp","href":"https:\/\/api.w.org\/{rel}","templated":true}]}}