{"id":36,"date":"2020-03-05T11:57:24","date_gmt":"2020-03-05T14:57:24","guid":{"rendered":"http:\/\/congresos.unlp.edu.ar\/seprosul2020?page_id=36"},"modified":"2021-09-10T11:41:04","modified_gmt":"2021-09-10T14:41:04","slug":"fechas-importantes","status":"publish","type":"page","link":"https:\/\/congresos.unlp.edu.ar\/seprosul2020?page_id=36","title":{"rendered":"Fechas importantes"},"content":{"rendered":"<p><span style=\"color: #ff0000\"><strong>IMPORTANTE<\/strong><\/span><br \/>\n<span style=\"color: #ff0000\"><strong>Pr\u00f3rroga para presentaci\u00f3n de res\u00famenes hasta el pr\u00f3ximo 17 de septiembre<\/strong><\/span><\/p>\n<p>&#8212;&#8212;&#8211;<\/p>\n<p>Presentaci\u00f3n de resumen:<strong> <em>fecha l\u00edmite 10\u00a0 de septiembre de 2021<\/em><\/strong><\/p>\n<p>Presentaci\u00f3n de trabajo completo<em>: <strong>fecha l\u00edmite 30 de Septiembre de 2021<\/strong><\/em><\/p>\n","protected":false},"excerpt":{"rendered":"<p>IMPORTANTE Pr\u00f3rroga para presentaci\u00f3n de res\u00famenes hasta el pr\u00f3ximo 17 de septiembre &#8212;&#8212;&#8211; Presentaci\u00f3n de resumen: fecha l\u00edmite 10\u00a0 de septiembre de 2021 Presentaci\u00f3n de trabajo completo: fecha l\u00edmite 30 de Septiembre de 2021<\/p>\n","protected":false},"author":2,"featured_media":0,"parent":0,"menu_order":0,"comment_status":"closed","ping_status":"closed","template":"","meta":{"advgb_blocks_editor_width":"","advgb_blocks_columns_visual_guide":"","footnotes":""},"class_list":["post-36","page","type-page","status-publish","hentry","post"],"aioseo_notices":[],"coauthors":[],"author_meta":{"author_link":"https:\/\/congresos.unlp.edu.ar\/seprosul2020\/?author=2","display_name":"congresos"},"relative_dates":{"created":"Posted 6 a\u00f1os ago","modified":"Updated 5 a\u00f1os ago"},"absolute_dates":{"created":"Posted on 5 marzo, 2020","modified":"Updated on 10 septiembre, 2021"},"absolute_dates_time":{"created":"Posted on 5 marzo, 2020 11:57 am","modified":"Updated on 10 septiembre, 2021 11:41 am"},"featured_img_caption":"","featured_img":false,"series_order":"","_links":{"self":[{"href":"https:\/\/congresos.unlp.edu.ar\/seprosul2020\/index.php?rest_route=\/wp\/v2\/pages\/36","targetHints":{"allow":["GET"]}}],"collection":[{"href":"https:\/\/congresos.unlp.edu.ar\/seprosul2020\/index.php?rest_route=\/wp\/v2\/pages"}],"about":[{"href":"https:\/\/congresos.unlp.edu.ar\/seprosul2020\/index.php?rest_route=\/wp\/v2\/types\/page"}],"author":[{"embeddable":true,"href":"https:\/\/congresos.unlp.edu.ar\/seprosul2020\/index.php?rest_route=\/wp\/v2\/users\/2"}],"replies":[{"embeddable":true,"href":"https:\/\/congresos.unlp.edu.ar\/seprosul2020\/index.php?rest_route=%2Fwp%2Fv2%2Fcomments&post=36"}],"version-history":[{"count":0,"href":"https:\/\/congresos.unlp.edu.ar\/seprosul2020\/index.php?rest_route=\/wp\/v2\/pages\/36\/revisions"}],"wp:attachment":[{"href":"https:\/\/congresos.unlp.edu.ar\/seprosul2020\/index.php?rest_route=%2Fwp%2Fv2%2Fmedia&parent=36"}],"curies":[{"name":"wp","href":"https:\/\/api.w.org\/{rel}","templated":true}]}}