{"id":54,"date":"2021-12-22T17:13:44","date_gmt":"2021-12-22T20:13:44","guid":{"rendered":"https:\/\/congresos.unlp.edu.ar\/samic2022\/?page_id=54"},"modified":"2022-05-30T11:33:51","modified_gmt":"2022-05-30T14:33:51","slug":"pautas","status":"publish","type":"page","link":"https:\/\/congresos.unlp.edu.ar\/samic2022\/pautas\/","title":{"rendered":"Pautas"},"content":{"rendered":"<ul>\n<li>Por cada inscripci\u00f3n se podr\u00e1n enviar hasta 2 (dos) res\u00famenes empleando como plantilla el archivo disponible en el formulario de env\u00edo.<\/li>\n<li>Cada resumen deber\u00e1 ser de m\u00e1ximo una carilla y se podr\u00e1 optar la preferencia por presentaci\u00f3n oral (15 min) o poster flash (5 min en video de presentaci\u00f3n).\n<li>Para la confecci\u00f3n de posters flash emplear la <a href=\"https:\/\/congresos.unlp.edu.ar\/samic2022\/wp-content\/uploads\/sites\/46\/2022\/05\/plantilla-poster-flash.pptx\">plantilla<\/a> y seguir el <a href=\"http:\/\/congresos.unlp.edu.ar\/samic2022\/wp-content\/uploads\/sites\/46\/2022\/05\/INSTRUCTIVO-PARA-CONFECCION-DE-POSTERS-FLASH.pdf\">instructivo<\/a> para la elaboraci\u00f3n del video. Enviar a la casilla de correo el archivo (no debe superar 100 MB) antes del 03\/06.\n<li>El env\u00edo de los resumenes se realiza en conjunto con la inscripci\u00f3n. Adem\u00e1s, se puede enviar de modo opcional una\u00a0 imagen para participar del Concurso de im\u00e1genes SAMIC2022.<\/li>\n<li>La modalidad de presentaci\u00f3n de cada resumen ser\u00e1 informada luego de la aceptaci\u00f3n de los trabajos.<\/li>\n<\/ul>\n","protected":false},"excerpt":{"rendered":"<p>Por cada inscripci\u00f3n se podr\u00e1n enviar hasta 2 (dos) res\u00famenes empleando como plantilla el archivo disponible en el formulario de env\u00edo. Cada resumen deber\u00e1 ser de m\u00e1ximo una carilla y se podr\u00e1 optar la preferencia por presentaci\u00f3n oral (15 min) o poster flash (5 min en video de presentaci\u00f3n). Para la confecci\u00f3n de posters flash [&hellip;]<\/p>\n","protected":false},"author":2,"featured_media":0,"parent":0,"menu_order":0,"comment_status":"closed","ping_status":"closed","template":"","meta":{"advgb_blocks_editor_width":"","advgb_blocks_columns_visual_guide":"","footnotes":""},"class_list":["post-54","page","type-page","status-publish","hentry","post"],"aioseo_notices":[],"coauthors":[],"author_meta":{"author_link":"https:\/\/congresos.unlp.edu.ar\/samic2022\/author\/congresos\/","display_name":"congresos"},"relative_dates":{"created":"Posted 4 a\u00f1os ago","modified":"Updated 4 a\u00f1os ago"},"absolute_dates":{"created":"Posted on 22 diciembre, 2021","modified":"Updated on 30 mayo, 2022"},"absolute_dates_time":{"created":"Posted on 22 diciembre, 2021 5:13 pm","modified":"Updated on 30 mayo, 2022 11:33 am"},"featured_img_caption":"","featured_img":false,"series_order":"","_links":{"self":[{"href":"https:\/\/congresos.unlp.edu.ar\/samic2022\/wp-json\/wp\/v2\/pages\/54","targetHints":{"allow":["GET"]}}],"collection":[{"href":"https:\/\/congresos.unlp.edu.ar\/samic2022\/wp-json\/wp\/v2\/pages"}],"about":[{"href":"https:\/\/congresos.unlp.edu.ar\/samic2022\/wp-json\/wp\/v2\/types\/page"}],"author":[{"embeddable":true,"href":"https:\/\/congresos.unlp.edu.ar\/samic2022\/wp-json\/wp\/v2\/users\/2"}],"replies":[{"embeddable":true,"href":"https:\/\/congresos.unlp.edu.ar\/samic2022\/wp-json\/wp\/v2\/comments?post=54"}],"version-history":[{"count":0,"href":"https:\/\/congresos.unlp.edu.ar\/samic2022\/wp-json\/wp\/v2\/pages\/54\/revisions"}],"wp:attachment":[{"href":"https:\/\/congresos.unlp.edu.ar\/samic2022\/wp-json\/wp\/v2\/media?parent=54"}],"curies":[{"name":"wp","href":"https:\/\/api.w.org\/{rel}","templated":true}]}}