{"id":27,"date":"2021-12-22T17:08:30","date_gmt":"2021-12-22T20:08:30","guid":{"rendered":"https:\/\/congresos.unlp.edu.ar\/samic2022\/?page_id=27"},"modified":"2022-03-28T00:20:27","modified_gmt":"2022-03-28T03:20:27","slug":"comites","status":"publish","type":"page","link":"https:\/\/congresos.unlp.edu.ar\/samic2022\/comites\/","title":{"rendered":"Comit\u00e9s"},"content":{"rendered":"<p><strong><em>Comit\u00e9 organizador<\/em><\/strong><\/p>\n<ul>\n \t<em>Presidente<\/em>: Adri\u00e1n Abal<\/p>\n<p>        <em>Vice-presidente<\/em>: M. Antonieta Daza Millone<\/p>\n<p>        <em>Tesorera<\/em>:  Patricia Castelli<\/p>\n<p> \t<em>Secretarias<\/em>: <\/p>\n<li> Patricia Sarmiento<\/li>\n<li> Andrea Tanevitch<\/li>\n<p>        <em>Dise\u00f1o y p\u00e1gina web<\/em>: <\/p>\n<li> M. Antonieta Daza Millone<\/li>\n<li> Andrea Tanevitch<\/li>\n<li> Portal de congresos UNLP<\/li>\n<\/ul>\n<p><strong><em>Comit\u00e9 Cient\u00edfico<\/em><\/strong><\/p>\n<ul>\n<li>Albarrac\u00edn V. , CIME (CCT TUC)<\/li>\n<li>Alippi, A.CIDEFI-FCAYF-CIC<\/li>\n<li>Alvarez I. , IFIR (CCT ROS)<\/li>\n<li>Barrientos, G. Div.ANTROPOLOGIA-FCNYM UNLP (CCT La Plata)<\/li>\n<li>Blasi, A. Div. MINERALOGIA, PETROLOGIA Y SEDIMENTOLOG\u00cdA FCNYM &#8211; CIC <\/li>\n<li>Bodnar, J. Div. PALEOBOTANICA FCNYM- UNLP (CCT La Plata) <\/li>\n<li>Bolmaro R ., IFIR (CCT ROS)<\/li>\n<li>Bozzano P. , Inst. S\u00e1bato (UNSAM-CNEA)<\/li>\n<li>Brusco A. , IBCN (OCA Houssay)<\/li>\n<li>C\u00e1ceres A. , INIMEC (CCT CBA)<\/li>\n<li>Caneiro, A., Y-TEC<\/li>\n<li>Capani F. , ININCA (OCA Houssay)<\/li>\n<li>Cond\u00f3, A. Gerencia de F\u00edsica CAB (CNEA)<\/li>\n<li>D\u00edaz, F. CEPAVE UNLP (CCT La Plata)<\/li>\n<li>Fornes, M.W.  IHEM (CCT Mendoza)<\/li>\n<li>Goin, F. DIV. PALEONTOLOGIA VERTEBRADOS \u2013FCNYM UNLP(CCT LA PLata)&lt;\/li\n<li>Lacconi, G.I.  INFIQC (CCT CBA)<\/li>\n<li>Maldonado, C. INICSA (CCT CBA)<\/li>\n<li>M\u00e1rquez, G. FCNYM-UNLP<\/li>\n<li>Morales, A. IHEM UNCUYO  (CCT Mendoza)<\/li>\n<li>Pietrasanta, L.I.  IFIBA (OCA Cdad. Univ.)<\/li>\n<li>Robles, R. CEPAVE UNLP (CCT La Plata)<\/li>\n<li>Rumi, A. SERByDE-FCNYM UNLP (CCT La Plata)<\/li>\n<li>Salgado, C. IBONE UNNE (CCT Nordeste)<\/li>\n<li>Tolley, A.J.  Gerencia de F\u00edsica CAB (CNEA)<\/li>\n<li>Torres, A.I.  INICSA (CCT CBA)<\/li>\n<li>Vega, D.  IFISUR (CCT BHI)<\/li>\n<li>Vela, M. E. INIFTA (CCT La Plata-UNLP)<\/li>\n<li>Villagr\u00e1n, P.  Dep. Cient\u00edfico Forense (CIF SAL)<\/li>\n<\/ul>\n<p>&nbsp;<\/p>\n","protected":false},"excerpt":{"rendered":"<p>Comit\u00e9 organizador Presidente: Adri\u00e1n Abal Vice-presidente: M. Antonieta Daza Millone Tesorera: Patricia Castelli Secretarias: Patricia Sarmiento Andrea Tanevitch Dise\u00f1o y p\u00e1gina web: M. Antonieta Daza Millone Andrea Tanevitch Portal de congresos UNLP Comit\u00e9 Cient\u00edfico Albarrac\u00edn V. , CIME (CCT TUC) Alippi, A.CIDEFI-FCAYF-CIC Alvarez I. , IFIR (CCT ROS) Barrientos, G. Div.ANTROPOLOGIA-FCNYM UNLP (CCT La Plata) [&hellip;]<\/p>\n","protected":false},"author":2,"featured_media":0,"parent":0,"menu_order":0,"comment_status":"closed","ping_status":"closed","template":"","meta":{"advgb_blocks_editor_width":"","advgb_blocks_columns_visual_guide":"","footnotes":""},"class_list":["post-27","page","type-page","status-publish","hentry","post"],"aioseo_notices":[],"coauthors":[],"author_meta":{"author_link":"https:\/\/congresos.unlp.edu.ar\/samic2022\/author\/congresos\/","display_name":"congresos"},"relative_dates":{"created":"Posted 4 a\u00f1os ago","modified":"Updated 4 a\u00f1os ago"},"absolute_dates":{"created":"Posted on 22 diciembre, 2021","modified":"Updated on 28 marzo, 2022"},"absolute_dates_time":{"created":"Posted on 22 diciembre, 2021 5:08 pm","modified":"Updated on 28 marzo, 2022 12:20 am"},"featured_img_caption":"","featured_img":false,"series_order":"","_links":{"self":[{"href":"https:\/\/congresos.unlp.edu.ar\/samic2022\/wp-json\/wp\/v2\/pages\/27","targetHints":{"allow":["GET"]}}],"collection":[{"href":"https:\/\/congresos.unlp.edu.ar\/samic2022\/wp-json\/wp\/v2\/pages"}],"about":[{"href":"https:\/\/congresos.unlp.edu.ar\/samic2022\/wp-json\/wp\/v2\/types\/page"}],"author":[{"embeddable":true,"href":"https:\/\/congresos.unlp.edu.ar\/samic2022\/wp-json\/wp\/v2\/users\/2"}],"replies":[{"embeddable":true,"href":"https:\/\/congresos.unlp.edu.ar\/samic2022\/wp-json\/wp\/v2\/comments?post=27"}],"version-history":[{"count":0,"href":"https:\/\/congresos.unlp.edu.ar\/samic2022\/wp-json\/wp\/v2\/pages\/27\/revisions"}],"wp:attachment":[{"href":"https:\/\/congresos.unlp.edu.ar\/samic2022\/wp-json\/wp\/v2\/media?parent=27"}],"curies":[{"name":"wp","href":"https:\/\/api.w.org\/{rel}","templated":true}]}}