{"id":260,"date":"2022-04-12T21:11:05","date_gmt":"2022-04-13T00:11:05","guid":{"rendered":"https:\/\/congresos.unlp.edu.ar\/samic2022\/?page_id=260"},"modified":"2022-04-12T21:11:05","modified_gmt":"2022-04-13T00:11:05","slug":"microscopia-electronica-de-transmision-en-ciencias-biologicas-aplicaciones-y-consejos","status":"publish","type":"page","link":"https:\/\/congresos.unlp.edu.ar\/samic2022\/microscopia-electronica-de-transmision-en-ciencias-biologicas-aplicaciones-y-consejos\/","title":{"rendered":"Microscop\u00eda Electr\u00f3nica de Transmisi\u00f3n en ciencias biol\u00f3gicas: Aplicaciones y consejos"},"content":{"rendered":"<p>Dra. Susana Jurado- TB Roxana Peralta<br \/>\nServicio Central de Microscop\u00eda Electr\u00f3nica. Facultad de Ciencias Veterinarias. Universidad Nacional de La Plata<\/p>\n<p>La microscop\u00eda electr\u00f3nica de transmisi\u00f3n es utilizada como una de las t\u00e9cnicas m\u00e1s vers\u00e1tiles en el estudio y an\u00e1lisis de las caracter\u00edsticas ultraestructurales de materiales biol\u00f3gicos. Como herramienta diagn\u00f3stica de enfermedades de origen v\u00edrico, bacteriano, parasitario y f\u00fangico, su valor principal consiste en ser una t\u00e9cnica complementaria a otros m\u00e9todos para arribar a un diagn\u00f3stico correcto. Para el profesional que trabaja en las ciencias biol\u00f3gicas, conocer la versatilidad y aplicaciones de la microscop\u00eda electr\u00f3nica de transmisi\u00f3n le permitir\u00e1 abordar el estudio de las c\u00e9lulas de una manera amplia y cr\u00edtica, profundizar en el estudio de las estructuras e interpretar adecuadamente los resultados y las im\u00e1genes que el m\u00e9todo ofrece. El objetivo de este curso es dar a conocer y valorar las aplicaciones de esta herramienta en la investigaci\u00f3n b\u00e1sica y en el diagn\u00f3stico de diferentes enfermedades y brindar consejos a cerca de las diferentes formas de tomar y acondicionar las muestras para ser remitidas a un laboratorio de microscop\u00eda electr\u00f3nica.<\/p>\n","protected":false},"excerpt":{"rendered":"<p>Dra. Susana Jurado- TB Roxana Peralta Servicio Central de Microscop\u00eda Electr\u00f3nica. Facultad de Ciencias Veterinarias. Universidad Nacional de La Plata La microscop\u00eda electr\u00f3nica de transmisi\u00f3n es utilizada como una de las t\u00e9cnicas m\u00e1s vers\u00e1tiles en el estudio y an\u00e1lisis de las caracter\u00edsticas ultraestructurales de materiales biol\u00f3gicos. Como herramienta diagn\u00f3stica de enfermedades de origen v\u00edrico, bacteriano, [&hellip;]<\/p>\n","protected":false},"author":125,"featured_media":0,"parent":0,"menu_order":0,"comment_status":"closed","ping_status":"closed","template":"","meta":{"advgb_blocks_editor_width":"","advgb_blocks_columns_visual_guide":"","footnotes":""},"class_list":["post-260","page","type-page","status-publish","hentry","post"],"aioseo_notices":[],"coauthors":[],"author_meta":{"author_link":"https:\/\/congresos.unlp.edu.ar\/samic2022\/author\/dazamillone\/","display_name":"dazamillone"},"relative_dates":{"created":"Posted 4 a\u00f1os ago","modified":"Updated 4 a\u00f1os ago"},"absolute_dates":{"created":"Posted on 12 abril, 2022","modified":"Updated on 12 abril, 2022"},"absolute_dates_time":{"created":"Posted on 12 abril, 2022 9:11 pm","modified":"Updated on 12 abril, 2022 9:11 pm"},"featured_img_caption":"","featured_img":false,"series_order":"","_links":{"self":[{"href":"https:\/\/congresos.unlp.edu.ar\/samic2022\/wp-json\/wp\/v2\/pages\/260","targetHints":{"allow":["GET"]}}],"collection":[{"href":"https:\/\/congresos.unlp.edu.ar\/samic2022\/wp-json\/wp\/v2\/pages"}],"about":[{"href":"https:\/\/congresos.unlp.edu.ar\/samic2022\/wp-json\/wp\/v2\/types\/page"}],"author":[{"embeddable":true,"href":"https:\/\/congresos.unlp.edu.ar\/samic2022\/wp-json\/wp\/v2\/users\/125"}],"replies":[{"embeddable":true,"href":"https:\/\/congresos.unlp.edu.ar\/samic2022\/wp-json\/wp\/v2\/comments?post=260"}],"version-history":[{"count":0,"href":"https:\/\/congresos.unlp.edu.ar\/samic2022\/wp-json\/wp\/v2\/pages\/260\/revisions"}],"wp:attachment":[{"href":"https:\/\/congresos.unlp.edu.ar\/samic2022\/wp-json\/wp\/v2\/media?parent=260"}],"curies":[{"name":"wp","href":"https:\/\/api.w.org\/{rel}","templated":true}]}}