{"id":215,"date":"2026-03-11T19:11:50","date_gmt":"2026-03-11T22:11:50","guid":{"rendered":"https:\/\/congresos.unlp.edu.ar\/sam-conamet2026\/?page_id=215"},"modified":"2026-04-20T19:56:27","modified_gmt":"2026-04-20T22:56:27","slug":"como-me-inscribo","status":"publish","type":"page","link":"https:\/\/congresos.unlp.edu.ar\/sam-conamet2026\/como-me-inscribo\/","title":{"rendered":"\u00bfC\u00f3mo me inscribo?"},"content":{"rendered":"<div id=\"pl-215\"  class=\"panel-layout\" ><div id=\"pg-215-0\"  class=\"panel-grid panel-no-style\" ><div id=\"pgc-215-0-0\"  class=\"panel-grid-cell\" ><div id=\"panel-215-0-0-0\" class=\"widget_text so-panel widget widget_custom_html panel-first-child panel-last-child\" data-index=\"0\" ><div class=\"textwidget custom-html-widget\"><div style=\"max-width:850px;margin:40px auto;font-family:Montserrat, sans-serif;color:#272828\">\n\n  <div style=\"margin-bottom:25px\">\n    <div style=\"font-size:26px;font-weight:800;color:#144931;margin-bottom:6px\">\n      Inscripci\u00f3n\n    <\/div>\n    <div style=\"font-size:16px;line-height:1.5\">\n      XXIV Congreso Internacional de Metalurgia y Materiales SAM \u2013 CONAMET 2026\n    <\/div>\n  <\/div>\n\n  <div style=\"background:#f4f1e8;padding:18px 20px;border-left:4px solid #144931;border-radius:6px;margin-bottom:25px;font-size:15px;line-height:1.7\">\n    La inscripci\u00f3n al <strong>SAM\u2013CONAMET 2026<\/strong> se realizar\u00e1 en dos etapas.\n    <br><br>\n    En primer lugar, los interesados deber\u00e1n completar el <strong>formulario de pre-inscripci\u00f3n<\/strong> con sus datos personales y de facturaci\u00f3n.\n    <br><br>\n    Una vez recibida la informaci\u00f3n, el Comit\u00e9 Organizador se pondr\u00e1 en contacto por correo electr\u00f3nico, en un plazo de algunos d\u00edas, para enviar las <strong>instrucciones de pago<\/strong> y los datos de la cuenta correspondiente.\n    <br><br>\n    La inscripci\u00f3n se considerar\u00e1 <strong>finalizada<\/strong> una vez que el participante haya realizado el pago y enviado el comprobante correspondiente por correo electr\u00f3nico.\n  <\/div>\n\n  <div style=\"margin-bottom:30px\">\n    <div style=\"font-size:20px;font-weight:700;color:#144931;margin-bottom:10px\">\n      Env\u00edo del comprobante de pago\n    <\/div>\n\n    <div style=\"background:#ddd4bf;padding:18px 20px;border-radius:6px;font-size:15px;line-height:1.7\">\n      El comprobante de pago deber\u00e1 enviarse a:\n      <br>\n      <strong>sam.conamet2026@ing.unlp.edu.ar<\/strong>\n      <br><br>\n      Indicando en el asunto:\n      <br>\n      <strong>COMPROBANTE DE PAGO \u2013 APELLIDO<\/strong>\n    <\/div>\n  <\/div>\n\n  <div style=\"margin-top:30px;text-align:center\">\n\n    <div style=\"font-size:15px;margin-bottom:12px\">\n      Acceder al formulario de pre-inscripci\u00f3n:\n    <\/div>\n\n    <a href=\"https:\/\/docs.google.com\/forms\/d\/e\/1FAIpQLSd236Ao7claeEm2qJubpJNFjX8YU22egAUAixB3aMW_KpVSng\/viewform\" target=\"_blank\" style=\"background:#144931;color:#F3FAFD;padding:10px 20px;border-radius:6px;text-decoration:none;font-weight:700;font-size:14px;border:1px solid #144931\">\n      Completar pre-inscripci\u00f3n\n    <\/a>\n\n  <\/div>\n\n<\/div><\/div><\/div><\/div><\/div><\/div>","protected":false},"excerpt":{"rendered":"<p>Inscripci\u00f3n XXIV Congreso Internacional de Metalurgia y Materiales SAM \u2013 CONAMET 2026 La inscripci\u00f3n al SAM\u2013CONAMET 2026 se realizar\u00e1 en dos etapas. En primer lugar, los interesados deber\u00e1n completar el formulario de pre-inscripci\u00f3n con sus datos personales y de facturaci\u00f3n. Una vez recibida la informaci\u00f3n, el Comit\u00e9 Organizador se pondr\u00e1 en contacto por correo electr\u00f3nico, [&hellip;]<\/p>\n","protected":false},"author":262,"featured_media":0,"parent":0,"menu_order":0,"comment_status":"closed","ping_status":"closed","template":"","meta":{"advgb_blocks_editor_width":"","advgb_blocks_columns_visual_guide":"","footnotes":""},"class_list":["post-215","page","type-page","status-publish","hentry","post"],"aioseo_notices":[],"coauthors":[],"author_meta":{"author_link":"https:\/\/congresos.unlp.edu.ar\/sam-conamet2026\/author\/lucasmelia\/","display_name":"lucasmelia"},"relative_dates":{"created":"Posted 2 meses ago","modified":"Updated 3 semanas ago"},"absolute_dates":{"created":"Posted on 11 marzo, 2026","modified":"Updated on 20 abril, 2026"},"absolute_dates_time":{"created":"Posted on 11 marzo, 2026 7:11 pm","modified":"Updated on 20 abril, 2026 7:56 pm"},"featured_img_caption":"","featured_img":false,"series_order":"","_links":{"self":[{"href":"https:\/\/congresos.unlp.edu.ar\/sam-conamet2026\/wp-json\/wp\/v2\/pages\/215","targetHints":{"allow":["GET"]}}],"collection":[{"href":"https:\/\/congresos.unlp.edu.ar\/sam-conamet2026\/wp-json\/wp\/v2\/pages"}],"about":[{"href":"https:\/\/congresos.unlp.edu.ar\/sam-conamet2026\/wp-json\/wp\/v2\/types\/page"}],"author":[{"embeddable":true,"href":"https:\/\/congresos.unlp.edu.ar\/sam-conamet2026\/wp-json\/wp\/v2\/users\/262"}],"replies":[{"embeddable":true,"href":"https:\/\/congresos.unlp.edu.ar\/sam-conamet2026\/wp-json\/wp\/v2\/comments?post=215"}],"version-history":[{"count":0,"href":"https:\/\/congresos.unlp.edu.ar\/sam-conamet2026\/wp-json\/wp\/v2\/pages\/215\/revisions"}],"wp:attachment":[{"href":"https:\/\/congresos.unlp.edu.ar\/sam-conamet2026\/wp-json\/wp\/v2\/media?parent=215"}],"curies":[{"name":"wp","href":"https:\/\/api.w.org\/{rel}","templated":true}]}}