{"id":18,"date":"2026-02-18T11:18:53","date_gmt":"2026-02-18T14:18:53","guid":{"rendered":"https:\/\/congresos.unlp.edu.ar\/conamet2026\/?page_id=18"},"modified":"2026-03-05T15:42:40","modified_gmt":"2026-03-05T18:42:40","slug":"novedades","status":"publish","type":"page","link":"https:\/\/congresos.unlp.edu.ar\/sam-conamet2026\/novedades\/","title":{"rendered":"Novedades"},"content":{"rendered":"<div id=\"pl-18\" class=\"panel-layout\">\n<div id=\"pg-18-0\" class=\"panel-grid panel-no-style\" data-style=\"{&quot;background_image_attachment&quot;:false,&quot;background_display&quot;:&quot;tile&quot;,&quot;background_image_size&quot;:&quot;full&quot;,&quot;background_image_opacity&quot;:&quot;100&quot;,&quot;border_thickness&quot;:&quot;1px&quot;,&quot;full_height&quot;:&quot;&quot;,&quot;cell_alignment&quot;:&quot;flex-start&quot;}\">\n<div id=\"pgc-18-0-0\" class=\"panel-grid-cell\" data-weight=\"1\">\n<div id=\"panel-18-0-0-0\" class=\"so-panel widget widget_sow-editor panel-first-child panel-last-child\" data-index=\"0\" data-style=\"{&quot;background_image_attachment&quot;:false,&quot;background_display&quot;:&quot;tile&quot;,&quot;background_image_size&quot;:&quot;full&quot;,&quot;background_image_opacity&quot;:&quot;100&quot;,&quot;border_thickness&quot;:&quot;1px&quot;}\">\n<div class=\"so-widget-sow-editor so-widget-sow-editor-base\">\n<div class=\"siteorigin-widget-tinymce textwidget\">\n<h2><strong>\u00a1Se acerca la SAM-CONAMET 2026!<\/strong><\/h2>\n<h3>Nos complace anunciar la <strong>XXIV edici\u00f3n del Congreso Internacional de Metalurgia y Materiales SAM\u2013CONAMET 2026<\/strong>, que se realizar\u00e1 del <strong>6 al 9 de octubre<\/strong> de 2026 en la ciudad de <strong>La Plata (Buenos Aires, Argentina)<\/strong>, en el Edificio Sergio Karakachoff de la Universidad Nacional de La Plata.<\/h3>\n<h3><span class=\"\u037co\"><span class=\"\u037co\">El SAM\u2013CONAMET es una de las principales conferencias latinoamericanas dedicadas a la investigaci\u00f3n, el desarrollo tecnol\u00f3gico y las aplicaciones en metalurgia y ciencia e ingenier\u00eda de materiales. Se trata de una reuni\u00f3n de car\u00e1cter internacional orientada a la presentaci\u00f3n y discusi\u00f3n de los avances m\u00e1s recientes, as\u00ed como a la identificaci\u00f3n de nuevos desaf\u00edos en el \u00e1rea. El congreso constituye, adem\u00e1s, un \u00e1mbito especialmente propicio para fortalecer v\u00ednculos entre la comunidad cient\u00edfica y el sector productivo, promoviendo el intercambio y la colaboraci\u00f3n.<\/span><\/span><\/h3>\n<\/div>\n<\/div>\n<\/div>\n<\/div>\n<\/div>\n<\/div>\n","protected":false},"excerpt":{"rendered":"<p>\u00a1Se acerca la SAM-CONAMET 2026! Nos complace anunciar la XXIV edici\u00f3n del Congreso Internacional de Metalurgia y Materiales SAM\u2013CONAMET 2026, que se realizar\u00e1 del 6 al 9 de octubre de 2026 en la ciudad de La Plata (Buenos Aires, Argentina), en el Edificio Sergio Karakachoff de la Universidad Nacional de La Plata. El SAM\u2013CONAMET es [&hellip;]<\/p>\n","protected":false},"author":2,"featured_media":0,"parent":0,"menu_order":0,"comment_status":"closed","ping_status":"closed","template":"","meta":{"advgb_blocks_editor_width":"","advgb_blocks_columns_visual_guide":"","footnotes":""},"class_list":["post-18","page","type-page","status-publish","hentry","post"],"aioseo_notices":[],"coauthors":[],"author_meta":{"author_link":"https:\/\/congresos.unlp.edu.ar\/sam-conamet2026\/author\/congresos\/","display_name":"congresos"},"relative_dates":{"created":"Posted 2 meses ago","modified":"Updated 1 mes ago"},"absolute_dates":{"created":"Posted on 18 febrero, 2026","modified":"Updated on 5 marzo, 2026"},"absolute_dates_time":{"created":"Posted on 18 febrero, 2026 11:18 am","modified":"Updated on 5 marzo, 2026 3:42 pm"},"featured_img_caption":"","featured_img":false,"series_order":"","_links":{"self":[{"href":"https:\/\/congresos.unlp.edu.ar\/sam-conamet2026\/wp-json\/wp\/v2\/pages\/18","targetHints":{"allow":["GET"]}}],"collection":[{"href":"https:\/\/congresos.unlp.edu.ar\/sam-conamet2026\/wp-json\/wp\/v2\/pages"}],"about":[{"href":"https:\/\/congresos.unlp.edu.ar\/sam-conamet2026\/wp-json\/wp\/v2\/types\/page"}],"author":[{"embeddable":true,"href":"https:\/\/congresos.unlp.edu.ar\/sam-conamet2026\/wp-json\/wp\/v2\/users\/2"}],"replies":[{"embeddable":true,"href":"https:\/\/congresos.unlp.edu.ar\/sam-conamet2026\/wp-json\/wp\/v2\/comments?post=18"}],"version-history":[{"count":0,"href":"https:\/\/congresos.unlp.edu.ar\/sam-conamet2026\/wp-json\/wp\/v2\/pages\/18\/revisions"}],"wp:attachment":[{"href":"https:\/\/congresos.unlp.edu.ar\/sam-conamet2026\/wp-json\/wp\/v2\/media?parent=18"}],"curies":[{"name":"wp","href":"https:\/\/api.w.org\/{rel}","templated":true}]}}