{"id":260,"date":"2024-04-24T14:45:15","date_gmt":"2024-04-24T17:45:15","guid":{"rendered":"https:\/\/congresos.unlp.edu.ar\/saifocis2024\/?page_id=260"},"modified":"2024-04-24T14:54:43","modified_gmt":"2024-04-24T17:54:43","slug":"travel-awards","status":"publish","type":"page","link":"https:\/\/congresos.unlp.edu.ar\/saifocis2024\/travel-awards\/","title":{"rendered":"Travel Awards"},"content":{"rendered":"<p>Los estudiantes de centros FOCIS de Uruguay, Chile y Brasil que asistan al curso podr\u00e1n solicitar becas para vi\u00e1ticos. Para acceder a las mismas deber\u00e1n enviar un mail a <strong>jornadasinviernosai2024@gmail.com.<\/strong><\/p>\n<p>Travel awards will be available for FOCIS centers students coming from Uruguay, Chile and Brazil. To apply for this, please send an email to <strong>jornadasinviernosai2024@gmail.com.<\/strong><\/p>\n","protected":false},"excerpt":{"rendered":"<p>Los estudiantes de centros FOCIS de Uruguay, Chile y Brasil que asistan al curso podr\u00e1n solicitar becas para vi\u00e1ticos. Para acceder a las mismas deber\u00e1n enviar un mail a jornadasinviernosai2024@gmail.com. Travel awards will be available for FOCIS centers students coming from Uruguay, Chile and Brazil. To apply for this, please send an email to jornadasinviernosai2024@gmail.com.<\/p>\n","protected":false},"author":214,"featured_media":0,"parent":0,"menu_order":0,"comment_status":"closed","ping_status":"closed","template":"","meta":{"advgb_blocks_editor_width":"","advgb_blocks_columns_visual_guide":"","footnotes":""},"class_list":["post-260","page","type-page","status-publish","hentry","post"],"aioseo_notices":[],"coauthors":[],"author_meta":{"author_link":"https:\/\/congresos.unlp.edu.ar\/saifocis2024\/author\/marinabiedma\/","display_name":"marinabiedma"},"relative_dates":{"created":"Posted 2 a\u00f1os ago","modified":"Updated 2 a\u00f1os ago"},"absolute_dates":{"created":"Posted on 24 abril, 2024","modified":"Updated on 24 abril, 2024"},"absolute_dates_time":{"created":"Posted on 24 abril, 2024 2:45 pm","modified":"Updated on 24 abril, 2024 2:54 pm"},"featured_img_caption":"","featured_img":false,"series_order":"","_links":{"self":[{"href":"https:\/\/congresos.unlp.edu.ar\/saifocis2024\/wp-json\/wp\/v2\/pages\/260","targetHints":{"allow":["GET"]}}],"collection":[{"href":"https:\/\/congresos.unlp.edu.ar\/saifocis2024\/wp-json\/wp\/v2\/pages"}],"about":[{"href":"https:\/\/congresos.unlp.edu.ar\/saifocis2024\/wp-json\/wp\/v2\/types\/page"}],"author":[{"embeddable":true,"href":"https:\/\/congresos.unlp.edu.ar\/saifocis2024\/wp-json\/wp\/v2\/users\/214"}],"replies":[{"embeddable":true,"href":"https:\/\/congresos.unlp.edu.ar\/saifocis2024\/wp-json\/wp\/v2\/comments?post=260"}],"version-history":[{"count":0,"href":"https:\/\/congresos.unlp.edu.ar\/saifocis2024\/wp-json\/wp\/v2\/pages\/260\/revisions"}],"wp:attachment":[{"href":"https:\/\/congresos.unlp.edu.ar\/saifocis2024\/wp-json\/wp\/v2\/media?parent=260"}],"curies":[{"name":"wp","href":"https:\/\/api.w.org\/{rel}","templated":true}]}}