{"id":214,"date":"2024-04-10T15:12:47","date_gmt":"2024-04-10T18:12:47","guid":{"rendered":"https:\/\/congresos.unlp.edu.ar\/saifocis2024\/?page_id=214"},"modified":"2024-04-10T15:22:42","modified_gmt":"2024-04-10T18:22:42","slug":"actividad-satelite-de-citometria","status":"publish","type":"page","link":"https:\/\/congresos.unlp.edu.ar\/saifocis2024\/actividad-satelite-de-citometria\/","title":{"rendered":"Actividad Sat\u00e9lite de citometr\u00eda"},"content":{"rendered":"<p>Para poder participar de la actividad sat\u00e9lite de citometr\u00eda de flujo es requisito asistir al evento durante las 4 jornadas (6 al 9 de mayo).<\/p>\n<p>Estas actividades tendr\u00e1n un cupo m\u00e1ximo de 20 alumnos, quienes ser\u00e1n seleccionados por el comit\u00e9 organizador,\u00a0 y requerir\u00e1 de una inscripci\u00f3n previa a trav\u00e9s de un\u00a0 <a title=\"link de inscripci\u00f3n\" href=\"https:\/\/forms.office.com\/r\/LDdm3dLnaj\" target=\"_blank\" rel=\"noopener\">link de inscripci\u00f3n actividad sat\u00e9lite<\/a><\/p>\n<p>Las actividades pr\u00e1cticas ser\u00e1n llevadas a cabo en la sala de computadoras del Edificio de Abuelas de Plaza de Mayo de la Facultad de Ciencias Exactas de La Plata (49 y 115).<\/p>\n","protected":false},"excerpt":{"rendered":"<p>Para poder participar de la actividad sat\u00e9lite de citometr\u00eda de flujo es requisito asistir al evento durante las 4 jornadas (6 al 9 de mayo). Estas actividades tendr\u00e1n un cupo m\u00e1ximo de 20 alumnos, quienes ser\u00e1n seleccionados por el comit\u00e9 organizador,\u00a0 y requerir\u00e1 de una inscripci\u00f3n previa a trav\u00e9s de un\u00a0 link de inscripci\u00f3n actividad [&hellip;]<\/p>\n","protected":false},"author":212,"featured_media":0,"parent":0,"menu_order":0,"comment_status":"closed","ping_status":"closed","template":"","meta":{"advgb_blocks_editor_width":"","advgb_blocks_columns_visual_guide":"","footnotes":""},"class_list":["post-214","page","type-page","status-publish","hentry","post"],"aioseo_notices":[],"coauthors":[],"author_meta":{"author_link":"https:\/\/congresos.unlp.edu.ar\/saifocis2024\/author\/agustinaerrea\/","display_name":"agustinaerrea"},"relative_dates":{"created":"Posted 2 a\u00f1os ago","modified":"Updated 2 a\u00f1os ago"},"absolute_dates":{"created":"Posted on 10 abril, 2024","modified":"Updated on 10 abril, 2024"},"absolute_dates_time":{"created":"Posted on 10 abril, 2024 3:12 pm","modified":"Updated on 10 abril, 2024 3:22 pm"},"featured_img_caption":"","featured_img":false,"series_order":"","_links":{"self":[{"href":"https:\/\/congresos.unlp.edu.ar\/saifocis2024\/wp-json\/wp\/v2\/pages\/214","targetHints":{"allow":["GET"]}}],"collection":[{"href":"https:\/\/congresos.unlp.edu.ar\/saifocis2024\/wp-json\/wp\/v2\/pages"}],"about":[{"href":"https:\/\/congresos.unlp.edu.ar\/saifocis2024\/wp-json\/wp\/v2\/types\/page"}],"author":[{"embeddable":true,"href":"https:\/\/congresos.unlp.edu.ar\/saifocis2024\/wp-json\/wp\/v2\/users\/212"}],"replies":[{"embeddable":true,"href":"https:\/\/congresos.unlp.edu.ar\/saifocis2024\/wp-json\/wp\/v2\/comments?post=214"}],"version-history":[{"count":0,"href":"https:\/\/congresos.unlp.edu.ar\/saifocis2024\/wp-json\/wp\/v2\/pages\/214\/revisions"}],"wp:attachment":[{"href":"https:\/\/congresos.unlp.edu.ar\/saifocis2024\/wp-json\/wp\/v2\/media?parent=214"}],"curies":[{"name":"wp","href":"https:\/\/api.w.org\/{rel}","templated":true}]}}