{"id":102,"date":"2024-04-03T09:15:23","date_gmt":"2024-04-03T12:15:23","guid":{"rendered":"https:\/\/congresos.unlp.edu.ar\/saifocis2024\/?page_id=102"},"modified":"2024-04-08T22:12:54","modified_gmt":"2024-04-09T01:12:54","slug":"informacion-turistica","status":"publish","type":"page","link":"https:\/\/congresos.unlp.edu.ar\/saifocis2024\/informacion-turistica\/","title":{"rendered":"Informaci\u00f3n tur\u00edstica"},"content":{"rendered":"<p>A continuaci\u00f3n compartimos algunos accesos que pueden resultar de inter\u00e9s:<\/p>\n<ul>\n<li>P\u00e1gina web de\u00a0<a href=\"https:\/\/turismo.laplata.gob.ar\/\" target=\"_blank\" rel=\"noopener\">turismo ciudad de La Plata<\/a><\/li>\n<li><a href=\"https:\/\/drive.google.com\/file\/d\/1Bq0Esupkm7P0CAm_bg0M_Sr40QuAxi7Q\/view?usp=drive_link\" target=\"_blank\" rel=\"noopener\">Gu\u00eda Gastron\u00f3mica corporativa<\/a><\/li>\n<\/ul>\n<p><strong> Hoteler\u00eda<\/strong><\/p>\n<ul>\n<li><a href=\"https:\/\/drive.google.com\/file\/d\/16fC0raY91Zj1bn0kmv3AiZTuerxQ-llK\/view?usp=drive_link\" target=\"_blank\" rel=\"noopener\">Hoteles con tarifa corporativa<\/a><\/li>\n<li><a href=\"https:\/\/amau.com.ar\/\" target=\"_blank\" rel=\"noopener\">Hotel de La Universidad Nacional de La Plata\u00a0<\/a><\/li>\n<li><a href=\"https:\/\/www.instagram.com\/elpampahostel\/\" target=\"_blank\" rel=\"noopener\">Hostel El Pampa<\/a><\/li>\n<li><a href=\"https:\/\/drive.google.com\/file\/d\/16u2i0etfpFPHBDV5iHj9B0Tj9OVcfAqy\/view?usp=drive_link\" target=\"_blank\" rel=\"noopener\">Alojamientos para grupos\/contingentes<\/a><\/li>\n<li><a href=\"https:\/\/www.departamentostemporales.com\/\" target=\"_blank\" rel=\"noopener\">Alquiler de departamentos temporales<\/a><\/li>\n<\/ul>\n<p>&nbsp;<\/p>\n<p>&nbsp;<\/p>\n","protected":false},"excerpt":{"rendered":"<p>A continuaci\u00f3n compartimos algunos accesos que pueden resultar de inter\u00e9s: P\u00e1gina web de\u00a0turismo ciudad de La Plata Gu\u00eda Gastron\u00f3mica corporativa Hoteler\u00eda Hoteles con tarifa corporativa Hotel de La Universidad Nacional de La Plata\u00a0 Hostel El Pampa Alojamientos para grupos\/contingentes Alquiler de departamentos temporales &nbsp; &nbsp;<\/p>\n","protected":false},"author":212,"featured_media":0,"parent":0,"menu_order":0,"comment_status":"closed","ping_status":"closed","template":"","meta":{"advgb_blocks_editor_width":"","advgb_blocks_columns_visual_guide":"","footnotes":""},"class_list":["post-102","page","type-page","status-publish","hentry","post"],"aioseo_notices":[],"coauthors":[],"author_meta":{"author_link":"https:\/\/congresos.unlp.edu.ar\/saifocis2024\/author\/agustinaerrea\/","display_name":"agustinaerrea"},"relative_dates":{"created":"Posted 2 a\u00f1os ago","modified":"Updated 2 a\u00f1os ago"},"absolute_dates":{"created":"Posted on 3 abril, 2024","modified":"Updated on 8 abril, 2024"},"absolute_dates_time":{"created":"Posted on 3 abril, 2024 9:15 am","modified":"Updated on 8 abril, 2024 10:12 pm"},"featured_img_caption":"","featured_img":false,"series_order":"","_links":{"self":[{"href":"https:\/\/congresos.unlp.edu.ar\/saifocis2024\/wp-json\/wp\/v2\/pages\/102","targetHints":{"allow":["GET"]}}],"collection":[{"href":"https:\/\/congresos.unlp.edu.ar\/saifocis2024\/wp-json\/wp\/v2\/pages"}],"about":[{"href":"https:\/\/congresos.unlp.edu.ar\/saifocis2024\/wp-json\/wp\/v2\/types\/page"}],"author":[{"embeddable":true,"href":"https:\/\/congresos.unlp.edu.ar\/saifocis2024\/wp-json\/wp\/v2\/users\/212"}],"replies":[{"embeddable":true,"href":"https:\/\/congresos.unlp.edu.ar\/saifocis2024\/wp-json\/wp\/v2\/comments?post=102"}],"version-history":[{"count":0,"href":"https:\/\/congresos.unlp.edu.ar\/saifocis2024\/wp-json\/wp\/v2\/pages\/102\/revisions"}],"wp:attachment":[{"href":"https:\/\/congresos.unlp.edu.ar\/saifocis2024\/wp-json\/wp\/v2\/media?parent=102"}],"curies":[{"name":"wp","href":"https:\/\/api.w.org\/{rel}","templated":true}]}}