{"id":8,"date":"2025-11-13T10:18:04","date_gmt":"2025-11-13T13:18:04","guid":{"rendered":"https:\/\/congresos.unlp.edu.ar\/ralda2026\/?page_id=8"},"modified":"2026-03-25T11:31:37","modified_gmt":"2026-03-25T14:31:37","slug":"inscripcion","status":"publish","type":"page","link":"https:\/\/congresos.unlp.edu.ar\/ralda2026\/inscripcion\/","title":{"rendered":"Inscripci\u00f3n"},"content":{"rendered":"<div id=\"pl-8\"  class=\"panel-layout\" ><div id=\"pg-8-0\"  class=\"panel-grid panel-no-style\" ><div id=\"pgc-8-0-0\"  class=\"panel-grid-cell\" ><div id=\"panel-8-0-0-0\" class=\"so-panel widget widget_sow-editor panel-first-child panel-last-child\" data-index=\"0\" ><div\n\t\t\t\n\t\t\tclass=\"so-widget-sow-editor so-widget-sow-editor-base\"\n\t\t\t\n\t\t>\n<div class=\"siteorigin-widget-tinymce textwidget\">\n\t<h3 style=\"font-weight: 400\">Aranceles<\/h3>\n<table style=\"font-weight: 400\">\n<thead>\n<tr>\n<td><strong>Categor\u00eda<\/strong><\/td>\n<td><strong>Hasta 5\/08\/2026<\/strong><\/td>\n<td><strong>A partir 6\/08\/2026<\/strong><\/td>\n<\/tr>\n<\/thead>\n<tbody>\n<tr>\n<td><strong>Socio AADA*<\/strong><\/p>\n<p><strong>Socio SBA*<\/strong><\/p>\n<p><strong>Jubilados<\/strong><\/p>\n<\/td>\n<td>$ 40.000<\/td>\n<td>$ 55.000<\/td>\n<\/tr>\n<tr>\n<td><strong>No Socio<\/strong><\/td>\n<td>$ 60.000<\/td>\n<td>$ 75000<\/td>\n<\/tr>\n<tr>\n<td><strong>Estudiantes de grado**<\/strong><\/td>\n<td>$ 20.000<\/td>\n<td>$ 20.000<\/td>\n<\/tr>\n<tr>\n<td><strong>Estudiantes de posgrado**<\/strong><\/td>\n<td>$ 40.000<\/td>\n<td>$ 55.000<\/td>\n<\/tr>\n<\/tbody>\n<\/table>\n<p style=\"font-weight: 400\">*Con cuota al d\u00eda<\/p>\n<p style=\"font-weight: 400\">**Para acreditar categor\u00eda estudiante de grado o posgrado se debe adjuntar certificado emitido por autoridad competente.<\/p>\n<p>El pago de la inscripci\u00f3n incluye:<\/p>\n<ul>\n<li>Acreditaci\u00f3n al Taller de Docencia 4.0, con acceso a materiales y certificado de participaci\u00f3n<\/li>\n<li>Acreditaci\u00f3n a la RALDA 2026, con acceso a materiales y certificado de participaci\u00f3n<\/li>\n<li>Coffe break<\/li>\n<li>Posibilidad de enviar 2 (dos) trabajos<\/li>\n<\/ul>\n<h3><strong>Pago de inscripci\u00f3n\u00a0 <\/strong><\/h3>\n<p><strong>Participantes argentinos<\/strong><\/p>\n<p><em>Al momento de la inscripci\u00f3n debe haberse hecho el dep\u00f3sito de arancel correspondiente, adjuntando comprobante de dep\u00f3sito a la ficha de inscripci\u00f3n.<\/em><\/p>\n<p>El pago y la facturaci\u00f3n se realizar\u00e1n a trav\u00e9s de:\u00a0 <strong>Asociaci\u00f3n Cooperadora de la Facultad de Agronom\u00eda<\/strong><\/p>\n<p>Realizar transferencia bancaria a:<\/p>\n<p>Banco de la Provincia de Buenos Aires \u2013 Delegaci\u00f3n 5053<\/p>\n<p>N\u00famero de Cuenta Corriente: 0500333<\/p>\n<p>CBU: 0140129101505305003336 - Alias: CETRO-TALCO-REMERA<\/p>\n<p><strong>Participantes extranjeros <\/strong><\/p>\n<p>El pago se efectivizar\u00e1 de manera presencial, al momento de acreditaci\u00f3n en la Reuni\u00f3n<\/p>\n<\/div>\n<\/div><\/div><\/div><\/div><div id=\"pg-8-1\"  class=\"panel-grid panel-no-style\" ><div id=\"pgc-8-1-0\"  class=\"panel-grid-cell\" ><div id=\"panel-8-1-0-0\" class=\"so-panel widget widget_sow-button panel-first-child panel-last-child\" data-index=\"1\" ><div\n\t\t\t\n\t\t\tclass=\"so-widget-sow-button so-widget-sow-button-flat-36e22cfc6189-8\"\n\t\t\t\n\t\t><div class=\"ow-button-base ow-button-align-center\"\n>\n\t\t\t<a\n\t\t\t\t\thref=\"https:\/\/forms.gle\/J8NuPnsdMNCHFA1fA\"\n\t\t\t\t\tclass=\"sowb-button ow-icon-placement-right ow-button-hover\" target=\"_blank\" rel=\"noopener noreferrer\" \t>\n\t\t<span>\n\t\t\t<span class=\"sow-icon-fontawesome sow-far\" data-sow-icon=\"&#xf271;\"\n\t\tstyle=\"color: #e0e0e0\" \n\t\taria-hidden=\"true\"><\/span>\n\t\t\tInscripci\u00f3n argentinos\t\t<\/span>\n\t\t\t<\/a>\n\t<\/div>\n<\/div><\/div><\/div><div id=\"pgc-8-1-1\"  class=\"panel-grid-cell\" ><div id=\"panel-8-1-1-0\" class=\"so-panel widget widget_sow-button panel-first-child panel-last-child\" data-index=\"2\" ><div\n\t\t\t\n\t\t\tclass=\"so-widget-sow-button so-widget-sow-button-flat-36e22cfc6189-8\"\n\t\t\t\n\t\t><div class=\"ow-button-base ow-button-align-center\"\n>\n\t\t\t<a\n\t\t\t\t\thref=\"https:\/\/forms.gle\/nZUam9PJMako4BCRA\"\n\t\t\t\t\tclass=\"sowb-button ow-icon-placement-right ow-button-hover\" target=\"_blank\" rel=\"noopener noreferrer\" \t>\n\t\t<span>\n\t\t\t<span class=\"sow-icon-fontawesome sow-far\" data-sow-icon=\"&#xf271;\"\n\t\tstyle=\"color: #e0e0e0\" \n\t\taria-hidden=\"true\"><\/span>\n\t\t\tInscripci\u00f3n extranjeros\t\t<\/span>\n\t\t\t<\/a>\n\t<\/div>\n<\/div><\/div><\/div><\/div><\/div>","protected":false},"excerpt":{"rendered":"<p>Aranceles Categor\u00eda Hasta 5\/08\/2026 A partir 6\/08\/2026 Socio AADA* Socio SBA* Jubilados $ 40.000 $ 55.000 No Socio $ 60.000 $ 75000 Estudiantes de grado** $ 20.000 $ 20.000 Estudiantes de posgrado** $ 40.000 $ 55.000 *Con cuota al d\u00eda **Para acreditar categor\u00eda estudiante de grado o posgrado se debe adjuntar certificado emitido por autoridad [&hellip;]<\/p>\n","protected":false},"author":2,"featured_media":0,"parent":0,"menu_order":0,"comment_status":"closed","ping_status":"closed","template":"","meta":{"advgb_blocks_editor_width":"","advgb_blocks_columns_visual_guide":"","footnotes":""},"class_list":["post-8","page","type-page","status-publish","hentry","post"],"aioseo_notices":[],"coauthors":[],"author_meta":{"author_link":"https:\/\/congresos.unlp.edu.ar\/ralda2026\/author\/congresos\/","display_name":"congresos"},"relative_dates":{"created":"Posted 5 meses ago","modified":"Updated 2 semanas ago"},"absolute_dates":{"created":"Posted on 13 noviembre, 2025","modified":"Updated on 25 marzo, 2026"},"absolute_dates_time":{"created":"Posted on 13 noviembre, 2025 10:18 am","modified":"Updated on 25 marzo, 2026 11:31 am"},"featured_img_caption":"","featured_img":false,"series_order":"","_links":{"self":[{"href":"https:\/\/congresos.unlp.edu.ar\/ralda2026\/wp-json\/wp\/v2\/pages\/8","targetHints":{"allow":["GET"]}}],"collection":[{"href":"https:\/\/congresos.unlp.edu.ar\/ralda2026\/wp-json\/wp\/v2\/pages"}],"about":[{"href":"https:\/\/congresos.unlp.edu.ar\/ralda2026\/wp-json\/wp\/v2\/types\/page"}],"author":[{"embeddable":true,"href":"https:\/\/congresos.unlp.edu.ar\/ralda2026\/wp-json\/wp\/v2\/users\/2"}],"replies":[{"embeddable":true,"href":"https:\/\/congresos.unlp.edu.ar\/ralda2026\/wp-json\/wp\/v2\/comments?post=8"}],"version-history":[{"count":0,"href":"https:\/\/congresos.unlp.edu.ar\/ralda2026\/wp-json\/wp\/v2\/pages\/8\/revisions"}],"wp:attachment":[{"href":"https:\/\/congresos.unlp.edu.ar\/ralda2026\/wp-json\/wp\/v2\/media?parent=8"}],"curies":[{"name":"wp","href":"https:\/\/api.w.org\/{rel}","templated":true}]}}