{"id":324,"date":"2023-09-11T19:47:47","date_gmt":"2023-09-11T22:47:47","guid":{"rendered":"https:\/\/congresos.unlp.edu.ar\/rabev?page_id=324"},"modified":"2023-09-18T18:58:14","modified_gmt":"2023-09-18T21:58:14","slug":"macroevolucion-y-paleobiologia","status":"publish","type":"page","link":"https:\/\/congresos.unlp.edu.ar\/rabev?page_id=324","title":{"rendered":"Macroevoluci\u00f3n y paleobiolog\u00eda"},"content":{"rendered":"<h3 style=\"text-align: center\">Martes 03\/10<\/h3>\n<p><span style=\"color: #27868c\">9:00-9:20<\/span> &#8211; An\u00e1lisis macroevolutivo de la diversidad de los mam\u00edferos depredadores de Am\u00e9rica del Sur del orden Sparassodonta (Metatheria) durante el Cenozoico<\/p>\n<p style=\"text-align: right\">Responsable: Francisco Prevosti<\/p>\n<p><span style=\"color: #27868c\">9:20-9:40<\/span> &#8211; Sesgos del desarrollo en la evoluci\u00f3n morfol\u00f3gica del quiridio: evidencia a partir del estudio de tetr\u00e1podos paleozoicos<\/p>\n<p style=\"text-align: right\">Responsable: Celeste P\u00e9rez Ben<\/p>\n<p><span style=\"color: #27868c\">9:40-10:00<\/span> &#8211; De peque\u00f1os arbor\u00edcolas a gigantes terrestres (y viceversa): la evoluci\u00f3n del tama\u00f1o corporal en perezosos actuales y extintos<\/p>\n<p style=\"text-align: right\">Responsable: Alberto Boscaini<\/p>\n<p><span style=\"color: #27868c\">10:00-10:20<\/span> &#8211; 3D geometric morphometrics of the skull in Bufonidae (Anura) and its evolution linked to body size, range-expansion capacity, and phylogeny<\/p>\n<p style=\"text-align: right\">Responsable: Tomas Ventura<\/p>\n<p>&nbsp;<\/p>\n<h3 style=\"text-align: center\">Mi\u00e9rcoles 04\/10<\/h3>\n<p><span style=\"color: #27868c\">9:00-9:20<\/span> &#8211; El rol de la historia filogen\u00e9tica en la arquitectura de los tipos de patas de aves<\/p>\n<p style=\"text-align: right\">Responsable: Julieta Carril<\/p>\n<p><span style=\"color: #27868c\">9:20-9:40<\/span> &#8211; The specialized generalist bird: swimming and diving morphology in the postcranium of Coots (Rallidae, Fulica) and its convergence with foot-propelled divers<\/p>\n<p style=\"text-align: right\">Responsable: Ricardo De Mendoza<\/p>\n<p><span style=\"color: #27868c\">9:40-10:00<\/span> &#8211; Evoluci\u00f3n de la quinesis craneal en Furnariidae (Aves: Passeriformes)<\/p>\n<p style=\"text-align: right\">Responsable: Manuel Ignacio Stefanini<\/p>\n<p><span style=\"color: #27868c\">10:00-10:20<\/span> \u00a0-Aportes a la paleobiolog\u00eda de los cachalotes (Cetacea, Odontoceti, Physeteroidea) desde el Mioceno de Patagonia, Argentina: el caso del olvidado <em>Idiorophus patagonicus<\/em> (Lydekker, 1893)<\/p>\n<p style=\"text-align: right\">Responsable: Florencia Paolucci<\/p>\n<p>&nbsp;<\/p>\n<p>&nbsp;<\/p>\n<p style=\"text-align: right\">\n","protected":false},"excerpt":{"rendered":"<p>Martes 03\/10 9:00-9:20 &#8211; An\u00e1lisis macroevolutivo de la diversidad de los mam\u00edferos depredadores de Am\u00e9rica del Sur del orden Sparassodonta (Metatheria) durante el Cenozoico Responsable: Francisco Prevosti 9:20-9:40 &#8211; Sesgos del desarrollo en la evoluci\u00f3n morfol\u00f3gica del quiridio: evidencia a partir del estudio de tetr\u00e1podos paleozoicos Responsable: Celeste P\u00e9rez Ben 9:40-10:00 &#8211; De peque\u00f1os arbor\u00edcolas [&hellip;]<\/p>\n","protected":false},"author":168,"featured_media":0,"parent":0,"menu_order":0,"comment_status":"closed","ping_status":"closed","template":"","meta":{"advgb_blocks_editor_width":"","advgb_blocks_columns_visual_guide":"","footnotes":""},"class_list":["post-324","page","type-page","status-publish","hentry","post"],"aioseo_notices":[],"coauthors":[],"author_meta":{"author_link":"https:\/\/congresos.unlp.edu.ar\/rabev\/?author=168","display_name":"agustinamanz"},"relative_dates":{"created":"Posted 3 a\u00f1os ago","modified":"Updated 3 a\u00f1os ago"},"absolute_dates":{"created":"Posted on 11 septiembre, 2023","modified":"Updated on 18 septiembre, 2023"},"absolute_dates_time":{"created":"Posted on 11 septiembre, 2023 7:47 pm","modified":"Updated on 18 septiembre, 2023 6:58 pm"},"featured_img_caption":"","featured_img":false,"series_order":"","_links":{"self":[{"href":"https:\/\/congresos.unlp.edu.ar\/rabev\/index.php?rest_route=\/wp\/v2\/pages\/324","targetHints":{"allow":["GET"]}}],"collection":[{"href":"https:\/\/congresos.unlp.edu.ar\/rabev\/index.php?rest_route=\/wp\/v2\/pages"}],"about":[{"href":"https:\/\/congresos.unlp.edu.ar\/rabev\/index.php?rest_route=\/wp\/v2\/types\/page"}],"author":[{"embeddable":true,"href":"https:\/\/congresos.unlp.edu.ar\/rabev\/index.php?rest_route=\/wp\/v2\/users\/168"}],"replies":[{"embeddable":true,"href":"https:\/\/congresos.unlp.edu.ar\/rabev\/index.php?rest_route=%2Fwp%2Fv2%2Fcomments&post=324"}],"version-history":[{"count":0,"href":"https:\/\/congresos.unlp.edu.ar\/rabev\/index.php?rest_route=\/wp\/v2\/pages\/324\/revisions"}],"wp:attachment":[{"href":"https:\/\/congresos.unlp.edu.ar\/rabev\/index.php?rest_route=%2Fwp%2Fv2%2Fmedia&parent=324"}],"curies":[{"name":"wp","href":"https:\/\/api.w.org\/{rel}","templated":true}]}}

Macroevolución y paleobiología

<h3 style="text-align: center">Martes 03/10</h3>
<p><span style="color: #27868c">9:00-9:20</span> &#8211; Análisis macroevolutivo de la diversidad de los mamíferos depredadores de América del Sur del orden Sparassodonta (Metatheria) durante el Cenozoico</p>
<p style="text-align: right">Responsable: Francisco Prevosti</p>
<p><span style="color: #27868c">9:20-9:40</span> &#8211; Sesgos del desarrollo en la evolución morfológica del quiridio: evidencia a partir del estudio de tetrápodos paleozoicos</p>
<p style="text-align: right">Responsable: Celeste Pérez Ben</p>
<p><span style="color: #27868c">9:40-10:00</span> &#8211; De pequeños arborícolas a gigantes terrestres (y viceversa): la evolución del tamaño corporal en perezosos actuales y extintos</p>
<p style="text-align: right">Responsable: Alberto Boscaini</p>
<p><span style="color: #27868c">10:00-10:20</span> &#8211; 3D geometric morphometrics of the skull in Bufonidae (Anura) and its evolution linked to body size, range-expansion capacity, and phylogeny</p>
<p style="text-align: right">Responsable: Tomas Ventura</p>
<p>&nbsp;</p>
<h3 style="text-align: center">Miércoles 04/10</h3>
<p><span style="color: #27868c">9:00-9:20</span> &#8211; El rol de la historia filogenética en la arquitectura de los tipos de patas de aves</p>
<p style="text-align: right">Responsable: Julieta Carril</p>
<p><span style="color: #27868c">9:20-9:40</span> &#8211; The specialized generalist bird: swimming and diving morphology in the postcranium of Coots (Rallidae, Fulica) and its convergence with foot-propelled divers</p>
<p style="text-align: right">Responsable: Ricardo De Mendoza</p>
<p><span style="color: #27868c">9:40-10:00</span> &#8211; Evolución de la quinesis craneal en Furnariidae (Aves: Passeriformes)</p>
<p style="text-align: right">Responsable: Manuel Ignacio Stefanini</p>
<p><span style="color: #27868c">10:00-10:20</span>  -Aportes a la paleobiología de los cachalotes (Cetacea, Odontoceti, Physeteroidea) desde el Mioceno de Patagonia, Argentina: el caso del olvidado <em>Idiorophus patagonicus</em> (Lydekker, 1893)</p>
<p style="text-align: right">Responsable: Florencia Paolucci</p>
<p>&nbsp;</p>
<p>&nbsp;</p>
<p style="text-align: right">

<p>Martes 03/10 9:00-9:20 &#8211; Análisis macroevolutivo de la diversidad de los mamíferos depredadores de América del Sur del orden Sparassodonta (Metatheria) durante el Cenozoico Responsable: Francisco Prevosti 9:20-9:40 &#8211; Sesgos del desarrollo en la evolución morfológica del quiridio: evidencia a partir del estudio de tetrápodos paleozoicos Responsable: Celeste Pérez Ben 9:40-10:00 &#8211; De pequeños arborícolas [&hellip;]</p>

Posted 3 años ago

Updated 3 años ago
