{"id":280,"date":"2023-09-08T23:26:26","date_gmt":"2023-09-09T02:26:26","guid":{"rendered":"https:\/\/congresos.unlp.edu.ar\/rabev?page_id=280"},"modified":"2023-10-06T23:48:06","modified_gmt":"2023-10-07T02:48:06","slug":"cronograma","status":"publish","type":"page","link":"https:\/\/congresos.unlp.edu.ar\/rabev?page_id=280","title":{"rendered":"Cronograma"},"content":{"rendered":"<div id=\"pl-280\"  class=\"panel-layout\" ><div id=\"pg-280-0\"  class=\"panel-grid panel-no-style\" ><div id=\"pgc-280-0-0\"  class=\"panel-grid-cell\" ><div id=\"panel-280-0-0-0\" class=\"so-panel widget widget_circleicon-widget panel-first-child panel-last-child\" data-index=\"0\" >\t\t<div class=\"circle-icon-box circle-icon-position-top circle-icon-hide-box circle-icon-size-small \">\n\t\t\t\t\t\t\t<div class=\"circle-icon-wrapper\">\n\t\t\t\t\t\t\t\t\t\t<a href=\"https:\/\/congresos.unlp.edu.ar\/rabev\/wp-content\/uploads\/sites\/63\/2023\/09\/Cronograma-RABE_2023.pdf\" class=\"link-icon\" target=\"_blank\">\t\t\t\t\t<div class=\"circle-icon icon-style-set\" style=\"background-color: #27868c\">\n\t\t\t\t\t\t\t\t\t\t\t\t\t<div\n\t\t\t\t\t\t\t\tclass=\"fa fa-calendar  icon-style-set\"\n\t\t\t\t\t\t\t\tstyle=\"color: #ffffff\"\t\t\t\t\t\t\t><\/div>\n\t\t\t\t\t\t\t\t\t\t\t<\/div>\n\t\t\t\t\t<\/a>\t\t\t\t<\/div>\n\t\t\t\n\t\t\t\t\t\t\t<a\n\t\t\t\t\thref=\"https:\/\/congresos.unlp.edu.ar\/rabev\/wp-content\/uploads\/sites\/63\/2023\/09\/Cronograma-RABE_2023.pdf\"\n\t\t\t\t\tclass=\"link-title\" target=&quot;_blank&quot;\t\t\t\t>\n\t\t\t\t\t\t\t\t\t\t<h4 style=\"color: #27868c\">\n\t\t\t\t\tCronograma completo\t\t\t\t<\/h4>\n\t\t\t\t\t\t\t\t\t\t<\/a>\n\t\t\t\n\t\t\t\t\t\t\t\t\t\t<a\n\t\t\t\t\thref=\"https:\/\/congresos.unlp.edu.ar\/rabev\/wp-content\/uploads\/sites\/63\/2023\/09\/Cronograma-RABE_2023.pdf\"\n\t\t\t\t\tclass=\"more-button\"\n\t\t\t\t\ttarget=&quot;_blank&quot;\t\t\t\t>\n\t\t\t\t\tClick ac\u00e1\t\t\t\t\t<i><\/i>\n\t\t\t\t<\/a>\n\t\t\t\t\t<\/div>\n\t\t<\/div><\/div><div id=\"pgc-280-0-1\"  class=\"panel-grid-cell\" ><div id=\"panel-280-0-1-0\" class=\"so-panel widget widget_circleicon-widget panel-first-child panel-last-child\" data-index=\"1\" >\t\t<div class=\"circle-icon-box circle-icon-position-top circle-icon-hide-box circle-icon-size-small \">\n\t\t\t\t\t\t\t<div class=\"circle-icon-wrapper\">\n\t\t\t\t\t\t\t\t\t\t<a href=\"https:\/\/congresos.unlp.edu.ar\/rabev?page_id=383\" class=\"link-icon\" >\t\t\t\t\t<div class=\"circle-icon icon-style-set\" style=\"background-color: #27868c\">\n\t\t\t\t\t\t\t\t\t\t\t\t\t<div\n\t\t\t\t\t\t\t\tclass=\"fa fa-clock-o  icon-style-set\"\n\t\t\t\t\t\t\t\t\t\t\t\t\t\t\t><\/div>\n\t\t\t\t\t\t\t\t\t\t\t<\/div>\n\t\t\t\t\t<\/a>\t\t\t\t<\/div>\n\t\t\t\n\t\t\t\t\t\t\t<a\n\t\t\t\t\thref=\"https:\/\/congresos.unlp.edu.ar\/rabev?page_id=383\"\n\t\t\t\t\tclass=\"link-title\" \t\t\t\t>\n\t\t\t\t\t\t\t\t\t\t<h4 style=\"color: #27868c\">\n\t\t\t\t\tPresentaciones por \u00c1rea\t\t\t\t<\/h4>\n\t\t\t\t\t\t\t\t\t\t<\/a>\n\t\t\t\n\t\t\t\t\t\t\t<p class=\"text\" >\n\t\t\t\tPrograma de presentaciones por \u00e1rea tem\u00e1tica\t\t\t<\/p>\n\t\t\t\t\t\t\t\t\t\t<a\n\t\t\t\t\thref=\"https:\/\/congresos.unlp.edu.ar\/rabev?page_id=383\"\n\t\t\t\t\tclass=\"more-button\"\n\t\t\t\t\t\t\t\t\t>\n\t\t\t\t\tClick ac\u00e1\t\t\t\t\t<i><\/i>\n\t\t\t\t<\/a>\n\t\t\t\t\t<\/div>\n\t\t<\/div><\/div><\/div><div id=\"pg-280-1\"  class=\"panel-grid panel-no-style\" ><div id=\"pgc-280-1-0\"  class=\"panel-grid-cell\" ><div id=\"panel-280-1-0-0\" class=\"so-panel widget widget_sow-editor panel-first-child panel-last-child\" data-index=\"2\" ><div\n\t\t\t\n\t\t\tclass=\"so-widget-sow-editor so-widget-sow-editor-base\"\n\t\t\t\n\t\t>\n<div class=\"siteorigin-widget-tinymce textwidget\">\n\t<h3>CENA DE CAMARADER\u00cdA<\/h3>\n<p>El d\u00eda <em>mi\u00e9rcoles 4<\/em> de octubre luego de las actividades de la Reuni\u00f3n tendr\u00e1 lugar la\u00a0cena de camarader\u00eda en la cervecer\u00eda Preta, ubicada en Calle 59 685. El lugar cuenta con opciones de men\u00fa para cel\u00edacos y vegetarianos.<\/p>\n<p>Se deber\u00e1 enviar un mail a rabe2023lp@gmail.com confirmando su asistencia para ser incluidos en la reserva y avisando de restricciones alimentarias o dietas especiales, si corresponde. <strong><em>Fecha l\u00edmite 27 de septiembre (inclusive).\u00a0<\/em><\/strong>Lo consumido estar\u00e1 a cargo de cada asistente.<\/p>\n<p>A continuaci\u00f3n, m\u00e1s informaci\u00f3n del lugar:<\/p>\n<p>Instagram: <a href=\"https:\/\/www.instagram.com\/pretacerveceria\/?igshid=MmU2YjMzNjRlOQ%3D%3D\">@pretacerveceria<\/a> | Ubicaci\u00f3n: <a href=\"https:\/\/maps.app.goo.gl\/uuEiKTr2hWvkBKUT6\">Ver en Google Maps<\/a><\/p>\n<h3><\/h3>\n<h3>VISITA GUIADA AL MUSEO DE LA PLATA Y RECORRIDO TUR\u00cdSTICO<\/h3>\n<p>El d\u00eda <em>viernes 6<\/em> de octubre habr\u00e1 un recorrido por el casco hist\u00f3rico de la ciudad de La Plata que durar\u00e1 una hora y cuarenta, comenzando a las 11 hs desde la Plaza Moreno (centro geogr\u00e1fico de la ciudad de La Plata). Luego, a las 14 hs., realizaremos una visita guiada al Museo de Ciencia Naturales de la Universidad de La Plata. Al finalizar realizaremos fotos en la escalinata del Museo. El costo del primer paseo ser\u00e1 de $500 (1 d\u00f3lar) y el del Museo de La Plata de $ 1000 (2 d\u00f3lares). Las excursiones se pagar\u00e1n en el marco del congreso.<\/p>\n<p>Los interesados deber\u00e1n llenar un formulario de preinscripci\u00f3n hasta el <strong>25 de septiembre (inclusive)<\/strong> y podr\u00e1n elegir realizar ambas actividades o s\u00f3lo una de ellas. La preinscripci\u00f3n est\u00e1 disponible en el siguiente link: <a href=\"https:\/\/forms.gle\/po3Sx3UAz6uUxqZV7\">https:\/\/forms.gle\/po3Sx3UAz6uUxqZV7<\/a><\/p>\n<\/div>\n<\/div><\/div><\/div><\/div><\/div>","protected":false},"excerpt":{"rendered":"<p>CENA DE CAMARADER\u00cdA El d\u00eda mi\u00e9rcoles 4 de octubre luego de las actividades de la Reuni\u00f3n tendr\u00e1 lugar la\u00a0cena de camarader\u00eda en la cervecer\u00eda Preta, ubicada en Calle 59 685. El lugar cuenta con opciones de men\u00fa para cel\u00edacos y vegetarianos. Se deber\u00e1 enviar un mail a rabe2023lp@gmail.com confirmando su asistencia para ser incluidos en [&hellip;]<\/p>\n","protected":false},"author":168,"featured_media":0,"parent":0,"menu_order":0,"comment_status":"closed","ping_status":"closed","template":"","meta":{"advgb_blocks_editor_width":"","advgb_blocks_columns_visual_guide":"","footnotes":""},"class_list":["post-280","page","type-page","status-publish","hentry","post"],"aioseo_notices":[],"coauthors":[],"author_meta":{"author_link":"https:\/\/congresos.unlp.edu.ar\/rabev\/?author=168","display_name":"agustinamanz"},"relative_dates":{"created":"Posted 3 a\u00f1os ago","modified":"Updated 3 a\u00f1os ago"},"absolute_dates":{"created":"Posted on 8 septiembre, 2023","modified":"Updated on 6 octubre, 2023"},"absolute_dates_time":{"created":"Posted on 8 septiembre, 2023 11:26 pm","modified":"Updated on 6 octubre, 2023 11:48 pm"},"featured_img_caption":"","featured_img":false,"series_order":"","_links":{"self":[{"href":"https:\/\/congresos.unlp.edu.ar\/rabev\/index.php?rest_route=\/wp\/v2\/pages\/280","targetHints":{"allow":["GET"]}}],"collection":[{"href":"https:\/\/congresos.unlp.edu.ar\/rabev\/index.php?rest_route=\/wp\/v2\/pages"}],"about":[{"href":"https:\/\/congresos.unlp.edu.ar\/rabev\/index.php?rest_route=\/wp\/v2\/types\/page"}],"author":[{"embeddable":true,"href":"https:\/\/congresos.unlp.edu.ar\/rabev\/index.php?rest_route=\/wp\/v2\/users\/168"}],"replies":[{"embeddable":true,"href":"https:\/\/congresos.unlp.edu.ar\/rabev\/index.php?rest_route=%2Fwp%2Fv2%2Fcomments&post=280"}],"version-history":[{"count":0,"href":"https:\/\/congresos.unlp.edu.ar\/rabev\/index.php?rest_route=\/wp\/v2\/pages\/280\/revisions"}],"wp:attachment":[{"href":"https:\/\/congresos.unlp.edu.ar\/rabev\/index.php?rest_route=%2Fwp%2Fv2%2Fmedia&parent=280"}],"curies":[{"name":"wp","href":"https:\/\/api.w.org\/{rel}","templated":true}]}}