{"id":254,"date":"2023-08-26T16:13:17","date_gmt":"2023-08-26T19:13:17","guid":{"rendered":"https:\/\/congresos.unlp.edu.ar\/rabev?page_id=254"},"modified":"2023-09-19T20:02:35","modified_gmt":"2023-09-19T23:02:35","slug":"expo-rabe-2023","status":"publish","type":"page","link":"https:\/\/congresos.unlp.edu.ar\/rabev?page_id=254","title":{"rendered":"Expo RABE 2023"},"content":{"rendered":"<p>En el marco de la RABE 2023 se realizar\u00e1 una exposici\u00f3n art\u00edstica, cuya participaci\u00f3n se encuentra abierta a todos los asistentes al congreso, artistas, investigadores y p\u00fablico en general. Podr\u00e1 postularse cualquier obra que entre dentro de las categor\u00edas:<\/p>\n<p style=\"text-align: center\"><span style=\"color: #1d717c\">Paleoarte | Ilustraci\u00f3n cient\u00edfica | Arte naturalista | Fotograf\u00eda<\/span><\/p>\n<div>Durante el evento se expondr\u00e1n ocho obras, dos de cada categor\u00eda, previamente seleccionadas por un comit\u00e9 evaluador de artistas profesionales.<\/div>\n<div><\/div>\n<div>La recepci\u00f3n de obras estar\u00e1 abierta hasta el <strong>22<em><strong>\u00a0<\/strong>de septiembre.<\/em><\/strong><\/div>\n<div>La primera instancia de evaluaci\u00f3n tendr\u00e1 como objetivo reunir a las obras que cumplan con los requisitos de: rigor cient\u00edfico, manejo de t\u00e9cnica, composici\u00f3n, calidad est\u00e9tica y originalidad.<\/div>\n<div>En la segunda parte se seleccionar\u00e1 a las 8 obras que ser\u00e1n exhibidas en el evento, las cuales ser\u00e1n anunciadas el d\u00eda <em><strong>29 de septiembre.<\/strong><\/em><\/div>\n<div><\/div>\n<div>Durante el evento las mismas ser\u00e1n votadas por el p\u00fablico y aquellas que resulten favorecidas recibir\u00e1n un reconocimiento por su labor y el correspondiente certificado.<\/div>\n<div>Todas las obras que sean finalistas ser\u00e1n publicadas en las redes sociales para difundir el trabajo de los autores.<\/div>\n<div><\/div>\n<h3>Normas para participar:<\/h3>\n<div>En las categor\u00edas Paleoarte y Arte Naturalista podr\u00e1n participar tanto con ilustraciones o con fotograf\u00edas de esculturas, modelados 3D y cualquier otra t\u00e9cnica.<\/div>\n<div>En la categor\u00eda de Fotograf\u00eda, la edici\u00f3n de la imagen deber\u00e1 mantenerse a un m\u00ednimo, informando acerca de la misma en los Datos t\u00e9cnicos de la obra. En esta categor\u00eda no est\u00e1n permitidos los fotomontajes ni colajes digitales.<\/div>\n<div>\n<div>Las obras ser\u00e1n evaluadas cient\u00edfica- y art\u00edsticamente.<\/div>\n<div>Las tem\u00e1ticas en todas las categor\u00edas ser\u00e1n libres as\u00ed como la t\u00e9cnica escogida. Se espera que las obras presentadas guarden relaci\u00f3n con los ejes tem\u00e1ticos del congreso o con las disciplinas dentro de la biolog\u00eda evolutiva.<\/div>\n<div>Las mismas no necesariamente deben ser in\u00e9ditas, pero se invita a los participantes a compartir sus producciones m\u00e1s recientes, como tambi\u00e9n aquellas que est\u00e9n ligadas a producciones cient\u00edficas como libros y revistas entre otros.<\/div>\n<div>Podr\u00e1n participar tanto artistas profesionales como amateurs.<\/div>\n<\/div>\n<div><\/div>\n<div>Para postularse debe llenar la <a href=\"https:\/\/docs.google.com\/document\/d\/1BE71Y4y49qygsA3BZb8qbQh98LLspPfVdp9mMug6Iyo\/edit?usp=sharing\">ficha de inscripci\u00f3n<\/a> y enviarlo por mail junto con sus obras al mail\u00a0 <a href=\"mailto:mcharnellib@gmail.com\" target=\"_blank\" rel=\"noopener\">mcharnellib@gmail.com<\/a>\u00a0con el asunto &#8220;ficha de inscripci\u00f3n EXPO\u00a0RABE\u00a02023&#8221;.<\/div>\n<div><\/div>\n<div>Las obras deben seguir las siguientes especificaciones sin excepci\u00f3n. Cualquier norma que no se cumpla anula autom\u00e1ticamente la presentaci\u00f3n:<\/div>\n<div>\n<ul>\n<li>Formato PNG<\/li>\n<li>Resoluci\u00f3n 300 dpi<\/li>\n<li>Tama\u00f1o A4, o relaci\u00f3n de aspecto similar.<\/li>\n<li>No m\u00e1s de dos obras por autor.<\/li>\n<li>El nombre del archivo debe tener el nombre del autor.<\/li>\n<\/ul>\n<\/div>\n<div>Tenga en cuenta que si su obra es seleccionada ser\u00e1 publicada en las redes sociales, y que ciertos formatos pueden requerir recorte. Se recomienda para evitar esto recordar las siguientes relaciones de aspectos que ajustan por ejemplo en Instagram: 1,91:1 o 4:5.<\/div>\n<div><\/div>\n<div>Asimismo, si su obra es seleccionada deber\u00e1 presentarse con la misma en el congreso, fecha y horario a convenir.<\/div>\n<div>El formato de exposici\u00f3n ser\u00e1 el mismo en todas las categor\u00edas: Impresi\u00f3n de la obra en alta calidad en formato A3 o similar; montado sobre un cart\u00f3n enchapado negro de 35 x 50.<\/div>\n<div>La obra deber\u00e1 estar acompa\u00f1ada por la siguiente ficha t\u00e9cnica:<\/div>\n<div><\/div>\n<div>(todo en Times New Roman 12 sin negrita, justificado a la izquierda, con nombres cient\u00edficos en it\u00e1lica)<\/div>\n<div>\n<ul>\n<li>Nombre del artista<\/li>\n<li>Datos t\u00e9cnicos de la obra: Ej: obra original acr\u00edlico sobre papel de &#8212; x &#8212;- dimensiones&#8230; tipo de c\u00e1mara utilizada, filtros, edici\u00f3n digital, etc. Se recomienda realizarlo en formato p\u00e1rrafo no muy extenso, pero s\u00ed detallado.<\/li>\n<li>A\u00f1o de realizaci\u00f3n y lugar en caso de las fotograf\u00edas. Si est\u00e1 publicada, citar la fuente.<\/li>\n<li>Nombre del\/ los ejemplar\/res que aparecen en la obra. En el caso de paleoarte debe mencionar el lugar, yacimiento, y\/o per\u00edodo geol\u00f3gico.<\/li>\n<li>Contacto o red social.<\/li>\n<\/ul>\n<\/div>\n<div><\/div>\n<div>El comit\u00e9 evaluador ser\u00e1 presidido por<\/div>\n<div style=\"text-align: center\">Laura Blanco y Martina Charnelli<\/div>\n<div><\/div>\n<h4>Ficha de Inscripci\u00f3n<\/h4>\n<div><a href=\"https:\/\/docs.google.com\/document\/d\/1BE71Y4y49qygsA3BZb8qbQh98LLspPfVdp9mMug6Iyo\/edit?usp=sharing\"><em>Click aqu\u00ed para descargarla<\/em><\/a><\/div>\n<div><\/div>\n","protected":false},"excerpt":{"rendered":"<p>En el marco de la RABE 2023 se realizar\u00e1 una exposici\u00f3n art\u00edstica, cuya participaci\u00f3n se encuentra abierta a todos los asistentes al congreso, artistas, investigadores y p\u00fablico en general. Podr\u00e1 postularse cualquier obra que entre dentro de las categor\u00edas: Paleoarte | Ilustraci\u00f3n cient\u00edfica | Arte naturalista | Fotograf\u00eda Durante el evento se expondr\u00e1n ocho obras, [&hellip;]<\/p>\n","protected":false},"author":168,"featured_media":0,"parent":0,"menu_order":0,"comment_status":"closed","ping_status":"closed","template":"","meta":{"advgb_blocks_editor_width":"","advgb_blocks_columns_visual_guide":"","footnotes":""},"class_list":["post-254","page","type-page","status-publish","hentry","post"],"aioseo_notices":[],"coauthors":[],"author_meta":{"author_link":"https:\/\/congresos.unlp.edu.ar\/rabev\/?author=168","display_name":"agustinamanz"},"relative_dates":{"created":"Posted 3 a\u00f1os ago","modified":"Updated 3 a\u00f1os ago"},"absolute_dates":{"created":"Posted on 26 agosto, 2023","modified":"Updated on 19 septiembre, 2023"},"absolute_dates_time":{"created":"Posted on 26 agosto, 2023 4:13 pm","modified":"Updated on 19 septiembre, 2023 8:02 pm"},"featured_img_caption":"","featured_img":false,"series_order":"","_links":{"self":[{"href":"https:\/\/congresos.unlp.edu.ar\/rabev\/index.php?rest_route=\/wp\/v2\/pages\/254","targetHints":{"allow":["GET"]}}],"collection":[{"href":"https:\/\/congresos.unlp.edu.ar\/rabev\/index.php?rest_route=\/wp\/v2\/pages"}],"about":[{"href":"https:\/\/congresos.unlp.edu.ar\/rabev\/index.php?rest_route=\/wp\/v2\/types\/page"}],"author":[{"embeddable":true,"href":"https:\/\/congresos.unlp.edu.ar\/rabev\/index.php?rest_route=\/wp\/v2\/users\/168"}],"replies":[{"embeddable":true,"href":"https:\/\/congresos.unlp.edu.ar\/rabev\/index.php?rest_route=%2Fwp%2Fv2%2Fcomments&post=254"}],"version-history":[{"count":0,"href":"https:\/\/congresos.unlp.edu.ar\/rabev\/index.php?rest_route=\/wp\/v2\/pages\/254\/revisions"}],"wp:attachment":[{"href":"https:\/\/congresos.unlp.edu.ar\/rabev\/index.php?rest_route=%2Fwp%2Fv2%2Fmedia&parent=254"}],"curies":[{"name":"wp","href":"https:\/\/api.w.org\/{rel}","templated":true}]}}

<p>En el marco de la RABE 2023 se realizará una exposición artística, cuya participación se encuentra abierta a todos los asistentes al congreso, artistas, investigadores y público en general. Podrá postularse cualquier obra que entre dentro de las categorías:</p>
<p style="text-align: center"><span style="color: #1d717c">Paleoarte | Ilustración científica | Arte naturalista | Fotografía</span></p>
<div>Durante el evento se expondrán ocho obras, dos de cada categoría, previamente seleccionadas por un comité evaluador de artistas profesionales.</div>
<div></div>
<div>La recepción de obras estará abierta hasta el <strong>22<em><strong> </strong>de septiembre.</em></strong></div>
<div>La primera instancia de evaluación tendrá como objetivo reunir a las obras que cumplan con los requisitos de: rigor científico, manejo de técnica, composición, calidad estética y originalidad.</div>
<div>En la segunda parte se seleccionará a las 8 obras que serán exhibidas en el evento, las cuales serán anunciadas el día <em><strong>29 de septiembre.</strong></em></div>
<div></div>
<div>Durante el evento las mismas serán votadas por el público y aquellas que resulten favorecidas recibirán un reconocimiento por su labor y el correspondiente certificado.</div>
<div>Todas las obras que sean finalistas serán publicadas en las redes sociales para difundir el trabajo de los autores.</div>
<div></div>
<h3>Normas para participar:</h3>
<div>En las categorías Paleoarte y Arte Naturalista podrán participar tanto con ilustraciones o con fotografías de esculturas, modelados 3D y cualquier otra técnica.</div>
<div>En la categoría de Fotografía, la edición de la imagen deberá mantenerse a un mínimo, informando acerca de la misma en los Datos técnicos de la obra. En esta categoría no están permitidos los fotomontajes ni colajes digitales.</div>
<div>
<div>Las obras serán evaluadas científica- y artísticamente.</div>
<div>Las temáticas en todas las categorías serán libres así como la técnica escogida. Se espera que las obras presentadas guarden relación con los ejes temáticos del congreso o con las disciplinas dentro de la biología evolutiva.</div>
<div>Las mismas no necesariamente deben ser inéditas, pero se invita a los participantes a compartir sus producciones más recientes, como también aquellas que estén ligadas a producciones científicas como libros y revistas entre otros.</div>
<div>Podrán participar tanto artistas profesionales como amateurs.</div>
</div>
<div></div>
<div>Para postularse debe llenar la <a href="https://docs.google.com/document/d/1BE71Y4y49qygsA3BZb8qbQh98LLspPfVdp9mMug6Iyo/edit?usp=sharing">ficha de inscripción</a> y enviarlo por mail junto con sus obras al mail  <a href="mailto:mcharnellib@gmail.com" target="_blank" rel="noopener">mcharnellib@gmail.com</a> con el asunto &#8220;ficha de inscripción EXPO RABE 2023&#8221;.</div>
<div></div>
<div>Las obras deben seguir las siguientes especificaciones sin excepción. Cualquier norma que no se cumpla anula automáticamente la presentación:</div>
<div>
<ul>
<li>Formato PNG</li>
<li>Resolución 300 dpi</li>
<li>Tamaño A4, o relación de aspecto similar.</li>
<li>No más de dos obras por autor.</li>
<li>El nombre del archivo debe tener el nombre del autor.</li>
</ul>
</div>
<div>Tenga en cuenta que si su obra es seleccionada será publicada en las redes sociales, y que ciertos formatos pueden requerir recorte. Se recomienda para evitar esto recordar las siguientes relaciones de aspectos que ajustan por ejemplo en Instagram: 1,91:1 o 4:5.</div>
<div></div>
<div>Asimismo, si su obra es seleccionada deberá presentarse con la misma en el congreso, fecha y horario a convenir.</div>
<div>El formato de exposición será el mismo en todas las categorías: Impresión de la obra en alta calidad en formato A3 o similar; montado sobre un cartón enchapado negro de 35 x 50.</div>
<div>La obra deberá estar acompañada por la siguiente ficha técnica:</div>
<div></div>
<div>(todo en Times New Roman 12 sin negrita, justificado a la izquierda, con nombres científicos en itálica)</div>
<div>
<ul>
<li>Nombre del artista</li>
<li>Datos técnicos de la obra: Ej: obra original acrílico sobre papel de &#8212; x &#8212;- dimensiones&#8230; tipo de cámara utilizada, filtros, edición digital, etc. Se recomienda realizarlo en formato párrafo no muy extenso, pero sí detallado.</li>
<li>Año de realización y lugar en caso de las fotografías. Si está publicada, citar la fuente.</li>
<li>Nombre del/ los ejemplar/res que aparecen en la obra. En el caso de paleoarte debe mencionar el lugar, yacimiento, y/o período geológico.</li>
<li>Contacto o red social.</li>
</ul>
</div>
<div></div>
<div>El comité evaluador será presidido por</div>
<div style="text-align: center">Laura Blanco y Martina Charnelli</div>
<div></div>
<h4>Ficha de Inscripción</h4>
<div><a href="https://docs.google.com/document/d/1BE71Y4y49qygsA3BZb8qbQh98LLspPfVdp9mMug6Iyo/edit?usp=sharing"><em>Click aquí para descargarla</em></a></div>
<div></div>

<p>En el marco de la RABE 2023 se realizará una exposición artística, cuya participación se encuentra abierta a todos los asistentes al congreso, artistas, investigadores y público en general. Podrá postularse cualquier obra que entre dentro de las categorías: Paleoarte | Ilustración científica | Arte naturalista | Fotografía Durante el evento se expondrán ocho obras, [&hellip;]</p>

Posted 3 años ago

Updated 3 años ago
