{"id":8,"date":"2025-05-19T14:51:08","date_gmt":"2025-05-19T17:51:08","guid":{"rendered":"https:\/\/congresos.unlp.edu.ar\/printesim\/?page_id=8"},"modified":"2025-09-03T10:55:24","modified_gmt":"2025-09-03T13:55:24","slug":"mesas-redondas","status":"publish","type":"page","link":"https:\/\/congresos.unlp.edu.ar\/printesim\/mesas-redondas\/","title":{"rendered":"Mesas redondas"},"content":{"rendered":"<p><img loading=\"lazy\" decoding=\"async\" class=\"alignnone wp-image-77\" src=\"http:\/\/congresos.unlp.edu.ar\/printesim\/wp-content\/uploads\/sites\/98\/2025\/06\/cinta_mesas-300x67.jpg\" alt=\"\" width=\"824\" height=\"184\" srcset=\"https:\/\/congresos.unlp.edu.ar\/printesim\/wp-content\/uploads\/sites\/98\/2025\/06\/cinta_mesas-300x67.jpg 300w, https:\/\/congresos.unlp.edu.ar\/printesim\/wp-content\/uploads\/sites\/98\/2025\/06\/cinta_mesas-1024x227.jpg 1024w, https:\/\/congresos.unlp.edu.ar\/printesim\/wp-content\/uploads\/sites\/98\/2025\/06\/cinta_mesas-768x170.jpg 768w, https:\/\/congresos.unlp.edu.ar\/printesim\/wp-content\/uploads\/sites\/98\/2025\/06\/cinta_mesas-1536x341.jpg 1536w, https:\/\/congresos.unlp.edu.ar\/printesim\/wp-content\/uploads\/sites\/98\/2025\/06\/cinta_mesas-2048x454.jpg 2048w\" sizes=\"auto, (max-width: 824px) 100vw, 824px\" \/><\/p>\n<p>&nbsp;<\/p>\n<p><span style=\"color: #000000\">Las mesas redondas se conciben como espacios de discusi\u00f3n cr\u00edtica sobre temas espec\u00edficos, capaces de trascender las disciplinas, que -en principio, no est\u00e1n contemplados expl\u00edcitamente en los ejes tem\u00e1ticos propuestos. Cada una de las mesas redondas estar\u00e1 coordinada por un\/a especialista y conformada por un panel de referentes destacados en la tem\u00e1tica provenientes de diversos sectores de la sociedad, quienes presentar\u00e1n los temas a abordar profundizando en algunas de sus derivaciones con la propuesta de fomentar el intercambio de ideas y puntos de vista, as\u00ed como el debate y la circulaci\u00f3n de la palabra entre las\/os participantes.<\/span><\/p>\n<p>&nbsp;<\/p>\n<p align=\"left\"><span style=\"font-family: Liberation Serif, serif;color: #000000\"><span style=\"font-size: large\"><i><b>Arte y pr\u00e1cticas integrales: la construcci\u00f3n de sentido desde una perspectiva de la integralidad.<\/b> <\/i><\/span><\/span><\/p>\n<p align=\"left\"><span style=\"color: #000000\"><span style=\"font-family: Liberation Serif, serif\"><span style=\"font-size: medium\">Dr. Javier Garc\u00eda de Souza, DCV. Dami\u00e1n Demaro <span lang=\"es-ES-u-co-trad\">&amp;<\/span> Dra. Constanza Pedersoli.<\/span><\/span><\/span><\/p>\n<p align=\"left\"><span style=\"color: #000000\"><span style=\"font-family: Liberation Serif, serif\"><span style=\"font-size: medium\">Coordina: Mg. Pablo Juan Pettoruti<\/span><\/span><\/span><\/p>\n<p align=\"left\"><span style=\"font-family: Liberation Serif, serif;color: #ffffff\"><span style=\"font-size: large\"><i><b>a<\/b><\/i><\/span><\/span><\/p>\n<p align=\"left\"><span style=\"font-family: Liberation Serif, serif;color: #000000\"><span style=\"font-size: large\"><i><b>Integralidad, funciones y gesti\u00f3n universitaria. Dimensiones epistemol\u00f3gicas y organizacionales.<\/b><\/i><\/span><\/span><\/p>\n<p align=\"left\"><span style=\"color: #000000\"><span style=\"font-family: Liberation Serif, serif\"><span style=\"font-size: medium\">Esp. Analia Chillemi, Ing. Daniel Tovio <span lang=\"es-ES-u-co-trad\">&amp;<\/span> Esp. Claudio Canosa <\/span><\/span><\/span><\/p>\n<p align=\"left\"><span style=\"color: #000000\"><span style=\"font-family: Liberation Serif, serif\"><span style=\"font-size: medium\"><span style=\"color: #000000\">Coordina: Lic. In\u00e9s Iglesias<\/span><\/span><\/span><\/span><\/p>\n<p align=\"left\"><span style=\"color: #ffffff\"><i><b>a<\/b><\/i><\/span><\/p>\n<p align=\"left\"><span style=\"font-family: Liberation Serif, serif;color: #000000\"><span style=\"font-size: large\"><i><b>El ambiente como contexto acad\u00e9mico y escenario de las pr\u00e1cticas integrales.<\/b><\/i><\/span><\/span><\/p>\n<p align=\"left\"><span style=\"color: #000000\"><span style=\"font-family: Liberation Serif, serif\"><span style=\"font-size: medium\">Lic. Mariana Trejo, Sr. Julio Milat <span lang=\"es-ES-u-co-trad\">&amp; Dra. Mariana Marasas<\/span><\/span><\/span><\/span><\/p>\n<p align=\"left\"><span style=\"color: #000000\"><span style=\"font-family: Liberation Serif, serif\"><span style=\"font-size: medium\">Coordina: <span lang=\"es-ES-u-co-trad\">Dr. <\/span>Carlos Zavaro<\/span><\/span><\/span><\/p>\n<p align=\"left\"><span style=\"color: #ffffff\"><i><b>a<\/b><\/i><\/span><\/p>\n<p align=\"left\"><span style=\"font-family: Liberation Serif, serif;color: #000000\"><span style=\"font-size: large\"><i><b>La agroecolog\u00eda como paradigma contragem\u00f3nico. Una mirada desde la perspectiva de la integralidad universitaria.<\/b><\/i><\/span><\/span><\/p>\n<p align=\"left\"><span style=\"color: #000000\"><span style=\"font-family: Liberation Serif, serif\"><span style=\"font-size: medium\">Dra. Margarita Bonicatto, Dra. Paula Fontana <span lang=\"es-ES-u-co-trad\">&amp;<\/span> Dra. Carolina Rosenberg<\/span><\/span><\/span><\/p>\n<p align=\"left\"><span style=\"color: #000000\"><span style=\"font-family: Liberation Serif, serif\"><span style=\"font-size: medium\">Coordina: Lic. Soledad Dur\u00e9<\/span><\/span><\/span><\/p>\n","protected":false},"excerpt":{"rendered":"<p>&nbsp; Las mesas redondas se conciben como espacios de discusi\u00f3n cr\u00edtica sobre temas espec\u00edficos, capaces de trascender las disciplinas, que -en principio, no est\u00e1n contemplados expl\u00edcitamente en los ejes tem\u00e1ticos propuestos. Cada una de las mesas redondas estar\u00e1 coordinada por un\/a especialista y conformada por un panel de referentes destacados en la tem\u00e1tica provenientes de [&hellip;]<\/p>\n","protected":false},"author":2,"featured_media":0,"parent":0,"menu_order":0,"comment_status":"closed","ping_status":"closed","template":"","meta":{"advgb_blocks_editor_width":"","advgb_blocks_columns_visual_guide":"","footnotes":""},"class_list":["post-8","page","type-page","status-publish","hentry","post"],"aioseo_notices":[],"coauthors":[],"author_meta":{"author_link":"https:\/\/congresos.unlp.edu.ar\/printesim\/author\/congresos\/","display_name":"congresos"},"relative_dates":{"created":"Posted 11 meses ago","modified":"Updated 8 meses ago"},"absolute_dates":{"created":"Posted on 19 mayo, 2025","modified":"Updated on 3 septiembre, 2025"},"absolute_dates_time":{"created":"Posted on 19 mayo, 2025 2:51 pm","modified":"Updated on 3 septiembre, 2025 10:55 am"},"featured_img_caption":"","featured_img":false,"series_order":"","_links":{"self":[{"href":"https:\/\/congresos.unlp.edu.ar\/printesim\/wp-json\/wp\/v2\/pages\/8","targetHints":{"allow":["GET"]}}],"collection":[{"href":"https:\/\/congresos.unlp.edu.ar\/printesim\/wp-json\/wp\/v2\/pages"}],"about":[{"href":"https:\/\/congresos.unlp.edu.ar\/printesim\/wp-json\/wp\/v2\/types\/page"}],"author":[{"embeddable":true,"href":"https:\/\/congresos.unlp.edu.ar\/printesim\/wp-json\/wp\/v2\/users\/2"}],"replies":[{"embeddable":true,"href":"https:\/\/congresos.unlp.edu.ar\/printesim\/wp-json\/wp\/v2\/comments?post=8"}],"version-history":[{"count":0,"href":"https:\/\/congresos.unlp.edu.ar\/printesim\/wp-json\/wp\/v2\/pages\/8\/revisions"}],"wp:attachment":[{"href":"https:\/\/congresos.unlp.edu.ar\/printesim\/wp-json\/wp\/v2\/media?parent=8"}],"curies":[{"name":"wp","href":"https:\/\/api.w.org\/{rel}","templated":true}]}}

<p><img loading="lazy" decoding="async" class="alignnone wp-image-77" src="http://congresos.unlp.edu.ar/printesim/wp-content/uploads/sites/98/2025/06/cinta_mesas-300x67.jpg" alt="" width="824" height="184" srcset="https://congresos.unlp.edu.ar/printesim/wp-content/uploads/sites/98/2025/06/cinta_mesas-300x67.jpg 300w, https://congresos.unlp.edu.ar/printesim/wp-content/uploads/sites/98/2025/06/cinta_mesas-1024x227.jpg 1024w, https://congresos.unlp.edu.ar/printesim/wp-content/uploads/sites/98/2025/06/cinta_mesas-768x170.jpg 768w, https://congresos.unlp.edu.ar/printesim/wp-content/uploads/sites/98/2025/06/cinta_mesas-1536x341.jpg 1536w, https://congresos.unlp.edu.ar/printesim/wp-content/uploads/sites/98/2025/06/cinta_mesas-2048x454.jpg 2048w" sizes="auto, (max-width: 824px) 100vw, 824px" /></p>
<p>&nbsp;</p>
<p><span style="color: #000000">Las mesas redondas se conciben como espacios de discusión crítica sobre temas específicos, capaces de trascender las disciplinas, que -en principio, no están contemplados explícitamente en los ejes temáticos propuestos. Cada una de las mesas redondas estará coordinada por un/a especialista y conformada por un panel de referentes destacados en la temática provenientes de diversos sectores de la sociedad, quienes presentarán los temas a abordar profundizando en algunas de sus derivaciones con la propuesta de fomentar el intercambio de ideas y puntos de vista, así como el debate y la circulación de la palabra entre las/os participantes.</span></p>
<p>&nbsp;</p>
<p align="left"><span style="font-family: Liberation Serif, serif;color: #000000"><span style="font-size: large"><i><b>Arte y prácticas integrales: la construcción de sentido desde una perspectiva de la integralidad.</b> </i></span></span></p>
<p align="left"><span style="color: #000000"><span style="font-family: Liberation Serif, serif"><span style="font-size: medium">Dr. Javier García de Souza, DCV. Damián Demaro <span lang="es-ES-u-co-trad">&amp;</span> Dra. Constanza Pedersoli.</span></span></span></p>
<p align="left"><span style="color: #000000"><span style="font-family: Liberation Serif, serif"><span style="font-size: medium">Coordina: Mg. Pablo Juan Pettoruti</span></span></span></p>
<p align="left"><span style="font-family: Liberation Serif, serif;color: #ffffff"><span style="font-size: large"><i><b>a</b></i></span></span></p>
<p align="left"><span style="font-family: Liberation Serif, serif;color: #000000"><span style="font-size: large"><i><b>Integralidad, funciones y gestión universitaria. Dimensiones epistemológicas y organizacionales.</b></i></span></span></p>
<p align="left"><span style="color: #000000"><span style="font-family: Liberation Serif, serif"><span style="font-size: medium">Esp. Analia Chillemi, Ing. Daniel Tovio <span lang="es-ES-u-co-trad">&amp;</span> Esp. Claudio Canosa </span></span></span></p>
<p align="left"><span style="color: #000000"><span style="font-family: Liberation Serif, serif"><span style="font-size: medium"><span style="color: #000000">Coordina: Lic. Inés Iglesias</span></span></span></span></p>
<p align="left"><span style="color: #ffffff"><i><b>a</b></i></span></p>
<p align="left"><span style="font-family: Liberation Serif, serif;color: #000000"><span style="font-size: large"><i><b>El ambiente como contexto académico y escenario de las prácticas integrales.</b></i></span></span></p>
<p align="left"><span style="color: #000000"><span style="font-family: Liberation Serif, serif"><span style="font-size: medium">Lic. Mariana Trejo, Sr. Julio Milat <span lang="es-ES-u-co-trad">&amp; Dra. Mariana Marasas</span></span></span></span></p>
<p align="left"><span style="color: #000000"><span style="font-family: Liberation Serif, serif"><span style="font-size: medium">Coordina: <span lang="es-ES-u-co-trad">Dr. </span>Carlos Zavaro</span></span></span></p>
<p align="left"><span style="color: #ffffff"><i><b>a</b></i></span></p>
<p align="left"><span style="font-family: Liberation Serif, serif;color: #000000"><span style="font-size: large"><i><b>La agroecología como paradigma contragemónico. Una mirada desde la perspectiva de la integralidad universitaria.</b></i></span></span></p>
<p align="left"><span style="color: #000000"><span style="font-family: Liberation Serif, serif"><span style="font-size: medium">Dra. Margarita Bonicatto, Dra. Paula Fontana <span lang="es-ES-u-co-trad">&amp;</span> Dra. Carolina Rosenberg</span></span></span></p>
<p align="left"><span style="color: #000000"><span style="font-family: Liberation Serif, serif"><span style="font-size: medium">Coordina: Lic. Soledad Duré</span></span></span></p>

<p>&nbsp; Las mesas redondas se conciben como espacios de discusión crítica sobre temas específicos, capaces de trascender las disciplinas, que -en principio, no están contemplados explícitamente en los ejes temáticos propuestos. Cada una de las mesas redondas estará coordinada por un/a especialista y conformada por un panel de referentes destacados en la temática provenientes de [&hellip;]</p>
