{"id":10,"date":"2025-05-19T14:51:08","date_gmt":"2025-05-19T17:51:08","guid":{"rendered":"https:\/\/congresos.unlp.edu.ar\/printesim\/?page_id=10"},"modified":"2025-09-03T10:49:01","modified_gmt":"2025-09-03T13:49:01","slug":"conferencias","status":"publish","type":"page","link":"https:\/\/congresos.unlp.edu.ar\/printesim\/conferencias\/","title":{"rendered":"Conferencias"},"content":{"rendered":"<p><img loading=\"lazy\" decoding=\"async\" class=\"alignnone wp-image-81\" src=\"http:\/\/congresos.unlp.edu.ar\/printesim\/wp-content\/uploads\/sites\/98\/2025\/06\/cinta_conferencias-300x67.jpg\" alt=\"\" width=\"837\" height=\"187\" srcset=\"https:\/\/congresos.unlp.edu.ar\/printesim\/wp-content\/uploads\/sites\/98\/2025\/06\/cinta_conferencias-300x67.jpg 300w, https:\/\/congresos.unlp.edu.ar\/printesim\/wp-content\/uploads\/sites\/98\/2025\/06\/cinta_conferencias-1024x227.jpg 1024w, https:\/\/congresos.unlp.edu.ar\/printesim\/wp-content\/uploads\/sites\/98\/2025\/06\/cinta_conferencias-1536x341.jpg 1536w, https:\/\/congresos.unlp.edu.ar\/printesim\/wp-content\/uploads\/sites\/98\/2025\/06\/cinta_conferencias-2048x454.jpg 2048w\" sizes=\"auto, (max-width: 837px) 100vw, 837px\" \/><\/p>\n<p>&nbsp;<\/p>\n<h3 align=\"justify\"><span style=\"color: #000000\"><span style=\"font-family: Liberation Serif, serif\"><span style=\"font-size: large\"><i><b>La integralidad como ejercicio <span lang=\"es-ES-u-co-trad\">para<\/span> las pr\u00e1cticas intersectoriales e inter-disciplinarias. El caso Samay Huasi <\/b><\/i><\/span><\/span><\/span><\/h3>\n<p align=\"justify\"><span style=\"color: #000000\"><span style=\"font-family: Liberation Serif, serif\"><span style=\"font-size: medium\">Dr. Martin L\u00f3pez Armengol &amp; Dra. Mar\u00eda Bonicatto<\/span><\/span><\/span><\/p>\n<p><span style=\"color: #ffffff\">a<\/span><\/p>\n<h3 align=\"justify\"><span style=\"color: #000000\"><span style=\"font-family: Liberation Serif, serif\"><span style=\"font-size: large\"><i><b>El desaf\u00edo en la universidad para la formaci\u00f3n integral interpelada por el arte y la tecnolog\u00eda como lenguajes.<\/b><\/i><\/span><\/span><\/span><\/h3>\n<p align=\"left\"><span style=\"color: #000000\"><span style=\"font-family: Liberation Serif, serif\"><span style=\"font-size: medium\">Dra. Mariel Ciafardo, Mg. Luis Ferreyra Ortiz <span lang=\"es-ES-u-co-trad\">&amp; Mg<\/span>. Marilina Peralta<\/span><\/span><\/span><\/p>\n<p align=\"justify\"><span style=\"color: #ffffff\">a<\/span><\/p>\n<h3 align=\"left\"><span style=\"font-family: Liberation Serif, serif;color: #000000\"><span style=\"font-size: large\"><i><b>La<\/b><span lang=\"es-ES-u-co-trad\"><b>s<\/b><\/span><b> pr\u00e1ctica<\/b><span lang=\"es-ES-u-co-trad\"><b>s<\/b><\/span><b> integral<\/b><span lang=\"es-ES-u-co-trad\"><b>es en <\/b><\/span><b>perspectiva. <\/b><span lang=\"es-ES-u-co-trad\"><b>Interpelando <\/b><\/span><b>la formaci\u00f3n universitaria y la producci\u00f3n de conocimiento <\/b><\/i><\/span><\/span><\/h3>\n<p align=\"left\"><span style=\"font-family: Liberation Serif, serif;color: #000000\"><span style=\"font-size: medium\">Dr. Fernando Tauber, Lic. Mar\u00eda Cristina Piro <span lang=\"es-ES-u-co-trad\">&amp; Dr. Marcos Actis<\/span><\/span><\/span><\/p>\n<p align=\"left\"><span style=\"color: #ffffff\">a<\/span><\/p>\n<h2 style=\"text-align: center\"><span style=\"color: #800080\"><strong>CONVERSATORIO\u00a0 con\u00a0 AGUSTIN CANO<\/strong><\/span><\/h2>\n<p lang=\"es-ES-u-co-trad\" align=\"justify\"><span style=\"font-family: Liberation Serif, serif;color: #000000\"><span style=\"font-size: medium\">El espacio pretende reflexionar de manera informal y dialogada sobre las trazas de pr\u00e1cticas integrales en las universidades latinoam\u00e9ricanas con \u00e9nfasis en Uruguay y Argentina.<\/span><\/span><\/p>\n<p lang=\"es-ES-u-co-trad\"><span style=\"font-family: Liberation Serif, serif;color: #000000\"><span style=\"font-size: medium\">Dr. Agust\u00edn Cano. Universidad de La Rep\u00fablica. Montevideo. Uruguay.<\/span><\/span><\/p>\n<p>&nbsp;<\/p>\n","protected":false},"excerpt":{"rendered":"<p>&nbsp; La integralidad como ejercicio para las pr\u00e1cticas intersectoriales e inter-disciplinarias. El caso Samay Huasi Dr. Martin L\u00f3pez Armengol &amp; Dra. Mar\u00eda Bonicatto a El desaf\u00edo en la universidad para la formaci\u00f3n integral interpelada por el arte y la tecnolog\u00eda como lenguajes. Dra. Mariel Ciafardo, Mg. Luis Ferreyra Ortiz &amp; Mg. Marilina Peralta a Las [&hellip;]<\/p>\n","protected":false},"author":2,"featured_media":0,"parent":0,"menu_order":0,"comment_status":"closed","ping_status":"closed","template":"","meta":{"advgb_blocks_editor_width":"","advgb_blocks_columns_visual_guide":"","footnotes":""},"class_list":["post-10","page","type-page","status-publish","hentry","post"],"aioseo_notices":[],"coauthors":[],"author_meta":{"author_link":"https:\/\/congresos.unlp.edu.ar\/printesim\/author\/congresos\/","display_name":"congresos"},"relative_dates":{"created":"Posted 11 meses ago","modified":"Updated 8 meses ago"},"absolute_dates":{"created":"Posted on 19 mayo, 2025","modified":"Updated on 3 septiembre, 2025"},"absolute_dates_time":{"created":"Posted on 19 mayo, 2025 2:51 pm","modified":"Updated on 3 septiembre, 2025 10:49 am"},"featured_img_caption":"","featured_img":false,"series_order":"","_links":{"self":[{"href":"https:\/\/congresos.unlp.edu.ar\/printesim\/wp-json\/wp\/v2\/pages\/10","targetHints":{"allow":["GET"]}}],"collection":[{"href":"https:\/\/congresos.unlp.edu.ar\/printesim\/wp-json\/wp\/v2\/pages"}],"about":[{"href":"https:\/\/congresos.unlp.edu.ar\/printesim\/wp-json\/wp\/v2\/types\/page"}],"author":[{"embeddable":true,"href":"https:\/\/congresos.unlp.edu.ar\/printesim\/wp-json\/wp\/v2\/users\/2"}],"replies":[{"embeddable":true,"href":"https:\/\/congresos.unlp.edu.ar\/printesim\/wp-json\/wp\/v2\/comments?post=10"}],"version-history":[{"count":0,"href":"https:\/\/congresos.unlp.edu.ar\/printesim\/wp-json\/wp\/v2\/pages\/10\/revisions"}],"wp:attachment":[{"href":"https:\/\/congresos.unlp.edu.ar\/printesim\/wp-json\/wp\/v2\/media?parent=10"}],"curies":[{"name":"wp","href":"https:\/\/api.w.org\/{rel}","templated":true}]}}

<p><img loading="lazy" decoding="async" class="alignnone wp-image-81" src="http://congresos.unlp.edu.ar/printesim/wp-content/uploads/sites/98/2025/06/cinta_conferencias-300x67.jpg" alt="" width="837" height="187" srcset="https://congresos.unlp.edu.ar/printesim/wp-content/uploads/sites/98/2025/06/cinta_conferencias-300x67.jpg 300w, https://congresos.unlp.edu.ar/printesim/wp-content/uploads/sites/98/2025/06/cinta_conferencias-1024x227.jpg 1024w, https://congresos.unlp.edu.ar/printesim/wp-content/uploads/sites/98/2025/06/cinta_conferencias-1536x341.jpg 1536w, https://congresos.unlp.edu.ar/printesim/wp-content/uploads/sites/98/2025/06/cinta_conferencias-2048x454.jpg 2048w" sizes="auto, (max-width: 837px) 100vw, 837px" /></p>
<p>&nbsp;</p>
<h3 align="justify"><span style="color: #000000"><span style="font-family: Liberation Serif, serif"><span style="font-size: large"><i><b>La integralidad como ejercicio <span lang="es-ES-u-co-trad">para</span> las prácticas intersectoriales e inter-disciplinarias. El caso Samay Huasi </b></i></span></span></span></h3>
<p align="justify"><span style="color: #000000"><span style="font-family: Liberation Serif, serif"><span style="font-size: medium">Dr. Martin López Armengol &amp; Dra. María Bonicatto</span></span></span></p>
<p><span style="color: #ffffff">a</span></p>
<h3 align="justify"><span style="color: #000000"><span style="font-family: Liberation Serif, serif"><span style="font-size: large"><i><b>El desafío en la universidad para la formación integral interpelada por el arte y la tecnología como lenguajes.</b></i></span></span></span></h3>
<p align="left"><span style="color: #000000"><span style="font-family: Liberation Serif, serif"><span style="font-size: medium">Dra. Mariel Ciafardo, Mg. Luis Ferreyra Ortiz <span lang="es-ES-u-co-trad">&amp; Mg</span>. Marilina Peralta</span></span></span></p>
<p align="justify"><span style="color: #ffffff">a</span></p>
<h3 align="left"><span style="font-family: Liberation Serif, serif;color: #000000"><span style="font-size: large"><i><b>La</b><span lang="es-ES-u-co-trad"><b>s</b></span><b> práctica</b><span lang="es-ES-u-co-trad"><b>s</b></span><b> integral</b><span lang="es-ES-u-co-trad"><b>es en </b></span><b>perspectiva. </b><span lang="es-ES-u-co-trad"><b>Interpelando </b></span><b>la formación universitaria y la producción de conocimiento </b></i></span></span></h3>
<p align="left"><span style="font-family: Liberation Serif, serif;color: #000000"><span style="font-size: medium">Dr. Fernando Tauber, Lic. María Cristina Piro <span lang="es-ES-u-co-trad">&amp; Dr. Marcos Actis</span></span></span></p>
<p align="left"><span style="color: #ffffff">a</span></p>
<h2 style="text-align: center"><span style="color: #800080"><strong>CONVERSATORIO  con  AGUSTIN CANO</strong></span></h2>
<p lang="es-ES-u-co-trad" align="justify"><span style="font-family: Liberation Serif, serif;color: #000000"><span style="font-size: medium">El espacio pretende reflexionar de manera informal y dialogada sobre las trazas de prácticas integrales en las universidades latinoaméricanas con énfasis en Uruguay y Argentina.</span></span></p>
<p lang="es-ES-u-co-trad"><span style="font-family: Liberation Serif, serif;color: #000000"><span style="font-size: medium">Dr. Agustín Cano. Universidad de La República. Montevideo. Uruguay.</span></span></p>
<p>&nbsp;</p>

<p>&nbsp; La integralidad como ejercicio para las prácticas intersectoriales e inter-disciplinarias. El caso Samay Huasi Dr. Martin López Armengol &amp; Dra. María Bonicatto a El desafío en la universidad para la formación integral interpelada por el arte y la tecnología como lenguajes. Dra. Mariel Ciafardo, Mg. Luis Ferreyra Ortiz &amp; Mg. Marilina Peralta a Las [&hellip;]</p>
