{"id":26,"date":"2025-06-13T10:56:18","date_gmt":"2025-06-13T13:56:18","guid":{"rendered":"https:\/\/congresos.unlp.edu.ar\/pimamt\/?page_id=26"},"modified":"2025-08-27T11:26:24","modified_gmt":"2025-08-27T14:26:24","slug":"academicas","status":"publish","type":"page","link":"https:\/\/congresos.unlp.edu.ar\/pimamt\/academicas\/","title":{"rendered":"Acad\u00e9micas"},"content":{"rendered":"<p><em><strong>Mesas tem\u00e1ticas<\/strong><\/em><\/p>\n<p><strong>Mesa 1:<\/strong><br \/>\nCirculaci\u00f3n de agentes, saberes y pr\u00e1cticas de gobierno y justicia en el mundo Atl\u00e1ntico (siglos XVI-XIX)<br \/>\nSergio Angeli (UBA\/CONICET) sh.angeli@gmail.com<br \/>\nArrigo Amadori (CONICET\/UNTREF) arrigoamadori@conicet.gov.ar<\/p>\n<p><strong>Mesa 3:<\/strong><br \/>\nLa plataforma meridional espa\u00f1ola en la construcci\u00f3n de un atl\u00e1ntico global: ciudades, puertos, agentes y redes<br \/>\nJuan Jos\u00e9 Iglesias Rodr\u00edguez (Universidad de Sevilla) jjiglesias@us.es<br \/>\nGuadalupe Carrasco Gonz\u00e1lez (Universidad de C\u00e1diz) guadalupe.carrasco@uca.es<br \/>\nB\u00e9atrice Perez (Sorbonne Universit\u00e9) oriteperez@aol.com<\/p>\n<p><strong>Mesa 4:<\/strong><br \/>\nProyecci\u00f3n atl\u00e1ntica de la monarqu\u00eda de Espa\u00f1a: redes de poder, comercio e instituciones (ss. XVII \u2013 XVIII)<br \/>\nMario Luis L\u00f3pez Dur\u00e1n (Universidad Aut\u00f3noma de Madrid) marioluis.lopez@uam.es<br \/>\nAlberto Hern\u00e1ndez P\u00e9rez (Universidad Aut\u00f3noma de Madrid) alberto.hernandezp@uam.es<br \/>\nSebasti\u00e1n Sisto (UNLP) sdsisto@gmail.com<\/p>\n<p><strong>Mesa 6:<\/strong><br \/>\nLa Historia Atl\u00e1ntica desde el aula. Experiencias, debates y re\udbc0\uddf4lexiones sobre su ense\u00f1anza en el Nivel Medio<br \/>\nMilena Mari\u00f1o Duarte (Bachillerato de Bellas Artes, UNLP) milenamarixo@gmail.com<br \/>\nRafael Jos\u00e9 Moneta (FaHCE, UNLP) rafaxb@gmail.com<br \/>\nAlejandra G. Lamas (UNLP-CHAYA) alejandrag.lamas@gmail.com<\/p>\n<p><strong>Mesa 8:<\/strong><br \/>\nTransferencias culturales, redes y poder en la construcci\u00f3n del mundo atl\u00e1ntico (siglo XV-primera mitad del siglo<br \/>\nXVII) I \/ II<br \/>\nV\u00edctor Mu\u00f1oz G\u00f3mez (IATEXT-ULPGC) victor.munoz@ulpgc.es<br \/>\nDaniel Exp\u00f3sito S\u00e1nchez (UPR-R\u00edo Piedras)<br \/>\nNahuel Cavagnaro (UNLP) nahuelcavagnaro@gmail.com<br \/>\nV\u00edctor Pereyra (UNLP) vopereyra@gmail.com<br \/>\nJavier Chimondeguy (UNICEN) jchimondeguy@gmail.com<\/p>\n<p><strong>Mesa 9:<\/strong><br \/>\nA ambos lados del Oc\u00e9ano. La ense\u00f1anza de la historia atl\u00e1ntica (siglos XVI-XX)<br \/>\nLiliana Andreia Valente Neves (Universidade do Minho, Portugal) tulipa.lili@live.com.pt<br \/>\nDaniel Mena Acevedo (Universidade de Santiago de Compostela, Espa\u00f1a) menaacevedodaniel@gmail.com<br \/>\nSebasti\u00e1n Daniel Sisto (UNLP) sdsisto@gmail.com<\/p>\n<p><strong>Mesa 10:<\/strong><br \/>\nCirculaci\u00f3n de personas, bienes materiales e intangibles por el atl\u00e1ntico, durante los siglos XVI a XIX.<br \/>\nGuillermo O. Quinteros (UNLP, CHAyA, IdIHCS-CONICET) goscarquinteros@gmail.com<br \/>\nOsvaldo V\u00edctor Pereyra (UNLP, CHAyA, IdIHCS-CONICET) vopereyra@gmail.com<br \/>\nAng\u00e9lica Arias (Universidad Nacional de C\u00f3rdoba, CEDEP-UNSE-CONICET) angiearias1980@gmail.com<br \/>\nDepartamento de Historia<\/p>\n<p><strong>Mesa 11:<\/strong><br \/>\nDesde tiempos prehisp\u00e1nicos a los post-hisp\u00e1nicos: la importancia de los estudios interdisciplinarios para el an\u00e1lisis<br \/>\nde procesos sociales (entre el siglo XV y el primer cuarto del siglo XIX)<br \/>\nPaola Silvia Ramundo (CONICET, Pontificia Universidad Cat\u00f3lica Argentina,UBA) paola_ramundo@yahoo.com.ar<br \/>\nMariana Paola Zapatero (Pontificia Universidad Cat\u00f3lica Argentina) mariana.zapatero@gmail.com<\/p>\n<p><strong>Mesa 12:<\/strong><br \/>\nConflictos y resistencias ante los jueces y tribunales de los dos lados del Atl\u00e1ntico: de lo micro a lo macro, siglos<br \/>\nXV-XIX<br \/>\nOfelia Rey Castelao (Universidad de Santiago de Compostela) ofelia.rey@usc.es<br \/>\nElisa Caselli (Universidad de San Mart\u00edn, Buenos Aires) ecaselli@unsam.edu.ar<br \/>\nM\u00f3nica Fern\u00e1ndez Armesto (Universidad de Santiago de Compostela) monica.fernandez@usc.es<\/p>\n<p><strong>Mesa 13:<\/strong><br \/>\nAgentes, pr\u00e1cticas y creencias en los espacios atl\u00e1nticos: pol\u00edtica y religiosidad entre Europa y Am\u00e9rica (ss. XVI-XVIII)<br \/>\nFacundo Roca (CHAyA-IdIHCS-UNLP\/CONICET) facundo.roca@yahoo.com.ar<br \/>\nNahuel Vassallo (CESAL-UNICEN-CIC\/CONICET) nahuel.vassallo@gmail.com<\/p>\n<p><strong>Mesa 14:<\/strong><br \/>\n\u201cAm\u00e9rica\u201d en la historiograf\u00eda espa\u00f1ola y Latinoamericana desde los siglos XVI a XIX<br \/>\nIsrael Sanmart\u00edn (Universidad de Santiago de Compostela) israel.sanmartin@usc.es<br \/>\nOsvaldo V\u00edctor Pereyra (UNLP) vopereyra@gmail.com<\/p>\n<p><strong>Mesa 16:<\/strong><br \/>\nLas artes populares en torno a fiestas y rituales en Am\u00e9rica colonial<br \/>\nNatacha Valentina Segovia (Universidad Nacional de Lan\u00fas y UNLP) natachasegovia@gmail.com<br \/>\nJorgelina Araceli Sciorra(UNLP) jasci_21@hotmail.com<br \/>\nDepartamento de Historia<\/p>\n<p><strong>Mesa 17:<\/strong><br \/>\nLa ciudad moderna y sus oficios: identidades, con\udbc0\uddf4lictos y formas de organizaci\u00f3n laboral en el Mundo Atl\u00e1ntico<br \/>\nMario Sixto Puente (Universidad de Santiago de Compostela) mario.sixto.puente@usc.es<br \/>\nLuc\u00eda Uncal (UNLP) luciauncals@gmail.com<\/p>\n<p><strong>Mesa 18:<\/strong><br \/>\nTrabajos, trayectorias y traves\u00edas a los dos lados del atl\u00e1ntico: las econom\u00edas familiares ante los con\udbc0\uddf4lictos y las<br \/>\nresistencias cotidianas<br \/>\nTamara Gonz\u00e1lez L\u00f3pez (Universidade da Coru\u00f1a) tamara.gonzalez.lopez@udc.es<br \/>\nAna M. Sixto Barcia, Universidad de Le\u00f3n (ULE) asixb@unileon.es<br \/>\nMar\u00eda Jos\u00e9 P\u00e9rez \u00c1lvarez, Universidad de Le\u00f3n (ULE) mjpera@unileon.es<\/p>\n<p><strong>Mesa 19:<\/strong><br \/>\nPensar las Inquisiciones Ib\u00e9ricas en la Modernidad<br \/>\nJaqueline Vassallo (Universidad Nacional de C\u00f3rdoba\/CONICET, Argentina) jaquelinevassallo@yahoo.es<br \/>\nNatalia Urra Jaque (Universidad Andr\u00e9s Bello, Chile) natalia.urra@unab.cl<\/p>\n<p><strong>Mesa 21:<\/strong><br \/>\nLa uni\u00f3n hace la fuerza. Din\u00e1micas de los conflictos colectivos en las sociedades ib\u00e9ricas: poder, resistencia y negociaci\u00f3n<br \/>\nJacqueline Sarmiento (UNLP) jacquelinesarmiento@ymail.com<br \/>\nRub\u00e9n Castro Redondo (USC) rubencastroredondo@gmail.com<\/p>\n<p><strong>Mesa 22:<\/strong><br \/>\nEl uso de las im\u00e1genes en contextos coloniales y postcoloniales: representaci\u00f3n y dimensi\u00f3n performativa<br \/>\nMiguel Metelo de Seixas (UNOVA- Lisboa) miguelmeteloseixas@fcsh.unl.pt<br \/>\nLucas Andr\u00e9s Mas\u00e1n (UNICEN) andresmasan@gmail.com<br \/>\nDepartamento de Historia<\/p>\n<p><strong>Mesa 24:<\/strong><br \/>\nAs gentes do mar e o Atl\u00e2ntico: rela\u00e7\u00f5es sociais, viv\u00eancias laborais e perspectivas historiogr\u00e1ficas<br \/>\nJaime Rodrigues (UNIFESP) rodriguesjaime@gmail.com<br \/>\nCamila Acosta Queiroz (UFRGS) camilaacosta1901@gmail.com<br \/>\nIsabella Rocha (UNIFESP) isabella.rocha@unifesp.br<br \/>\nQuelen Ingrid Lopes (UEMG) queleningrid@gmail.com<br \/>\nEduardo Sartoretto (IH PAN) sartorettoeduardo@gmail.com<br \/>\nHugo Andr\u00e9 Flores Fernandes Ara\u00fajo (UFJF) hugoa\udbc0\uddf1fa@gmail.com<\/p>\n<p><strong>Panel:<br \/>\n<\/strong>Historiograf\u00edas del pasado colonial en Latinoam\u00e9rica: Visiones y legados atl\u00e1nticos (siglo XIX)<br \/>\nMarta Rodr\u00edguez (UBA)<br \/>\nB\u00e1rbara G\u00f3mez (Universidad Cat\u00f3lica de Nuestra Se\u00f1ora de Asunci\u00f3n)<br \/>\nJos\u00e9 Cal (Universidad San Carlos de Guatemala)<br \/>\nTom\u00e1s Sans\u00f3n Corbo (Universidad\u00a0de\u00a0Montevideo)<\/p>\n","protected":false},"excerpt":{"rendered":"<p>Mesas tem\u00e1ticas Mesa 1: Circulaci\u00f3n de agentes, saberes y pr\u00e1cticas de gobierno y justicia en el mundo Atl\u00e1ntico (siglos XVI-XIX) Sergio Angeli (UBA\/CONICET) sh.angeli@gmail.com Arrigo Amadori (CONICET\/UNTREF) arrigoamadori@conicet.gov.ar Mesa 3: La plataforma meridional espa\u00f1ola en la construcci\u00f3n de un atl\u00e1ntico global: ciudades, puertos, agentes y redes Juan Jos\u00e9 Iglesias Rodr\u00edguez (Universidad de Sevilla) jjiglesias@us.es Guadalupe [&hellip;]<\/p>\n","protected":false},"author":2,"featured_media":0,"parent":0,"menu_order":0,"comment_status":"closed","ping_status":"closed","template":"","meta":{"advgb_blocks_editor_width":"","advgb_blocks_columns_visual_guide":"","footnotes":""},"class_list":["post-26","page","type-page","status-publish","hentry","post"],"aioseo_notices":[],"coauthors":[],"author_meta":{"author_link":"https:\/\/congresos.unlp.edu.ar\/pimamt\/author\/congresos\/","display_name":"congresos"},"relative_dates":{"created":"Posted 11 meses ago","modified":"Updated 8 meses ago"},"absolute_dates":{"created":"Posted on 13 junio, 2025","modified":"Updated on 27 agosto, 2025"},"absolute_dates_time":{"created":"Posted on 13 junio, 2025 10:56 am","modified":"Updated on 27 agosto, 2025 11:26 am"},"featured_img_caption":"","featured_img":false,"series_order":"","_links":{"self":[{"href":"https:\/\/congresos.unlp.edu.ar\/pimamt\/wp-json\/wp\/v2\/pages\/26","targetHints":{"allow":["GET"]}}],"collection":[{"href":"https:\/\/congresos.unlp.edu.ar\/pimamt\/wp-json\/wp\/v2\/pages"}],"about":[{"href":"https:\/\/congresos.unlp.edu.ar\/pimamt\/wp-json\/wp\/v2\/types\/page"}],"author":[{"embeddable":true,"href":"https:\/\/congresos.unlp.edu.ar\/pimamt\/wp-json\/wp\/v2\/users\/2"}],"replies":[{"embeddable":true,"href":"https:\/\/congresos.unlp.edu.ar\/pimamt\/wp-json\/wp\/v2\/comments?post=26"}],"version-history":[{"count":0,"href":"https:\/\/congresos.unlp.edu.ar\/pimamt\/wp-json\/wp\/v2\/pages\/26\/revisions"}],"wp:attachment":[{"href":"https:\/\/congresos.unlp.edu.ar\/pimamt\/wp-json\/wp\/v2\/media?parent=26"}],"curies":[{"name":"wp","href":"https:\/\/api.w.org\/{rel}","templated":true}]}}