{"id":17,"date":"2025-06-13T10:56:18","date_gmt":"2025-06-13T13:56:18","guid":{"rendered":"https:\/\/congresos.unlp.edu.ar\/pimamt\/?page_id=17"},"modified":"2025-07-01T11:43:26","modified_gmt":"2025-07-01T14:43:26","slug":"comision-organizadora","status":"publish","type":"page","link":"https:\/\/congresos.unlp.edu.ar\/pimamt\/comision-organizadora\/","title":{"rendered":"Comisi\u00f3n organizadora"},"content":{"rendered":"<p>Dr. Emir Reitano<br \/>\nDr. V\u00edctor Pereyra<br \/>\nDr. Juli\u00e1n Carrera<br \/>\nDra. Jacqueline Sarmiento<br \/>\nDr. Facundo Roca<br \/>\nDra. Candela de Luca<br \/>\nMg. Juan Francisco Giordano<br \/>\nLic. Gast\u00f3n Garc\u00eda<br \/>\nProf. Julieta Miranda<br \/>\nProf. Pablo Moro<br \/>\nProf. Rafael Moneta<br \/>\nProf. Luc\u00eda Uncal<\/p>\n","protected":false},"excerpt":{"rendered":"<p>Dr. Emir Reitano Dr. V\u00edctor Pereyra Dr. Juli\u00e1n Carrera Dra. Jacqueline Sarmiento Dr. Facundo Roca Dra. Candela de Luca Mg. Juan Francisco Giordano Lic. Gast\u00f3n Garc\u00eda Prof. Julieta Miranda Prof. Pablo Moro Prof. Rafael Moneta Prof. Luc\u00eda Uncal<\/p>\n","protected":false},"author":2,"featured_media":0,"parent":0,"menu_order":0,"comment_status":"closed","ping_status":"closed","template":"","meta":{"advgb_blocks_editor_width":"","advgb_blocks_columns_visual_guide":"","footnotes":""},"class_list":["post-17","page","type-page","status-publish","hentry","post"],"aioseo_notices":[],"coauthors":[],"author_meta":{"author_link":"https:\/\/congresos.unlp.edu.ar\/pimamt\/author\/congresos\/","display_name":"congresos"},"relative_dates":{"created":"Posted 11 meses ago","modified":"Updated 10 meses ago"},"absolute_dates":{"created":"Posted on 13 junio, 2025","modified":"Updated on 1 julio, 2025"},"absolute_dates_time":{"created":"Posted on 13 junio, 2025 10:56 am","modified":"Updated on 1 julio, 2025 11:43 am"},"featured_img_caption":"","featured_img":false,"series_order":"","_links":{"self":[{"href":"https:\/\/congresos.unlp.edu.ar\/pimamt\/wp-json\/wp\/v2\/pages\/17","targetHints":{"allow":["GET"]}}],"collection":[{"href":"https:\/\/congresos.unlp.edu.ar\/pimamt\/wp-json\/wp\/v2\/pages"}],"about":[{"href":"https:\/\/congresos.unlp.edu.ar\/pimamt\/wp-json\/wp\/v2\/types\/page"}],"author":[{"embeddable":true,"href":"https:\/\/congresos.unlp.edu.ar\/pimamt\/wp-json\/wp\/v2\/users\/2"}],"replies":[{"embeddable":true,"href":"https:\/\/congresos.unlp.edu.ar\/pimamt\/wp-json\/wp\/v2\/comments?post=17"}],"version-history":[{"count":0,"href":"https:\/\/congresos.unlp.edu.ar\/pimamt\/wp-json\/wp\/v2\/pages\/17\/revisions"}],"wp:attachment":[{"href":"https:\/\/congresos.unlp.edu.ar\/pimamt\/wp-json\/wp\/v2\/media?parent=17"}],"curies":[{"name":"wp","href":"https:\/\/api.w.org\/{rel}","templated":true}]}}