{"id":100,"date":"2025-07-01T11:30:23","date_gmt":"2025-07-01T14:30:23","guid":{"rendered":"https:\/\/congresos.unlp.edu.ar\/pimamt\/?page_id=100"},"modified":"2025-07-01T11:45:00","modified_gmt":"2025-07-01T14:45:00","slug":"equipo-tecnico","status":"publish","type":"page","link":"https:\/\/congresos.unlp.edu.ar\/pimamt\/equipo-tecnico\/","title":{"rendered":"Colaboradores"},"content":{"rendered":"<p><em><strong>Graduados<\/strong><\/em><\/p>\n<p>Dr. Nahuel Cavagnaro<br \/>\nMg. Sebasti\u00e1n Sisto<br \/>\nProf. Alejandra Lamas<br \/>\nProf. Teresa Berizonce<br \/>\nProf. Juliana Scelsio<br \/>\nProf. Roc\u00edo Pauwels<br \/>\nProf. Rosario Lama<br \/>\nProf. Florencia Cavanagh<br \/>\nProf. Magdalena Karaman<br \/>\nProf. Jos\u00e9 Simone<br \/>\nProf. Amalia Petrongolo<br \/>\nProf. Leonardo Dar\u00edo Castro<br \/>\nProf. Andr\u00e9s Oro\u00f1o<br \/>\nProf. Mateo Espada<br \/>\nProf. Rocio Miranda Ruscitti<br \/>\nProf. Sof\u00eda Benz<br \/>\nProf. Juli\u00e1n Acosta<br \/>\nProf. Ariel Ferreira<br \/>\nProf. Malena Osio Dotti<br \/>\nProf. Catalina Neumann<\/p>\n<p>&nbsp;<\/p>\n<p><em><strong>Estudiantes<\/strong><\/em><\/p>\n<p>Malvina Harispe<br \/>\nLuisina Giuliodori<br \/>\nCamilo Zingarelli<br \/>\nMar\u00eda Rossini<br \/>\nValentina Parodi<br \/>\nMarilina del R\u00edo<br \/>\nAlina Valoff<br \/>\nAlejandra Rojas<br \/>\nLautaro Herrera<br \/>\nMar\u00eda Victoria Marafuschi<br \/>\nNahuel Perez Casal<br \/>\nJulia Dalceggio<br \/>\nFrancisco De Cucco<br \/>\nTom\u00e1s Gomez<br \/>\nRicardo Rulli<\/p>\n","protected":false},"excerpt":{"rendered":"<p>Graduados Dr. Nahuel Cavagnaro Mg. Sebasti\u00e1n Sisto Prof. Alejandra Lamas Prof. Teresa Berizonce Prof. Juliana Scelsio Prof. Roc\u00edo Pauwels Prof. Rosario Lama Prof. Florencia Cavanagh Prof. Magdalena Karaman Prof. Jos\u00e9 Simone Prof. Amalia Petrongolo Prof. Leonardo Dar\u00edo Castro Prof. Andr\u00e9s Oro\u00f1o Prof. Mateo Espada Prof. Rocio Miranda Ruscitti Prof. Sof\u00eda Benz Prof. Juli\u00e1n Acosta Prof. [&hellip;]<\/p>\n","protected":false},"author":240,"featured_media":0,"parent":0,"menu_order":0,"comment_status":"closed","ping_status":"closed","template":"","meta":{"advgb_blocks_editor_width":"","advgb_blocks_columns_visual_guide":"","footnotes":""},"class_list":["post-100","page","type-page","status-publish","hentry","post"],"aioseo_notices":[],"coauthors":[],"author_meta":{"author_link":"https:\/\/congresos.unlp.edu.ar\/pimamt\/author\/moropoablo\/","display_name":"moropoablo"},"relative_dates":{"created":"Posted 10 meses ago","modified":"Updated 10 meses ago"},"absolute_dates":{"created":"Posted on 1 julio, 2025","modified":"Updated on 1 julio, 2025"},"absolute_dates_time":{"created":"Posted on 1 julio, 2025 11:30 am","modified":"Updated on 1 julio, 2025 11:45 am"},"featured_img_caption":"","featured_img":false,"series_order":"","_links":{"self":[{"href":"https:\/\/congresos.unlp.edu.ar\/pimamt\/wp-json\/wp\/v2\/pages\/100","targetHints":{"allow":["GET"]}}],"collection":[{"href":"https:\/\/congresos.unlp.edu.ar\/pimamt\/wp-json\/wp\/v2\/pages"}],"about":[{"href":"https:\/\/congresos.unlp.edu.ar\/pimamt\/wp-json\/wp\/v2\/types\/page"}],"author":[{"embeddable":true,"href":"https:\/\/congresos.unlp.edu.ar\/pimamt\/wp-json\/wp\/v2\/users\/240"}],"replies":[{"embeddable":true,"href":"https:\/\/congresos.unlp.edu.ar\/pimamt\/wp-json\/wp\/v2\/comments?post=100"}],"version-history":[{"count":0,"href":"https:\/\/congresos.unlp.edu.ar\/pimamt\/wp-json\/wp\/v2\/pages\/100\/revisions"}],"wp:attachment":[{"href":"https:\/\/congresos.unlp.edu.ar\/pimamt\/wp-json\/wp\/v2\/media?parent=100"}],"curies":[{"name":"wp","href":"https:\/\/api.w.org\/{rel}","templated":true}]}}