{"id":18,"date":"2019-12-19T11:30:22","date_gmt":"2019-12-19T14:30:22","guid":{"rendered":"http:\/\/congresos.unlp.edu.ar\/microvet\/?page_id=18"},"modified":"2021-02-20T12:53:23","modified_gmt":"2021-02-20T15:53:23","slug":"comision-cientifica","status":"publish","type":"page","link":"https:\/\/congresos.unlp.edu.ar\/microvet?page_id=18","title":{"rendered":"Comisi\u00f3n cient\u00edfica"},"content":{"rendered":"<p><span style=\"color: #333399\"><strong>Secretaria<\/strong><\/span><\/p>\n<ul>\n<li><strong>Susana C\u00f3rdoba<\/strong>\u00a0 (C\u00e1tedra de Micolog\u00eda cl\u00ednica e industrial, FCV-UNLP; \u00a0Departamento de Micolog\u00eda INEIA- ANLIS &#8220;Dr. C. G. Malbr\u00e1n&#8221;)<\/li>\n<\/ul>\n<p><span style=\"color: #333399\"><strong>\u00a0<\/strong><strong>Integrantes<\/strong><\/span><\/p>\n<ul>\n<li><strong>Fiorella Alvarado Pinedo<\/strong>\u00a0 (Centro de Investigaciones\u00a0 Veterinaras -CEDIVE-, C\u00e1tedra de Histolog\u00eda y Embriolog\u00eda, FCV-UNLP).<\/li>\n<li><strong>Mar\u00eda Andrea Fiorentino\u00a0<\/strong> (Centro Regional Buenos Aires Sur, Estaci\u00f3n Experimental\u00a0Agropecuaria\u00a0 Balcarce, INTA).<\/li>\n<li><strong>Cristina Monteavaro\u00a0<\/strong> (\u00c1rea de Microbiolog\u00eda, Departamento Sanidad animal y medicina preventiva \u2013SAMP-, FCV-UNCPBA).<\/li>\n<li><strong>Javier Origlia<\/strong> (C\u00e1tedra de Patolog\u00eda de aves y pil\u00edferos, FCV- UNLP).<\/li>\n<li><strong>Javier Panei<\/strong> (C\u00e1tedra de Virolog\u00eda e Inmunolog\u00eda aplicada, FCV-UNLP).<\/li>\n<li><strong>Claudio Pidone<\/strong> (C\u00e1tedra de Enfermedades Infecciosas, FCV- UNR; C\u00e1tedras de Enfermedades Infecciosas y Microbiolog\u00eda, FV- UNLaR)<\/li>\n<\/ul>\n","protected":false},"excerpt":{"rendered":"<p>Secretaria Susana C\u00f3rdoba\u00a0 (C\u00e1tedra de Micolog\u00eda cl\u00ednica e industrial, FCV-UNLP; \u00a0Departamento de Micolog\u00eda INEIA- ANLIS &#8220;Dr. C. G. Malbr\u00e1n&#8221;) \u00a0Integrantes Fiorella Alvarado Pinedo\u00a0 (Centro de Investigaciones\u00a0 Veterinaras -CEDIVE-, C\u00e1tedra de Histolog\u00eda y Embriolog\u00eda, FCV-UNLP). Mar\u00eda Andrea Fiorentino\u00a0 (Centro Regional Buenos Aires Sur, Estaci\u00f3n Experimental\u00a0Agropecuaria\u00a0 Balcarce, INTA). Cristina Monteavaro\u00a0 (\u00c1rea de Microbiolog\u00eda, Departamento Sanidad animal y [&hellip;]<\/p>\n","protected":false},"author":2,"featured_media":0,"parent":0,"menu_order":0,"comment_status":"closed","ping_status":"closed","template":"","meta":{"advgb_blocks_editor_width":"","advgb_blocks_columns_visual_guide":"","footnotes":""},"class_list":["post-18","page","type-page","status-publish","hentry","post"],"aioseo_notices":[],"coauthors":[],"author_meta":{"author_link":"https:\/\/congresos.unlp.edu.ar\/microvet\/?author=2","display_name":"congresos"},"relative_dates":{"created":"Posted 6 a\u00f1os ago","modified":"Updated 5 a\u00f1os ago"},"absolute_dates":{"created":"Posted on 19 diciembre, 2019","modified":"Updated on 20 febrero, 2021"},"absolute_dates_time":{"created":"Posted on 19 diciembre, 2019 11:30 am","modified":"Updated on 20 febrero, 2021 12:53 pm"},"featured_img_caption":"","featured_img":false,"series_order":"","_links":{"self":[{"href":"https:\/\/congresos.unlp.edu.ar\/microvet\/index.php?rest_route=\/wp\/v2\/pages\/18","targetHints":{"allow":["GET"]}}],"collection":[{"href":"https:\/\/congresos.unlp.edu.ar\/microvet\/index.php?rest_route=\/wp\/v2\/pages"}],"about":[{"href":"https:\/\/congresos.unlp.edu.ar\/microvet\/index.php?rest_route=\/wp\/v2\/types\/page"}],"author":[{"embeddable":true,"href":"https:\/\/congresos.unlp.edu.ar\/microvet\/index.php?rest_route=\/wp\/v2\/users\/2"}],"replies":[{"embeddable":true,"href":"https:\/\/congresos.unlp.edu.ar\/microvet\/index.php?rest_route=%2Fwp%2Fv2%2Fcomments&post=18"}],"version-history":[{"count":0,"href":"https:\/\/congresos.unlp.edu.ar\/microvet\/index.php?rest_route=\/wp\/v2\/pages\/18\/revisions"}],"wp:attachment":[{"href":"https:\/\/congresos.unlp.edu.ar\/microvet\/index.php?rest_route=%2Fwp%2Fv2%2Fmedia&parent=18"}],"curies":[{"name":"wp","href":"https:\/\/api.w.org\/{rel}","templated":true}]}}