{"id":16,"date":"2019-12-19T11:29:21","date_gmt":"2019-12-19T14:29:21","guid":{"rendered":"http:\/\/congresos.unlp.edu.ar\/microvet\/?page_id=16"},"modified":"2020-11-03T08:21:48","modified_gmt":"2020-11-03T11:21:48","slug":"comision-organizadora","status":"publish","type":"page","link":"https:\/\/congresos.unlp.edu.ar\/microvet?page_id=16","title":{"rendered":"Comisi\u00f3n organizadora"},"content":{"rendered":"<p><span style=\"color: #333399\"><strong>Presidente<\/strong><\/span><\/p>\n<ul>\n<li><strong>Gabriela Giacoboni\u00a0<\/strong> (Departamento de Microbiolog\u00eda, FCV-UNLP)<\/li>\n<\/ul>\n<p><span style=\"color: #333399\"><strong>Vice Presidente<\/strong><\/span><\/p>\n<ul>\n<li><strong>Cecilia Galosi<\/strong> (C\u00e1tedra de Virolog\u00eda, FCV-UNLP)<\/li>\n<\/ul>\n<p><span style=\"color: #333399\"><strong>Secretar\u00eda General<\/strong><\/span><\/p>\n<ul>\n<li><strong>Miguel Ayala<\/strong> (C\u00e1tedra de Animales de Laboratorio y Bioterio, FCV-UNLP)<\/li>\n<li><strong>Fabiana Moredo<\/strong> (C\u00e1tedra de Microbiolog\u00eda, FCV-UNLP)<\/li>\n<li><strong>Francisco Reynaldi<\/strong> (C\u00e1tedra de Micolog\u00eda cl\u00ednica e industrial, FCV-UNLP)<\/li>\n<li><strong>Guillermo Sguazza<\/strong> (C\u00e1tedra de Virolog\u00eda, FCV-UNLP)<\/li>\n<\/ul>\n<p><span style=\"color: #333399\"><strong>Secretar\u00eda de Actas<\/strong><\/span><\/p>\n<ul>\n<li><strong>Mar\u00eda Fernanda <\/strong><b>G\u00f3mez<\/b>\u00a0(C\u00e1tedra de Microbiolog\u00eda, FCV-UNLP)<\/li>\n<\/ul>\n<p><span style=\"color: #333399\"><strong>Tesorer\u00eda\/finanzas<\/strong><\/span><\/p>\n<ul>\n<li><strong>Fundaci\u00f3n Facultad Ciencias Veterinarias<\/strong><\/li>\n<li><strong>Fabiana Moredo<\/strong> (C\u00e1tedra de Microbiolog\u00eda, FCV-UNLP)<\/li>\n<\/ul>\n","protected":false},"excerpt":{"rendered":"<p>Presidente Gabriela Giacoboni\u00a0 (Departamento de Microbiolog\u00eda, FCV-UNLP) Vice Presidente Cecilia Galosi (C\u00e1tedra de Virolog\u00eda, FCV-UNLP) Secretar\u00eda General Miguel Ayala (C\u00e1tedra de Animales de Laboratorio y Bioterio, FCV-UNLP) Fabiana Moredo (C\u00e1tedra de Microbiolog\u00eda, FCV-UNLP) Francisco Reynaldi (C\u00e1tedra de Micolog\u00eda cl\u00ednica e industrial, FCV-UNLP) Guillermo Sguazza (C\u00e1tedra de Virolog\u00eda, FCV-UNLP) Secretar\u00eda de Actas Mar\u00eda Fernanda G\u00f3mez\u00a0(C\u00e1tedra de [&hellip;]<\/p>\n","protected":false},"author":2,"featured_media":0,"parent":0,"menu_order":0,"comment_status":"closed","ping_status":"closed","template":"","meta":{"advgb_blocks_editor_width":"","advgb_blocks_columns_visual_guide":"","footnotes":""},"class_list":["post-16","page","type-page","status-publish","hentry","post"],"aioseo_notices":[],"coauthors":[],"author_meta":{"author_link":"https:\/\/congresos.unlp.edu.ar\/microvet\/?author=2","display_name":"congresos"},"relative_dates":{"created":"Posted 6 a\u00f1os ago","modified":"Updated 5 a\u00f1os ago"},"absolute_dates":{"created":"Posted on 19 diciembre, 2019","modified":"Updated on 3 noviembre, 2020"},"absolute_dates_time":{"created":"Posted on 19 diciembre, 2019 11:29 am","modified":"Updated on 3 noviembre, 2020 8:21 am"},"featured_img_caption":"","featured_img":false,"series_order":"","_links":{"self":[{"href":"https:\/\/congresos.unlp.edu.ar\/microvet\/index.php?rest_route=\/wp\/v2\/pages\/16","targetHints":{"allow":["GET"]}}],"collection":[{"href":"https:\/\/congresos.unlp.edu.ar\/microvet\/index.php?rest_route=\/wp\/v2\/pages"}],"about":[{"href":"https:\/\/congresos.unlp.edu.ar\/microvet\/index.php?rest_route=\/wp\/v2\/types\/page"}],"author":[{"embeddable":true,"href":"https:\/\/congresos.unlp.edu.ar\/microvet\/index.php?rest_route=\/wp\/v2\/users\/2"}],"replies":[{"embeddable":true,"href":"https:\/\/congresos.unlp.edu.ar\/microvet\/index.php?rest_route=%2Fwp%2Fv2%2Fcomments&post=16"}],"version-history":[{"count":0,"href":"https:\/\/congresos.unlp.edu.ar\/microvet\/index.php?rest_route=\/wp\/v2\/pages\/16\/revisions"}],"wp:attachment":[{"href":"https:\/\/congresos.unlp.edu.ar\/microvet\/index.php?rest_route=%2Fwp%2Fv2%2Fmedia&parent=16"}],"curies":[{"name":"wp","href":"https:\/\/api.w.org\/{rel}","templated":true}]}}