{"id":26,"date":"2022-03-10T11:07:43","date_gmt":"2022-03-10T14:07:43","guid":{"rendered":"https:\/\/congresos.unlp.edu.ar\/mapeoshitepac\/?page_id=26"},"modified":"2022-03-19T20:04:53","modified_gmt":"2022-03-19T23:04:53","slug":"acerca-de","status":"publish","type":"page","link":"https:\/\/congresos.unlp.edu.ar\/mapeoshitepac\/acerca-de\/","title":{"rendered":"Acerca de"},"content":{"rendered":"<p>El encuentro \u00a0propone indagar en las relaciones que vinculan a la cartograf\u00eda y los mapas con la historia del territorio. Apoyado en una dilatada trayectoria de la tem\u00e1tica, el objetivo principal radica en profundizar las\u00a0 relaciones de las pr\u00e1cticas cartogr\u00e1ficas \u2013lo que incluye sus t\u00e9cnicos, las instituciones, las formas de mapeo etc.- con los procedimientos que utilizamos al estudiar la historia territorial y urbana. Se trata de avanzar en dos grupos de interrogantes que creemos que se interpelan mutuamente. En primer lugar, preguntas referidas al lugar de los mapas y a los modos de mapear en distintos procesos urbanos y territoriales: el rol de los mapas en las transformaciones, las t\u00e9cnicas y procedimientos, la formaci\u00f3n de instituciones y reparticiones oficiales, los circuitos de educaci\u00f3n y discusi\u00f3n etc. En segundo lugar, nos proponemos determinadas preguntas metodol\u00f3gicas acerca de los modos de producci\u00f3n y el uso de los mapeos en la investigaci\u00f3n urbana y territorial, sus bases conceptuales, el lugar de la producci\u00f3n gr\u00e1fica en las m\u00faltiples disciplinas que estudian el espacio. A su vez, estos interrogantes\u00a0 atraviesan a dos conjuntos de documentos: por una parte, los mapas del pasado (y las constelaciones que los producen y dan sentido), que usamos como insumo y que tambi\u00e9n identificamos como problema, y por la otra\u00a0 aquellos mapas que producimos como parte de los procedimientos de an\u00e1lisis y para proponer nuevas interpretaciones de los procesos hist\u00f3rico-espaciales.<\/p>\n","protected":false},"excerpt":{"rendered":"<p>El encuentro \u00a0propone indagar en las relaciones que vinculan a la cartograf\u00eda y los mapas con la historia del territorio. Apoyado en una dilatada trayectoria de la tem\u00e1tica, el objetivo principal radica en profundizar las\u00a0 relaciones de las pr\u00e1cticas cartogr\u00e1ficas \u2013lo que incluye sus t\u00e9cnicos, las instituciones, las formas de mapeo etc.- con los procedimientos [&hellip;]<\/p>\n","protected":false},"author":2,"featured_media":0,"parent":0,"menu_order":0,"comment_status":"closed","ping_status":"closed","template":"","meta":{"advgb_blocks_editor_width":"","advgb_blocks_columns_visual_guide":"","footnotes":""},"class_list":["post-26","page","type-page","status-publish","hentry","post"],"aioseo_notices":[],"coauthors":[],"author_meta":{"author_link":"https:\/\/congresos.unlp.edu.ar\/mapeoshitepac\/author\/congresos\/","display_name":"congresos"},"relative_dates":{"created":"Posted 4 a\u00f1os ago","modified":"Updated 4 a\u00f1os ago"},"absolute_dates":{"created":"Posted on 10 marzo, 2022","modified":"Updated on 19 marzo, 2022"},"absolute_dates_time":{"created":"Posted on 10 marzo, 2022 11:07 am","modified":"Updated on 19 marzo, 2022 8:04 pm"},"featured_img_caption":"","featured_img":false,"series_order":"","_links":{"self":[{"href":"https:\/\/congresos.unlp.edu.ar\/mapeoshitepac\/wp-json\/wp\/v2\/pages\/26","targetHints":{"allow":["GET"]}}],"collection":[{"href":"https:\/\/congresos.unlp.edu.ar\/mapeoshitepac\/wp-json\/wp\/v2\/pages"}],"about":[{"href":"https:\/\/congresos.unlp.edu.ar\/mapeoshitepac\/wp-json\/wp\/v2\/types\/page"}],"author":[{"embeddable":true,"href":"https:\/\/congresos.unlp.edu.ar\/mapeoshitepac\/wp-json\/wp\/v2\/users\/2"}],"replies":[{"embeddable":true,"href":"https:\/\/congresos.unlp.edu.ar\/mapeoshitepac\/wp-json\/wp\/v2\/comments?post=26"}],"version-history":[{"count":0,"href":"https:\/\/congresos.unlp.edu.ar\/mapeoshitepac\/wp-json\/wp\/v2\/pages\/26\/revisions"}],"wp:attachment":[{"href":"https:\/\/congresos.unlp.edu.ar\/mapeoshitepac\/wp-json\/wp\/v2\/media?parent=26"}],"curies":[{"name":"wp","href":"https:\/\/api.w.org\/{rel}","templated":true}]}}