{"id":60,"date":"2022-01-16T23:54:32","date_gmt":"2022-01-17T02:54:32","guid":{"rendered":"https:\/\/congresos.unlp.edu.ar\/lasove\/?page_id=60"},"modified":"2022-01-16T23:54:32","modified_gmt":"2022-01-17T02:54:32","slug":"quienes-somos","status":"publish","type":"page","link":"https:\/\/congresos.unlp.edu.ar\/lasove\/quienes-somos\/","title":{"rendered":"Qui\u00e9nes somos"},"content":{"rendered":"<p><span lang=\"es-AR\">La Sociedad de Ecolog\u00eda de Vectores (<\/span><span lang=\"es-AR\"><i>Society for Vector Ecology<\/i><\/span><span lang=\"es-AR\">, SOVE) es una organizaci\u00f3n profesional formada en California (EEUU de Norteam\u00e9rica) en 1968 por un grupo de personas involucradas en programas de control y biolog\u00eda de vectores. Desde entonces la membres\u00eda ha crecido y hoy es una amalgama de profesionales de todo el mundo dedicados a la investigaci\u00f3n, a la extensi\u00f3n y a cuestiones operativas y de gesti\u00f3n. Actualmente existen cuatro cap\u00edtulos internacionales de SOVE: SOVE Europeo, establecido en 1986; SOVE Asi\u00e1tico en 2011; SOVE Indio en 2017; y SOVE Brasile\u00f1o en 2010. Este \u00faltimo en 2019 se expandi\u00f3 a SOVE Latinoamericano (LA SOVE), habi\u00e9ndose llevado a cabo el encuentro inaugural de LA SOVE en la ciudad de Manaos (Brasil) en Noviembre de 2019.<\/span><\/p>\n<p><span lang=\"es-AR\">La misi\u00f3n de LA SOVE es promover un v\u00ednculo estrecho entre la academia, los profesionales de la salud y los formuladores de pol\u00edticas, con el fin de lograr la reducci\u00f3n y\/o eliminaci\u00f3n de enfermedades desatendidas zoon\u00f3ticas y transmitidas por vectores en Am\u00e9rica Latina, y una gesti\u00f3n sostenible para el control de dichos vectores.<\/span><\/p>\n","protected":false},"excerpt":{"rendered":"<p>La Sociedad de Ecolog\u00eda de Vectores (Society for Vector Ecology, SOVE) es una organizaci\u00f3n profesional formada en California (EEUU de Norteam\u00e9rica) en 1968 por un grupo de personas involucradas en programas de control y biolog\u00eda de vectores. Desde entonces la membres\u00eda ha crecido y hoy es una amalgama de profesionales de todo el mundo dedicados [&hellip;]<\/p>\n","protected":false},"author":123,"featured_media":0,"parent":0,"menu_order":0,"comment_status":"closed","ping_status":"closed","template":"","meta":{"advgb_blocks_editor_width":"","advgb_blocks_columns_visual_guide":"","footnotes":""},"class_list":["post-60","page","type-page","status-publish","hentry","post"],"aioseo_notices":[],"coauthors":[],"author_meta":{"author_link":"https:\/\/congresos.unlp.edu.ar\/lasove\/author\/victoria\/","display_name":"victoria"},"relative_dates":{"created":"Publicado 4 a\u00f1os hace","modified":"Actualizado 4 a\u00f1os hace"},"absolute_dates":{"created":"Publicado el 16 enero, 2022","modified":"Actualizado el 16 enero, 2022"},"absolute_dates_time":{"created":"Publicado el 16 enero, 2022 11:54 pm","modified":"Actualizado el 16 enero, 2022 11:54 pm"},"featured_img_caption":"","featured_img":false,"series_order":"","_links":{"self":[{"href":"https:\/\/congresos.unlp.edu.ar\/lasove\/wp-json\/wp\/v2\/pages\/60","targetHints":{"allow":["GET"]}}],"collection":[{"href":"https:\/\/congresos.unlp.edu.ar\/lasove\/wp-json\/wp\/v2\/pages"}],"about":[{"href":"https:\/\/congresos.unlp.edu.ar\/lasove\/wp-json\/wp\/v2\/types\/page"}],"author":[{"embeddable":true,"href":"https:\/\/congresos.unlp.edu.ar\/lasove\/wp-json\/wp\/v2\/users\/123"}],"replies":[{"embeddable":true,"href":"https:\/\/congresos.unlp.edu.ar\/lasove\/wp-json\/wp\/v2\/comments?post=60"}],"version-history":[{"count":0,"href":"https:\/\/congresos.unlp.edu.ar\/lasove\/wp-json\/wp\/v2\/pages\/60\/revisions"}],"wp:attachment":[{"href":"https:\/\/congresos.unlp.edu.ar\/lasove\/wp-json\/wp\/v2\/media?parent=60"}],"curies":[{"name":"wp","href":"https:\/\/api.w.org\/{rel}","templated":true}]}}