{"id":20,"date":"2022-05-27T14:06:12","date_gmt":"2022-05-27T17:06:12","guid":{"rendered":"https:\/\/congresos.unlp.edu.ar\/jqi\/?page_id=20"},"modified":"2024-04-05T16:16:46","modified_gmt":"2024-04-05T19:16:46","slug":"vjqi-conferencistas","status":"publish","type":"page","link":"https:\/\/congresos.unlp.edu.ar\/jqi\/vjqi-conferencistas\/","title":{"rendered":"Conferencistas V JQI"},"content":{"rendered":"<div id=\"pl-20\"  class=\"panel-layout\" ><div id=\"pg-20-0\"  class=\"panel-grid panel-no-style\" ><div id=\"pgc-20-0-0\"  class=\"panel-grid-cell\" ><div id=\"panel-20-0-0-0\" class=\"so-panel widget widget_sow-button panel-first-child panel-last-child\" data-index=\"0\" ><div\n\t\t\t\n\t\t\tclass=\"so-widget-sow-button so-widget-sow-button-flat-36e22cfc6189-20\"\n\t\t\t\n\t\t><div class=\"ow-button-base ow-button-align-center\"\n>\n\t\t\t<a\n\t\t\t\t\thref=\"https:\/\/congresos.unlp.edu.ar\/jqi\/vjqi\/\"\n\t\t\t\t\tclass=\"sowb-button ow-icon-placement-left ow-button-hover\" \t>\n\t\t<span>\n\t\t\t<span class=\"sow-icon-fontawesome sow-far\" data-sow-icon=\"&#xf359;\"\n\t\tstyle=\"color: #dd3333\" \n\t\taria-hidden=\"true\"><\/span>\n\t\t\tVolver a V JQI\t\t<\/span>\n\t\t\t<\/a>\n\t<\/div>\n<\/div><\/div><\/div><div id=\"pgc-20-0-1\"  class=\"panel-grid-cell\" ><div id=\"panel-20-0-1-0\" class=\"so-panel widget widget_block panel-first-child panel-last-child\" data-index=\"1\" > <\/div><\/div><\/div><div id=\"pg-20-1\"  class=\"panel-grid panel-no-style\" ><div id=\"pgc-20-1-0\"  class=\"panel-grid-cell\" ><div id=\"panel-20-1-0-0\" class=\"so-panel widget widget_text panel-first-child\" data-index=\"2\" ><div class=\"so-rounded panel-widget-style panel-widget-style-for-20-1-0-0\" >\t\t\t<div class=\"textwidget\"><p><strong>Plenarias:<\/strong><\/p>\n<p>. <strong>St\u00e9phane Coussan<\/strong>, CNRS, Aix-Marseille University, Marsella, Francia<br \/>\nT\u00edtulo: <span style=\"color: #3366ff\">Study of intra and intermolecularly H-bonded molecules and aggregates trapped in cryogenic matrices. From monomers to H-bonded networks.<\/span><\/p>\n<p>. <strong>Mauricio Erben<\/strong>, CEQUINOR (UNLP &#8211; CONICET asociado a CIC), La Plata, Bs. As., Argentina<br \/>\nT\u00edtulo: <span style=\"color: #3366ff\">Nuevos Aportes a la Qu\u00edmica del Azufre: S\u00edntesis, Estructura, Espectroscop\u00eda y Potenciales Aplicaciones.<\/span><\/p>\n<p><strong>. Luis Baraldo<\/strong>, INQUIMAE (UBA &#8211; CONICET), CABA, Bs. As., Argentina<br \/>\nT\u00edtulo:\u00a0<span style=\"color: #3366ff\">Sistemas Acoplados por Puente Cianuro: Espectroscopia, Estados Excitados y Cat\u00e1lisis<\/span><\/p>\n<p>. <strong>Sandra Signorella<\/strong>, IQUIR (CONICET &#8211; UNR), Rosario, Santa Fe, Argentina<br \/>\nT\u00edtulo: <span style=\"color: #3366ff\">Influencia del entorno met\u00e1lico y la inmovilizaci\u00f3n en matrices s\u00f3lidas sobre la actividad catal\u00edtica de complejos bioinspirados. <\/span><\/p>\n<p>&nbsp;<\/p>\n<\/div>\n\t\t<\/div><\/div><div id=\"panel-20-1-0-1\" class=\"so-panel widget widget_block\" data-index=\"3\" > <\/div><div id=\"panel-20-1-0-2\" class=\"so-panel widget widget_text panel-last-child\" data-index=\"4\" ><div class=\"so-rounded panel-widget-style panel-widget-style-for-20-1-0-2\" >\t\t\t<div class=\"textwidget\"><p><strong>Semiplenarias:<\/strong><\/p>\n<p><strong>. Dra. I. L\u00eda Botto<\/strong>, CEQUINOR (UNLP &#8211; CONICET asociado a CIC), La Plata, Bs. As., Argentina<br \/>\nT\u00edtulo: <span style=\"color: #3366ff\">Estudios realizados en CEQUINOR sobre especies minerales de la Rep\u00fablica Argentina.<br \/>\nEvaluaci\u00f3n de su potencialidad tecnol\u00f3gica y actividades interdisciplinarias <\/span><\/p>\n<p><strong>. Dra. Graciela Zanini<\/strong>, INQUISUR (CONICET &#8211; UNS), Bah\u00eda Blanca, Argentina<br \/>\nT\u00edtulo: <span style=\"color: #3366ff\">Superficie de S\u00f3lidos Inorg\u00e1nicos Particulados para la cuantificaci\u00f3n, degradaci\u00f3n y retenci\u00f3n de contaminantes en agua. <\/span><\/p>\n<p><strong>. Dr. Mat\u00edas Rafti<\/strong>, INIFTA (CONICET &#8211; UNLP), La Plata, Bs. As., Argentina<br \/>\nT\u00edtulo: <span style=\"color: #3366ff\">Metal Organic Frameworks (MOFs) y su integraci\u00f3n en plataformas polim\u00e9ricas para diversas aplicaciones. <\/span><\/p>\n<p>&nbsp;<\/p>\n<\/div>\n\t\t<\/div><\/div><\/div><\/div><\/div>","protected":false},"excerpt":{"rendered":"<p>Plenarias: . St\u00e9phane Coussan, CNRS, Aix-Marseille University, Marsella, Francia T\u00edtulo: Study of intra and intermolecularly H-bonded molecules and aggregates trapped in cryogenic matrices. From monomers to H-bonded networks. . Mauricio Erben, CEQUINOR (UNLP &#8211; CONICET asociado a CIC), La Plata, Bs. As., Argentina T\u00edtulo: Nuevos Aportes a la Qu\u00edmica del Azufre: S\u00edntesis, Estructura, Espectroscop\u00eda y [&hellip;]<\/p>\n","protected":false},"author":2,"featured_media":0,"parent":0,"menu_order":0,"comment_status":"closed","ping_status":"closed","template":"","meta":{"advgb_blocks_editor_width":"","advgb_blocks_columns_visual_guide":"","footnotes":""},"class_list":["post-20","page","type-page","status-publish","hentry","post"],"aioseo_notices":[],"coauthors":[],"author_meta":{"author_link":"https:\/\/congresos.unlp.edu.ar\/jqi\/author\/congresos\/","display_name":"congresos"},"relative_dates":{"created":"Posted 4 years ago","modified":"Updated 2 years ago"},"absolute_dates":{"created":"Posted on 27 May, 2022","modified":"Updated on 5 April, 2024"},"absolute_dates_time":{"created":"Posted on 27 May, 2022 2:06 pm","modified":"Updated on 5 April, 2024 4:16 pm"},"featured_img_caption":"","featured_img":false,"series_order":"","_links":{"self":[{"href":"https:\/\/congresos.unlp.edu.ar\/jqi\/wp-json\/wp\/v2\/pages\/20","targetHints":{"allow":["GET"]}}],"collection":[{"href":"https:\/\/congresos.unlp.edu.ar\/jqi\/wp-json\/wp\/v2\/pages"}],"about":[{"href":"https:\/\/congresos.unlp.edu.ar\/jqi\/wp-json\/wp\/v2\/types\/page"}],"author":[{"embeddable":true,"href":"https:\/\/congresos.unlp.edu.ar\/jqi\/wp-json\/wp\/v2\/users\/2"}],"replies":[{"embeddable":true,"href":"https:\/\/congresos.unlp.edu.ar\/jqi\/wp-json\/wp\/v2\/comments?post=20"}],"version-history":[{"count":0,"href":"https:\/\/congresos.unlp.edu.ar\/jqi\/wp-json\/wp\/v2\/pages\/20\/revisions"}],"wp:attachment":[{"href":"https:\/\/congresos.unlp.edu.ar\/jqi\/wp-json\/wp\/v2\/media?parent=20"}],"curies":[{"name":"wp","href":"https:\/\/api.w.org\/{rel}","templated":true}]}}