{"id":13,"date":"2022-05-27T14:05:33","date_gmt":"2022-05-27T17:05:33","guid":{"rendered":"https:\/\/congresos.unlp.edu.ar\/jqi\/?page_id=13"},"modified":"2025-12-26T14:51:00","modified_gmt":"2025-12-26T17:51:00","slug":"presentacion","status":"publish","type":"page","link":"https:\/\/congresos.unlp.edu.ar\/jqi\/presentacion\/","title":{"rendered":"Presentaci\u00f3n"},"content":{"rendered":"<p>El Comit\u00e9 Organizador de las VII Jornadas de Qu\u00edmica Inorg\u00e1nica Prof. Aymonino tiene el agrado de invitar a la comunidad cient\u00edfica y acad\u00e9mica a participar de este evento a realizarse los d\u00edas 15 y 16 de octubre de 2026.<br \/>\nEn esta oportunidad las Jornadas se llevar\u00e1n a cabo en modalidad presencial en las instalaciones del CCT-CONICET La Plata (calle 8 N\u00ba 1467, La Plata).<br \/>\nLas jornadas tienen por objetivo el intercambio de las diversas actividades cient\u00edficas que se realizan en el pa\u00eds en torno a la Qu\u00edmica Inorg\u00e1nica, actualizando las tem\u00e1ticas a trav\u00e9s de conferencias plenarias, semiplenarias, exposiciones orales y presentaciones en modalidad p\u00f3ster.<\/p>\n","protected":false},"excerpt":{"rendered":"<p>El Comit\u00e9 Organizador de las VII Jornadas de Qu\u00edmica Inorg\u00e1nica Prof. Aymonino tiene el agrado de invitar a la comunidad cient\u00edfica y acad\u00e9mica a participar de este evento a realizarse los d\u00edas 15 y 16 de octubre de 2026. En esta oportunidad las Jornadas se llevar\u00e1n a cabo en modalidad presencial en las instalaciones del [&hellip;]<\/p>\n","protected":false},"author":2,"featured_media":0,"parent":0,"menu_order":0,"comment_status":"closed","ping_status":"closed","template":"","meta":{"advgb_blocks_editor_width":"","advgb_blocks_columns_visual_guide":"","footnotes":""},"class_list":["post-13","page","type-page","status-publish","hentry","post"],"aioseo_notices":[],"coauthors":[],"author_meta":{"author_link":"https:\/\/congresos.unlp.edu.ar\/jqi\/author\/congresos\/","display_name":"congresos"},"relative_dates":{"created":"Posted 4 a\u00f1os ago","modified":"Updated 4 meses ago"},"absolute_dates":{"created":"Posted on 27 mayo, 2022","modified":"Updated on 26 diciembre, 2025"},"absolute_dates_time":{"created":"Posted on 27 mayo, 2022 2:05 pm","modified":"Updated on 26 diciembre, 2025 2:51 pm"},"featured_img_caption":"","featured_img":false,"series_order":"","_links":{"self":[{"href":"https:\/\/congresos.unlp.edu.ar\/jqi\/wp-json\/wp\/v2\/pages\/13","targetHints":{"allow":["GET"]}}],"collection":[{"href":"https:\/\/congresos.unlp.edu.ar\/jqi\/wp-json\/wp\/v2\/pages"}],"about":[{"href":"https:\/\/congresos.unlp.edu.ar\/jqi\/wp-json\/wp\/v2\/types\/page"}],"author":[{"embeddable":true,"href":"https:\/\/congresos.unlp.edu.ar\/jqi\/wp-json\/wp\/v2\/users\/2"}],"replies":[{"embeddable":true,"href":"https:\/\/congresos.unlp.edu.ar\/jqi\/wp-json\/wp\/v2\/comments?post=13"}],"version-history":[{"count":0,"href":"https:\/\/congresos.unlp.edu.ar\/jqi\/wp-json\/wp\/v2\/pages\/13\/revisions"}],"wp:attachment":[{"href":"https:\/\/congresos.unlp.edu.ar\/jqi\/wp-json\/wp\/v2\/media?parent=13"}],"curies":[{"name":"wp","href":"https:\/\/api.w.org\/{rel}","templated":true}]}}

Presentación

<p>El Comité Organizador de las VII Jornadas de Química Inorgánica Prof. Aymonino tiene el agrado de invitar a la comunidad científica y académica a participar de este evento a realizarse los días 15 y 16 de octubre de 2026.<br />
En esta oportunidad las Jornadas se llevarán a cabo en modalidad presencial en las instalaciones del CCT-CONICET La Plata (calle 8 Nº 1467, La Plata).<br />
Las jornadas tienen por objetivo el intercambio de las diversas actividades científicas que se realizan en el país en torno a la Química Inorgánica, actualizando las temáticas a través de conferencias plenarias, semiplenarias, exposiciones orales y presentaciones en modalidad póster.</p>

<p>El Comité Organizador de las VII Jornadas de Química Inorgánica Prof. Aymonino tiene el agrado de invitar a la comunidad científica y académica a participar de este evento a realizarse los días 15 y 16 de octubre de 2026. En esta oportunidad las Jornadas se llevarán a cabo en modalidad presencial en las instalaciones del [&hellip;]</p>

Posted 4 años ago
