{"id":223,"date":"2021-08-17T20:52:41","date_gmt":"2021-08-17T23:52:41","guid":{"rendered":"https:\/\/congresos.unlp.edu.ar\/jornadasmalvinasunlp\/?page_id=223"},"modified":"2025-07-18T16:56:44","modified_gmt":"2025-07-18T19:56:44","slug":"2-circular","status":"publish","type":"page","link":"https:\/\/congresos.unlp.edu.ar\/jornadasmalvinasunlp\/2-circular\/","title":{"rendered":"2\u00b0 Circular"},"content":{"rendered":"<p style=\"text-align: center\"><strong>V Jornadas de la Cuesti\u00f3n Malvinas en la UNLP<\/strong><\/p>\n<p style=\"text-align: center\">11 y 12 de diciembre de 2025<\/p>\n<p style=\"text-align: center\"><strong>SEGUNDA CIRCULAR<\/strong><\/p>\n<p><strong>Organizan:<\/strong><\/p>\n<p><strong>\u00a0<\/strong><\/p>\n<ul>\n<li>Equipo de Investigaci\u00f3n de la Cuesti\u00f3n Malvinas en el Instituto Malvinas de la Universidad Nacional de La<\/li>\n<\/ul>\n<p>&nbsp;<\/p>\n<ul>\n<li>Red de Investigadores de la Cuesti\u00f3n<\/li>\n<\/ul>\n<p>&nbsp;<\/p>\n<ul>\n<li>Colectivo de Estudios, Divulgaci\u00f3n e Investigaci\u00f3n de la Cuesti\u00f3n Malvinas en el Centro de Investigaciones Socio-Hist\u00f3ricas del Instituto de Investigaciones en Humanidades y Ciencias Sociales (UNLP-CONICET).<\/li>\n<\/ul>\n<p>&nbsp;<\/p>\n<p><strong>Fecha: <\/strong>11 y 12 de diciembre de 2025<\/p>\n<p>&nbsp;<\/p>\n<p><strong>Lugar de realizaci\u00f3n: <\/strong>Universidad Nacional de La Plata, Sede Karakachoff.<\/p>\n<p>&nbsp;<\/p>\n<p><strong>Modalidad: <\/strong>Presencial.<\/p>\n<p>&nbsp;<\/p>\n<p><strong>Arancel: <\/strong>Asistente $1.000 \u2013 Expositor\/a $10.000<\/p>\n<p>&nbsp;<\/p>\n<p><strong>Contacto: <\/strong><a href=\"mailto:jornadasmalvinasunlp@gmail.com\">jornadasmalvinasunlp@gmail.com.<\/a><\/p>\n<p>&nbsp;<\/p>\n<p>Sitio Web: <a href=\"https:\/\/congresos.unlp.edu.ar\/jornadasmalvinasunlp\/\">https:\/\/congresos.unlp.edu.ar\/jornadasmalvinasunlp\/<\/a><\/p>\n<p>&nbsp;<\/p>\n<table>\n<tbody>\n<tr>\n<td width=\"4\"><\/td>\n<\/tr>\n<tr>\n<td><\/td>\n<td width=\"867\">\n<table width=\"100%\">\n<tbody>\n<tr>\n<td><strong>PASOS PARA LA INSCRIPCI\u00d3N:<\/strong><\/p>\n<p><strong>\u00a0<\/strong><\/p>\n<p>1-\u00a0\u00a0\u00a0\u00a0 Pagar el arancel de \u201cAsistente\u201d o de \u201cExpositor\/a\u201d seg\u00fan corresponda.<\/p>\n<p>&#8211;\u00a0\u00a0\u00a0\u00a0\u00a0\u00a0\u00a0 Asistente $1.000: <a href=\"https:\/\/mpago.la\/2xLaYvY\">https:\/\/mpago.la\/2xLaYvY<\/a><\/p>\n<p>&nbsp;<\/p>\n<p>&#8211;\u00a0\u00a0\u00a0\u00a0\u00a0\u00a0\u00a0 Expositor\/a $10.000: <a href=\"https:\/\/mpago.la\/2kHZeD3\">https:\/\/mpago.la\/2kHZeD3<\/a><\/p>\n<p>&nbsp;<\/p>\n<p>&nbsp;<\/p>\n<p>2-\u00a0\u00a0\u00a0\u00a0 Completar el siguiente formulario y adjuntar el comprobante de pago en el lugar asignado: <a href=\"https:\/\/docs.google.com\/forms\/d\/e\/1FAIpQLSd0VZwycBu8zeg34rncWh5i-wgE6NvmO6WerQyPMkxd9kKorQ\/viewform?usp=sharing&amp;ouid=112610787806509497406\">https:\/\/docs.google.com\/forms\/d\/e\/1FAIpQLSd0VZwycBu8zeg34rncWh5i-wgE6NvmO6WerQyPMkxd9kKorQ\/viewform?usp=sharing&amp;ouid=112610787806509497406<\/a><strong>\u00a0 <\/strong><\/td>\n<\/tr>\n<\/tbody>\n<\/table>\n<\/td>\n<\/tr>\n<\/tbody>\n<\/table>\n<p>&nbsp;<\/p>\n<p style=\"text-align: center\"><strong>TODAS LAS CONSULTAS, ENV\u00cdOS DE RES\u00daMENES Y DE TRABAJOS SE REALIZAR\u00c1N EXCLUSIVAMENTE A ESTA DIRECCI\u00d3N DE CORREO<\/strong><\/p>\n<p>&nbsp;<\/p>\n<p>&nbsp;<\/p>\n<p style=\"text-align: center\"><strong>CONVOCATORIA<\/strong><\/p>\n<p><strong>\u00a0<\/strong><\/p>\n<p>Las Jornadas de la Cuesti\u00f3n Malvinas en la Universidad Nacional de La Plata constituyen un congreso acad\u00e9mico bienal dedicado enteramente a la Cuesti\u00f3n Malvinas, Ant\u00e1rtida y Atl\u00e1ntico Sur. En este marco, concebimos a la Cuesti\u00f3n Malvinas como un v\u00e9rtice articulador de una multiplicidad de problemas de investigaci\u00f3n, que pueden abordarse desde diferentes disciplinas y perspectivas, atendiendo tanto a los distintos ejes que la atraviesan como a sus implicancias pol\u00edticas y geopol\u00edticas, econ\u00f3micas y sociales, culturales y simb\u00f3licas, hist\u00f3ricas y actuales, entre otras. Bajo esa mirada, las Jornadas promueven una convocatoria amplia y diversa en cuanto a temas, perspectivas y problem\u00e1ticas, dando cuenta de la riqueza de la Cuesti\u00f3n Malvinas como nudo acad\u00e9mico.<\/p>\n<p>Desde 2017, cada dos a\u00f1os, el Equipo de Investigaci\u00f3n de la Cuesti\u00f3n Malvinas (Instituto Malvinas \u2013 UNLP), junto al Colectivo de Estudios, Divulgaci\u00f3n e Investigaci\u00f3n de la Cuesti\u00f3n Malvinas (IdIHCS-UNLP\/CONICET) y la Red de Investigadores de la Cuesti\u00f3n Malvinas, invitan a investigadores e investigadoras de todo el pa\u00eds para la presentaci\u00f3n de sus aportes en esta instancia de intercambio y debate acad\u00e9mico.<\/p>\n<p>En el marco del 60\u00b0 aniversario de la Resoluci\u00f3n 2065 de las Naciones Unidas, eslab\u00f3n fundamental para nuestro reclamo de soberan\u00eda, se realizar\u00e1n las V Jornadas de la Cuesti\u00f3n Malvinas en la Universidad Nacional de La Plata los d\u00edas 11 y 12 de diciembre. Ambos d\u00edas se dedicar\u00e1n a la presentaci\u00f3n de trabajos acad\u00e9micos en distintas mesas tem\u00e1ticas y se desarrollar\u00e1n paneles con especialistas.<\/p>\n<p>&nbsp;<\/p>\n<p><strong>ACLARACIONES:<\/strong><\/p>\n<p><strong>\u00a0<\/strong><\/p>\n<p>El Sitio Web de las Jornadas es <a href=\"https:\/\/congresos.unlp.edu.ar\/jornadasmalvinasunlp\/\">https:\/\/congresos.unlp.edu.ar\/jornadasmalvinasunlp\/<\/a><\/p>\n<p>&nbsp;<\/p>\n<p>All\u00ed encontrar\u00e1n la informaci\u00f3n completa sobre los requisitos para concretar la inscripci\u00f3n, abonar el arancel correspondiente y enviar sus trabajos. Tambi\u00e9n encontrar\u00e1n informaci\u00f3n m\u00e1s detallada sobre la composici\u00f3n del Comit\u00e9 Acad\u00e9mico.<\/p>\n<p>Los trabajos autorizados por parte de los investigadores y de las investigadoras ser\u00e1n publicados en Actas en el SEDICI, el repositorio institucional de la UNLP, y en el Portal de Libros.<\/p>\n<p>Tambi\u00e9n se emitir\u00e1n certificados para asistentes y expositores. La inscripci\u00f3n es requisito para obtener el certificado.<\/p>\n<p>&nbsp;<\/p>\n<p>&nbsp;<\/p>\n<p style=\"text-align: center\"><strong>EJES TEM\u00c1TICOS SUGERIDOS<\/strong><\/p>\n<p>&nbsp;<\/p>\n<p>Como hemos se\u00f1alado m\u00e1s arriba, la convocatoria es amplia y apunta a las m\u00faltiples y diversas puertas de entrada que tiene la Cuesti\u00f3n Malvinas, Ant\u00e1rtida y Atl\u00e1ntico Sur como v\u00e9rtice articulador. Sin ser excluyente, a continuaci\u00f3n sugerimos una serie de ejes tem\u00e1ticos, que pueden servir de orientaci\u00f3n a las y los participantes:<\/p>\n<p>&nbsp;<\/p>\n<ul>\n<li>Malvinas, Ant\u00e1rtida y Atl\u00e1ntico Sur en clave geopol\u00edtica.<\/li>\n<li>Malvinas, Ant\u00e1rtida y Atl\u00e1ntico Sur desde las pol\u00edticas estatales.<\/li>\n<li>El Atl\u00e1ntico Sur y la disputa por los espacios mar\u00edtimos y los recursos naturales.<\/li>\n<li>Malvinas y la cuesti\u00f3n austral.<\/li>\n<li>Malvinas, la cuenca del R\u00edo de La Plata y la soberan\u00eda fluvio-mar\u00edtima.<\/li>\n<li>Islas del Atl\u00e1ntico Sur, Ant\u00e1rtida y regi\u00f3n patag\u00f3nica continental.<\/li>\n<li>Malvinas, Ant\u00e1rtida y Atl\u00e1ntico Sur en los debates sobre ambiente y desarrollo.<\/li>\n<li>La Guerra del Atl\u00e1ntico Sur: abordajes, perspectivas y debates.<\/li>\n<li>Malvinas y los a\u00f1os de la posguerra.<\/li>\n<li>Malvinas y ex combatientes.<\/li>\n<li>Malvinas en clave de Memoria y Soberan\u00eda.<\/li>\n<li>Malvinas y los debates sobre la bicontinentalidad.<\/li>\n<li>Malvinas y el pensamiento nacional.<\/li>\n<li>Malvinas en la cultura argentina.<\/li>\n<li>Malvinas y educaci\u00f3n.<\/li>\n<\/ul>\n<p>&nbsp;<\/p>\n<table>\n<tbody>\n<tr>\n<td width=\"30\"><\/td>\n<\/tr>\n<tr>\n<td><\/td>\n<td width=\"818\">\n<table width=\"100%\">\n<tbody>\n<tr>\n<td>&nbsp;<\/p>\n<p style=\"text-align: center\"><strong>Mesa Especial para la Participaci\u00f3n Estudiantil:<\/strong><\/p>\n<p style=\"text-align: center\">\n<p style=\"text-align: center\">En esta instancia de intercambio y debate colectivo podr\u00e1n participar estudiantes de distintas carreras que quieran presentar sus trabajos y producciones sobre Malvinas. Estos materiales pueden ser diversos: audiovisuales, sonoros, art\u00edsticos, did\u00e1cticos, gr\u00e1ficos, ensay\u00edsticos, entre otros.<\/p>\n<p>&nbsp;<\/td>\n<\/tr>\n<\/tbody>\n<\/table>\n<\/td>\n<\/tr>\n<\/tbody>\n<\/table>\n<p>&nbsp;<\/p>\n<p style=\"text-align: center\"><strong>PAUTAS PARA LA PRESENTACI\u00d3N DE TRABAJOS<\/strong><\/p>\n<p><strong>\u00a0<\/strong><\/p>\n<p><strong>\u00a0<\/strong><\/p>\n<ul>\n<li><strong>Res\u00famenes<\/strong>\n<ul>\n<li>Tendr\u00e1n un m\u00e1ximo de 300<\/li>\n<li>Deber\u00e1n especificar nombre y apellido del\/la autor\/a o autores\/as, pertenencia institucional y direcci\u00f3n de correo electr\u00f3nico.<\/li>\n<li>Formato: Word; tama\u00f1o de p\u00e1gina A4; m\u00e1rgenes 2,5cm; interlineado 1,5; fuente Times New Roman; cuerpo<\/li>\n<li>Nombre del archivo: <em>apellidodelprimerautor<\/em>RES<\/li>\n<\/ul>\n<\/li>\n<\/ul>\n<p>(COMPLETAR LO QUE EST\u00c1 EN CURSIVA SEG\u00daN CORRESPONDA)<\/p>\n<p>&nbsp;<\/p>\n<p style=\"text-align: center\"><span style=\"color: #800080\"><strong>PLAZO M\u00c1XIMO PARA LA PRESENTACI\u00d3N DE RES\u00daMENES:<\/strong><\/span><\/p>\n<p style=\"text-align: center\"><span style=\"color: #800080\"><strong>\u00a0<\/strong><\/span><span style=\"color: #800080\"><strong>PR\u00d3RROGA DEFINITIVA HASTA EL 29 DE AGOSTO DE 2025<\/strong><\/span><\/p>\n<p>&nbsp;<\/p>\n<ul>\n<li><strong>Ponencias<\/strong>\n<ul>\n<li>Tendr\u00e1n un m\u00ednimo de 8 p\u00e1ginas y un m\u00e1ximo de<\/li>\n<li>Deber\u00e1n especificar nombre y apellido del\/la autor\/a o autores\/as, pertenencia institucional y direcci\u00f3n de correo electr\u00f3nico.<\/li>\n<li>Formato: Word; tama\u00f1o de p\u00e1gina A4; m\u00e1rgenes 2,5cm; interlineado 1,5; fuente Times New Roman; cuerpo<\/li>\n<li>Nombre del archivo: <em>apellidodelprimerautor<\/em>PON<\/li>\n<\/ul>\n<\/li>\n<\/ul>\n<p>&nbsp;<\/p>\n<p>(COMPLETAR LO QUE EST\u00c1 EN CURSIVA SEG\u00daN CORRESPONDA)<\/p>\n<p>&nbsp;<\/p>\n<ul>\n<li><strong>Informes de investigaci\u00f3n<\/strong>\n<ul>\n<li>Tendr\u00e1n un m\u00ednimo de 8 p\u00e1ginas y un m\u00e1ximo de<\/li>\n<li>Deber\u00e1n especificar nombre y apellido del\/la autor\/a o autores\/as, pertenencia institucional y direcci\u00f3n de correo electr\u00f3nico.<\/li>\n<li>Formato: Word; tama\u00f1o de p\u00e1gina A4; m\u00e1rgenes 2,5cm; interlineado 1,5; fuente Times New Roman; cuerpo<\/li>\n<li>Nombre del archivo: <em>apellidodelprimerautor<\/em>INF<\/li>\n<\/ul>\n<\/li>\n<\/ul>\n<p>&nbsp;<\/p>\n<p>(COMPLETAR LO QUE EST\u00c1 EN CURSIVA SEG\u00daN CORRESPONDA)<\/p>\n<p>&nbsp;<\/p>\n<ul>\n<li><strong>Comunicaciones\/Res\u00famenes ampliados<\/strong>\n<ul>\n<li>Tendr\u00e1n un m\u00ednimo de 3 p\u00e1ginas y un m\u00e1ximo de<\/li>\n<li>Deber\u00e1n especificar nombre y apellido del\/la autor\/a o autores\/as, pertenencia institucional y direcci\u00f3n de correo electr\u00f3nico.<\/li>\n<li>Formato: Word; tama\u00f1o de p\u00e1gina A4; m\u00e1rgenes 2,5cm; interlineado 1,5; fuente Times New Roman; cuerpo<\/li>\n<li>Nombre del archivo: <em>apellidodelprimerautor<\/em>COM<\/li>\n<\/ul>\n<\/li>\n<\/ul>\n<p>&nbsp;<\/p>\n<p>(COMPLETAR LO QUE EST\u00c1 EN CURSIVA SEG\u00daN CORRESPONDA)<\/p>\n<p>&nbsp;<\/p>\n<ul>\n<li><strong>Rese\u00f1as de Libros<\/strong>\n<ul>\n<li>Tendr\u00e1n un m\u00ednimo de 2 p\u00e1ginas y un m\u00e1ximo de<\/li>\n<li>Deber\u00e1n especificar nombre y apellido del\/la autor\/a o autores\/as, pertenencia institucional y direcci\u00f3n de correo electr\u00f3nico.<\/li>\n<li>Formato: Word; tama\u00f1o de p\u00e1gina A4; m\u00e1rgenes 2,5cm; interlineado 1,5; fuente Times New Roman; cuerpo<\/li>\n<li>Nombre del archivo: <em>apellidodelprimerautor<\/em>LIB<\/li>\n<\/ul>\n<\/li>\n<\/ul>\n<p>&nbsp;<\/p>\n<p>(COMPLETAR LO QUE EST\u00c1 EN CURSIVA SEG\u00daN CORRESPONDA)<\/p>\n<p>&nbsp;<\/p>\n<ul>\n<li><strong>Posters<\/strong>\n<ul>\n<li>No hay limitaciones de tama\u00f1o ni en cuanto al color u a la organizaci\u00f3n de los textos y las im\u00e1genes.<\/li>\n<li>Deber\u00e1n especificar t\u00edtulo, nombre y apellido del\/la autor\/a o autores\/as, pertenencia institucional, direcci\u00f3n de correo electr\u00f3nico y contar con im\u00e1genes y textos que den cuenta de una investigaci\u00f3n, un proyecto, una experiencia,<\/li>\n<li>Nombre del archivo: <em>apellidodelprimerautor<\/em>POS<\/li>\n<\/ul>\n<\/li>\n<\/ul>\n<p>&nbsp;<\/p>\n<p>(COMPLETAR LO QUE EST\u00c1 EN CURSIVA SEG\u00daN CORRESPONDA)<\/p>\n<p>&nbsp;<\/p>\n<ul>\n<li><strong>Producciones estudiantiles<\/strong>\n<ul>\n<li>Estas pueden ser diversas: audiovisuales, sonoras, gr\u00e1ficas, art\u00edsticas, ensay\u00edsticas, did\u00e1cticas, etc.<\/li>\n<li>Deber\u00e1n enviar el material por mail, especificando t\u00edtulo, nombre y apellido del\/la autor\/a o autores\/as, pertenencia institucional, direcci\u00f3n de correo electr\u00f3nico.<\/li>\n<li>Nombre del archivo: <em>apellidodelprimerautor<\/em>PRODUCCI\u00d3NESTUDIANTIL<\/li>\n<\/ul>\n<\/li>\n<\/ul>\n<p>&nbsp;<\/p>\n<p>(COMPLETAR LO QUE EST\u00c1 EN CURSIVA SEG\u00daN CORRESPONDA)<\/p>\n<p>&nbsp;<\/p>\n<p style=\"text-align: center\"><strong>PLAZO M\u00c1XIMO PARA LA PRESENTACI\u00d3N DE<\/strong><\/p>\n<p style=\"text-align: center\"><strong>\u00a0<\/strong><strong>PONENCIAS, INFORMES DE INVESTIGACI\u00d3N, COMUNICACIONES, RES\u00daMENES AMPLIADOS, RESE\u00d1AS DE \u00a0LIBROS Y POSTERS:<\/strong><\/p>\n<p style=\"text-align: center\"><strong>17 DE OCTUBRE DE 2025<\/strong><\/p>\n<p>&nbsp;<\/p>\n<p>&nbsp;<\/p>\n<p>&nbsp;<\/p>\n","protected":false},"excerpt":{"rendered":"<p>V Jornadas de la Cuesti\u00f3n Malvinas en la UNLP 11 y 12 de diciembre de 2025 SEGUNDA CIRCULAR Organizan: \u00a0 Equipo de Investigaci\u00f3n de la Cuesti\u00f3n Malvinas en el Instituto Malvinas de la Universidad Nacional de La &nbsp; Red de Investigadores de la Cuesti\u00f3n &nbsp; Colectivo de Estudios, Divulgaci\u00f3n e Investigaci\u00f3n de la Cuesti\u00f3n Malvinas [&hellip;]<\/p>\n","protected":false},"author":91,"featured_media":0,"parent":0,"menu_order":0,"comment_status":"closed","ping_status":"closed","template":"","meta":{"advgb_blocks_editor_width":"","advgb_blocks_columns_visual_guide":"","footnotes":""},"class_list":["post-223","page","type-page","status-publish","hentry","post"],"aioseo_notices":[],"coauthors":[],"author_meta":{"author_link":"https:\/\/congresos.unlp.edu.ar\/jornadasmalvinasunlp\/author\/bottazziflorencia\/","display_name":"bottazziflorencia"},"relative_dates":{"created":"Publicado 5 a\u00f1os hace","modified":"Actualizado 9 meses hace"},"absolute_dates":{"created":"Publicado el 17 agosto, 2021","modified":"Actualizado el 18 julio, 2025"},"absolute_dates_time":{"created":"Publicado el 17 agosto, 2021 8:52 pm","modified":"Actualizado el 18 julio, 2025 4:56 pm"},"featured_img_caption":"","featured_img":false,"series_order":"","_links":{"self":[{"href":"https:\/\/congresos.unlp.edu.ar\/jornadasmalvinasunlp\/wp-json\/wp\/v2\/pages\/223","targetHints":{"allow":["GET"]}}],"collection":[{"href":"https:\/\/congresos.unlp.edu.ar\/jornadasmalvinasunlp\/wp-json\/wp\/v2\/pages"}],"about":[{"href":"https:\/\/congresos.unlp.edu.ar\/jornadasmalvinasunlp\/wp-json\/wp\/v2\/types\/page"}],"author":[{"embeddable":true,"href":"https:\/\/congresos.unlp.edu.ar\/jornadasmalvinasunlp\/wp-json\/wp\/v2\/users\/91"}],"replies":[{"embeddable":true,"href":"https:\/\/congresos.unlp.edu.ar\/jornadasmalvinasunlp\/wp-json\/wp\/v2\/comments?post=223"}],"version-history":[{"count":0,"href":"https:\/\/congresos.unlp.edu.ar\/jornadasmalvinasunlp\/wp-json\/wp\/v2\/pages\/223\/revisions"}],"wp:attachment":[{"href":"https:\/\/congresos.unlp.edu.ar\/jornadasmalvinasunlp\/wp-json\/wp\/v2\/media?parent=223"}],"curies":[{"name":"wp","href":"https:\/\/api.w.org\/{rel}","templated":true}]}}