{"id":22,"date":"2021-04-05T11:41:18","date_gmt":"2021-04-05T14:41:18","guid":{"rendered":"https:\/\/congresos.unlp.edu.ar\/jornadasmalvinasunlp\/?page_id=22"},"modified":"2025-07-18T12:12:58","modified_gmt":"2025-07-18T15:12:58","slug":"formulario-de-inscripcion","status":"publish","type":"page","link":"https:\/\/congresos.unlp.edu.ar\/jornadasmalvinasunlp\/formulario-de-inscripcion\/","title":{"rendered":"Aranceles y modalidades de pago"},"content":{"rendered":"<hr \/>\n<p><strong><span style=\"color: #3366ff\">Inscripci\u00f3n:<\/span><\/strong><\/p>\n<p>Para efectivizar la inscripci\u00f3n ser\u00e1 necesario <strong>completar el siguiente formulario y adjuntar en el mismo el recibo de pago correspondiente<\/strong>. Los pagos se realizar\u00e1n a trav\u00e9s de Mercado Pago. Lo recaudado ser\u00e1 destinado exclusivamente a fines organizativos.<\/p>\n<p><strong><span style=\"color: #3366ff\">Formulario de Inscripci\u00f3n: <a href=\"https:\/\/docs.google.com\/forms\/d\/e\/1FAIpQLSd0VZwycBu8zeg34rncWh5i-wgE6NvmO6WerQyPMkxd9kKorQ\/viewform?usp=sharing&amp;ouid=112610787806509497406\">https:\/\/docs.google.com\/forms\/d\/e\/1FAIpQLSd0VZwycBu8zeg34rncWh5i-wgE6NvmO6WerQyPMkxd9kKorQ\/viewform?usp=sharing&amp;ouid=112610787806509497406<\/a><span style=\"color: #000000\">\u00a0<\/span><\/span><\/strong><\/p>\n<p>&nbsp;<\/p>\n<hr \/>\n<p><span style=\"color: #3366ff\"><strong>Arancel:<\/strong><\/span><\/p>\n<p>Asistente $1.000 &#8211; Link de Pago:\u00a0<a href=\"https:\/\/mpago.la\/2xLaYvY\">https:\/\/mpago.la\/2xLaYvY<\/a><\/p>\n<p>Expositor\/a $10.000 &#8211; Link de Pago:\u00a0<a href=\"https:\/\/mpago.la\/2kHZeD3\">https:\/\/mpago.la\/2kHZeD3<\/a><\/p>\n<p>Ingres\u00e1 al link, eleg\u00ed c\u00f3mo pagar, \u00a1y listo! Luego envi\u00e1 el comprobante a trav\u00e9s del Formulario de Inscripci\u00f3n que figura m\u00e1s arriba.<\/p>\n<hr \/>\n<p>&nbsp;<\/p>\n","protected":false},"excerpt":{"rendered":"<p>Inscripci\u00f3n: Para efectivizar la inscripci\u00f3n ser\u00e1 necesario completar el siguiente formulario y adjuntar en el mismo el recibo de pago correspondiente. Los pagos se realizar\u00e1n a trav\u00e9s de Mercado Pago. Lo recaudado ser\u00e1 destinado exclusivamente a fines organizativos. Formulario de Inscripci\u00f3n: https:\/\/docs.google.com\/forms\/d\/e\/1FAIpQLSd0VZwycBu8zeg34rncWh5i-wgE6NvmO6WerQyPMkxd9kKorQ\/viewform?usp=sharing&amp;ouid=112610787806509497406\u00a0 &nbsp; Arancel: Asistente $1.000 &#8211; Link de Pago:\u00a0https:\/\/mpago.la\/2xLaYvY Expositor\/a $10.000 &#8211; Link de [&hellip;]<\/p>\n","protected":false},"author":2,"featured_media":0,"parent":0,"menu_order":0,"comment_status":"closed","ping_status":"closed","template":"","meta":{"advgb_blocks_editor_width":"","advgb_blocks_columns_visual_guide":"","footnotes":""},"class_list":["post-22","page","type-page","status-publish","hentry","post"],"aioseo_notices":[],"coauthors":[],"author_meta":{"author_link":"https:\/\/congresos.unlp.edu.ar\/jornadasmalvinasunlp\/author\/congresos\/","display_name":"congresos"},"relative_dates":{"created":"Publicado 5 a\u00f1os hace","modified":"Actualizado 10 meses hace"},"absolute_dates":{"created":"Publicado el 5 abril, 2021","modified":"Actualizado el 18 julio, 2025"},"absolute_dates_time":{"created":"Publicado el 5 abril, 2021 11:41 am","modified":"Actualizado el 18 julio, 2025 12:12 pm"},"featured_img_caption":"","featured_img":false,"series_order":"","_links":{"self":[{"href":"https:\/\/congresos.unlp.edu.ar\/jornadasmalvinasunlp\/wp-json\/wp\/v2\/pages\/22","targetHints":{"allow":["GET"]}}],"collection":[{"href":"https:\/\/congresos.unlp.edu.ar\/jornadasmalvinasunlp\/wp-json\/wp\/v2\/pages"}],"about":[{"href":"https:\/\/congresos.unlp.edu.ar\/jornadasmalvinasunlp\/wp-json\/wp\/v2\/types\/page"}],"author":[{"embeddable":true,"href":"https:\/\/congresos.unlp.edu.ar\/jornadasmalvinasunlp\/wp-json\/wp\/v2\/users\/2"}],"replies":[{"embeddable":true,"href":"https:\/\/congresos.unlp.edu.ar\/jornadasmalvinasunlp\/wp-json\/wp\/v2\/comments?post=22"}],"version-history":[{"count":0,"href":"https:\/\/congresos.unlp.edu.ar\/jornadasmalvinasunlp\/wp-json\/wp\/v2\/pages\/22\/revisions"}],"wp:attachment":[{"href":"https:\/\/congresos.unlp.edu.ar\/jornadasmalvinasunlp\/wp-json\/wp\/v2\/media?parent=22"}],"curies":[{"name":"wp","href":"https:\/\/api.w.org\/{rel}","templated":true}]}}