{"id":14,"date":"2026-04-14T13:26:21","date_gmt":"2026-04-14T16:26:21","guid":{"rendered":"https:\/\/congresos.unlp.edu.ar\/jornadasdearchivos\/?page_id=14"},"modified":"2026-04-29T20:01:35","modified_gmt":"2026-04-29T23:01:35","slug":"presentacion","status":"publish","type":"page","link":"https:\/\/congresos.unlp.edu.ar\/jornadasdearchivos\/presentacion\/","title":{"rendered":"Presentaci\u00f3n"},"content":{"rendered":"<p>Las 1eras Jornadas de Investigaci\u00f3n de Archivos del Instituto de Historia del Arte Argentino y Americano (IHAAA) est\u00e1n co-organizadas por el Archivo y Centro de Documentaci\u00f3n del IHAAA, dependiente de la Facultad de Artes y el Archivo Hist\u00f3rico central dependiente de la Secretar\u00eda de Asuntos Acad\u00e9micos de Presidencia de la UNLP, en alianza con la Red de Archivos de la UNLP, integrada por m\u00e1s de 40 archivos de diversos tipos y el Sistema Integral de Informaci\u00f3n, Repositorios, Bibliotecas, Archivos y Museos (SIIRBAM).<\/p>\n<p>A 50 a\u00f1os del golpe de Estado de 1976, en l\u00ednea con los desaf\u00edos del Desarrollo a Escala Humana (1986), la organizaci\u00f3n (identificaci\u00f3n, clasificaci\u00f3n, ordenaci\u00f3n, conservaci\u00f3n, preservaci\u00f3n, descripci\u00f3n, digitalizaci\u00f3n) y el acceso a los archivos (p\u00fablicos y privados, provinciales, municipales, universitarios, de memoria) profundizan los procesos de democratizaci\u00f3n, de participaci\u00f3n y de reparaci\u00f3n por parte del Estado.<\/p>\n<p>En este marco, estas Jornadas tienen como objetivo generar un espacio de encuentro e intercambio entre investigadores e investigadoras, docentes, archivistas, conservadores y conservadoras, estudiantes de distintas disciplinas, personas involucradas y p\u00fablico en general, relacionados con la investigaci\u00f3n, producci\u00f3n, gesti\u00f3n, conservaci\u00f3n y acceso a los archivos.<\/p>\n<p>Las Jornadas tienen por finalidad debatir y actualizar el conocimiento sobre los archivos entendidos en un sentido amplio, atendiendo a la diversidad de tipos y modos de hacer archivos en la contemporaneidad. En este sentido, se proponen -no de manera excluyentelas siguientes l\u00edneas tem\u00e1ticas: archivos administrativos, de gesti\u00f3n; archivos personales; archivos y arte, archivos y pr\u00e1cticas de activismo art\u00edstico; archivos del com\u00fan, archivos y comunidades; archivos, memoria y Derechos Humanos; archivos y diversidades sexuales; archivos y patrimonio cultural; archivos de la educaci\u00f3n; conservaci\u00f3n de documentos de archivo; archivos sonoros, audiovisuales, fotogr\u00e1ficos; archivos de museos; archivos de bibliotecas; archivos de arquitectura; acceso abierto, softwares de archivos, digitalizaci\u00f3n y preservaci\u00f3n digital; normalizaci\u00f3n archiv\u00edstica; ense\u00f1anza de archiv\u00edstica; archivos de salud, etc.<\/p>\n","protected":false},"excerpt":{"rendered":"<p>Las 1eras Jornadas de Investigaci\u00f3n de Archivos del Instituto de Historia del Arte Argentino y Americano (IHAAA) est\u00e1n co-organizadas por el Archivo y Centro de Documentaci\u00f3n del IHAAA, dependiente de la Facultad de Artes y el Archivo Hist\u00f3rico central dependiente de la Secretar\u00eda de Asuntos Acad\u00e9micos de Presidencia de la UNLP, en alianza con la [&hellip;]<\/p>\n","protected":false},"author":2,"featured_media":0,"parent":0,"menu_order":0,"comment_status":"closed","ping_status":"closed","template":"","meta":{"advgb_blocks_editor_width":"","advgb_blocks_columns_visual_guide":"","footnotes":""},"class_list":["post-14","page","type-page","status-publish","hentry","post"],"aioseo_notices":[],"coauthors":[],"author_meta":{"author_link":"https:\/\/congresos.unlp.edu.ar\/jornadasdearchivos\/author\/congresos\/","display_name":"congresos"},"relative_dates":{"created":"Posted 1 mes ago","modified":"Updated 2 semanas ago"},"absolute_dates":{"created":"Posted on 14 abril, 2026","modified":"Updated on 29 abril, 2026"},"absolute_dates_time":{"created":"Posted on 14 abril, 2026 1:26 pm","modified":"Updated on 29 abril, 2026 8:01 pm"},"featured_img_caption":"","featured_img":false,"series_order":"","_links":{"self":[{"href":"https:\/\/congresos.unlp.edu.ar\/jornadasdearchivos\/wp-json\/wp\/v2\/pages\/14","targetHints":{"allow":["GET"]}}],"collection":[{"href":"https:\/\/congresos.unlp.edu.ar\/jornadasdearchivos\/wp-json\/wp\/v2\/pages"}],"about":[{"href":"https:\/\/congresos.unlp.edu.ar\/jornadasdearchivos\/wp-json\/wp\/v2\/types\/page"}],"author":[{"embeddable":true,"href":"https:\/\/congresos.unlp.edu.ar\/jornadasdearchivos\/wp-json\/wp\/v2\/users\/2"}],"replies":[{"embeddable":true,"href":"https:\/\/congresos.unlp.edu.ar\/jornadasdearchivos\/wp-json\/wp\/v2\/comments?post=14"}],"version-history":[{"count":0,"href":"https:\/\/congresos.unlp.edu.ar\/jornadasdearchivos\/wp-json\/wp\/v2\/pages\/14\/revisions"}],"wp:attachment":[{"href":"https:\/\/congresos.unlp.edu.ar\/jornadasdearchivos\/wp-json\/wp\/v2\/media?parent=14"}],"curies":[{"name":"wp","href":"https:\/\/api.w.org\/{rel}","templated":true}]}}