{"id":73,"date":"2026-03-17T16:57:18","date_gmt":"2026-03-17T19:57:18","guid":{"rendered":"https:\/\/congresos.unlp.edu.ar\/jornadasdeambiente2026\/?page_id=73"},"modified":"2026-04-08T16:02:56","modified_gmt":"2026-04-08T19:02:56","slug":"inscripcion","status":"publish","type":"page","link":"https:\/\/congresos.unlp.edu.ar\/jornadasdeambiente2026\/inscripcion\/","title":{"rendered":"Inscripci\u00f3n"},"content":{"rendered":"<h4><\/h4>\n<h4><\/h4>\n<h4 style=\"text-align: left\">Ya se encuentra disponible la inscripci\u00f3n a las Jornadas de Ambiente 2026, a trav\u00e9s del siguiente enlace:<\/h4>\n<h4 style=\"text-align: left\"><a href=\"https:\/\/docs.google.com\/forms\/d\/e\/1FAIpQLSd8SBEnuo-9AGo2xa-3SvSbu2jgGACDbSdNWh7D7wjXKUABXw\/viewform\"><img loading=\"lazy\" decoding=\"async\" class=\"wp-image-66 alignleft\" src=\"http:\/\/congresos.unlp.edu.ar\/jornadasdeambiente2026\/wp-content\/uploads\/sites\/110\/2026\/04\/formulario-inscripcion-scaled.png\" alt=\"\" width=\"550\" height=\"180\" \/><\/a><\/h4>\n<h4><\/h4>\n<h4><\/h4>\n<h4><\/h4>\n<h4><\/h4>\n<h4 style=\"text-align: left\">(Se solicitar\u00e1 que adjunten un certificado en caso que sea estudiante de grado o de posgrado.)<\/h4>\n<h4 style=\"text-align: left\">(El comprobante de pago debe adjuntarse en el formulario de inscripci\u00f3n)<\/h4>\n<h2><\/h2>\n<p>&nbsp;<\/p>\n<p>&nbsp;<\/p>\n<h2 style=\"text-align: left\"><strong>Datos para realizaci\u00f3n de pago:<\/strong><br \/>\nFundaci\u00f3n Ciencias Exactas CUIT: 30-64390899-5<br \/>\nBanco Galicia Cta. Cte en $ N\u00b0: 0013262-4 172-4 CBU: 0070172920000013262444<br \/>\nAlias: fundaci\u00f3n.exactas<\/h2>\n<p><img loading=\"lazy\" decoding=\"async\" class=\"wp-image-237 alignleft\" src=\"http:\/\/congresos.unlp.edu.ar\/jornadasdeambiente2026\/wp-content\/uploads\/sites\/110\/2026\/04\/tabla-precios.png\" alt=\"\" width=\"820\" height=\"484\" srcset=\"https:\/\/congresos.unlp.edu.ar\/jornadasdeambiente2026\/wp-content\/uploads\/sites\/110\/2026\/04\/tabla-precios.png 1262w, https:\/\/congresos.unlp.edu.ar\/jornadasdeambiente2026\/wp-content\/uploads\/sites\/110\/2026\/04\/tabla-precios-300x177.png 300w, https:\/\/congresos.unlp.edu.ar\/jornadasdeambiente2026\/wp-content\/uploads\/sites\/110\/2026\/04\/tabla-precios-1024x605.png 1024w, https:\/\/congresos.unlp.edu.ar\/jornadasdeambiente2026\/wp-content\/uploads\/sites\/110\/2026\/04\/tabla-precios-768x453.png 768w\" sizes=\"auto, (max-width: 820px) 100vw, 820px\" \/><\/p>\n","protected":false},"excerpt":{"rendered":"<p>Ya se encuentra disponible la inscripci\u00f3n a las Jornadas de Ambiente 2026, a trav\u00e9s del siguiente enlace: (Se solicitar\u00e1 que adjunten un certificado en caso que sea estudiante de grado o de posgrado.) (El comprobante de pago debe adjuntarse en el formulario de inscripci\u00f3n) &nbsp; &nbsp; Datos para realizaci\u00f3n de pago: Fundaci\u00f3n Ciencias Exactas CUIT: [&hellip;]<\/p>\n","protected":false},"author":270,"featured_media":0,"parent":0,"menu_order":0,"comment_status":"closed","ping_status":"closed","template":"","meta":{"advgb_blocks_editor_width":"","advgb_blocks_columns_visual_guide":"","footnotes":""},"class_list":["post-73","page","type-page","status-publish","hentry","post"],"aioseo_notices":[],"coauthors":[],"author_meta":{"author_link":"https:\/\/congresos.unlp.edu.ar\/jornadasdeambiente2026\/author\/riosagustin\/","display_name":"riosagustin"},"relative_dates":{"created":"Posted 2 meses ago","modified":"Updated 1 mes ago"},"absolute_dates":{"created":"Posted on 17 marzo, 2026","modified":"Updated on 8 abril, 2026"},"absolute_dates_time":{"created":"Posted on 17 marzo, 2026 4:57 pm","modified":"Updated on 8 abril, 2026 4:02 pm"},"featured_img_caption":"","featured_img":false,"series_order":"","_links":{"self":[{"href":"https:\/\/congresos.unlp.edu.ar\/jornadasdeambiente2026\/wp-json\/wp\/v2\/pages\/73","targetHints":{"allow":["GET"]}}],"collection":[{"href":"https:\/\/congresos.unlp.edu.ar\/jornadasdeambiente2026\/wp-json\/wp\/v2\/pages"}],"about":[{"href":"https:\/\/congresos.unlp.edu.ar\/jornadasdeambiente2026\/wp-json\/wp\/v2\/types\/page"}],"author":[{"embeddable":true,"href":"https:\/\/congresos.unlp.edu.ar\/jornadasdeambiente2026\/wp-json\/wp\/v2\/users\/270"}],"replies":[{"embeddable":true,"href":"https:\/\/congresos.unlp.edu.ar\/jornadasdeambiente2026\/wp-json\/wp\/v2\/comments?post=73"}],"version-history":[{"count":0,"href":"https:\/\/congresos.unlp.edu.ar\/jornadasdeambiente2026\/wp-json\/wp\/v2\/pages\/73\/revisions"}],"wp:attachment":[{"href":"https:\/\/congresos.unlp.edu.ar\/jornadasdeambiente2026\/wp-json\/wp\/v2\/media?parent=73"}],"curies":[{"name":"wp","href":"https:\/\/api.w.org\/{rel}","templated":true}]}}