{"id":8,"date":"2023-09-19T20:04:15","date_gmt":"2023-09-19T23:04:15","guid":{"rendered":"https:\/\/congresos.unlp.edu.ar\/jornadas-icj2023\/?page_id=8"},"modified":"2023-10-23T12:17:21","modified_gmt":"2023-10-23T15:17:21","slug":"programa","status":"publish","type":"page","link":"https:\/\/congresos.unlp.edu.ar\/jornadas-icj2023\/programa\/","title":{"rendered":"Programa"},"content":{"rendered":"<h2><b>PROGRAMA DE PANELES Y ACTIVIDADES ESPECIALES<\/b><\/h2>\n<p>&nbsp;<\/p>\n<p><b>ACREDITACIONES:\u00a0<\/b><\/p>\n<p><span style=\"font-weight: 400\">Jueves 9 de noviembre en el horario de 9 a 9:30 hs. Edificio de Posgrado Karakachoff.<\/span><\/p>\n<p>&nbsp;<\/p>\n<p><b>ACTO DE APERTURA:<\/b><\/p>\n<p><span style=\"font-weight: 400\">Jueves 9 de noviembre a las 9:30 hs comenzar\u00e1n las Jornadas con el Acto de Apertura con la presencia del <strong>Secretario de Ciencia y T\u00e9cnica de la UNLP, Dr. Nicol\u00e1s RENDTORFF, el Decano de la Facultad de Ciencias Jur\u00eddicas y Sociales Dr. Miguel BERRI <\/strong>junto a la<strong> Directora del Instituto de Cultura Jur\u00eddica, Dra. Manuela GONZALEZ.<\/strong><\/span><\/p>\n<p>&nbsp;<\/p>\n<p><b>CONFERENCIA INAUGURAL<\/b><\/p>\n<p><span style=\"font-weight: 400\">Jueves 9 de noviembre a las 10 hs habr\u00e1 una conferencia a cargo de la <strong>Dra. Adriana VALOBRA<\/strong>, Investigadora del CONICET y Directora del Centro Interdisciplinario de Investigaciones en G\u00e9nero (CInIG) y la revista Descentrada, FaHCE\/UNLP cuyo disertaci\u00f3n versar\u00e1 sobre <\/span><i><span style=\"font-weight: 400\"><strong>Del voto a la representaci\u00f3n: debates parlamentarios sobre los derechos pol\u00edticos de las mujeres en Argentina<\/strong>.<\/span><\/i><\/p>\n<p>&nbsp;<\/p>\n<p><b>PRESENTACIONES DE LIBROS:<\/b><\/p>\n<p><span style=\"font-weight: 400\">Viernes 10 de noviembre a las 18hs a cargo de la Lic. Hilda Gabriela Galleti y Dra. Marina Lanfranco en el Colegio de Abogac\u00eda.<\/span><\/p>\n<p>&nbsp;<\/p>\n<p><b>AUSPICIANTES DE LAS JORNADAS:<\/b><\/p>\n<p><span style=\"font-weight: 400\"><strong>Sociedad Argentina de Sociolog\u00eda Jur\u00eddica<\/strong> (<a href=\"http:\/\/www.sasju.org.ar\/index\" target=\"_blank\" rel=\"noopener\">SASJu<\/a>) y el <strong>Colegio de la Abogac\u00eda de La Plata<\/strong> (<a href=\"www.calp.org.ar\" target=\"_blank\" rel=\"noopener\">CALP<\/a>).<\/span><\/p>\n<p>&nbsp;<\/p>\n<h3><strong>Grilla de actividades<\/strong><\/h3>\n<p>(sujeto a confirmaci\u00f3n, ultima actualizaci\u00f3n <strong><em>17-10-2023<\/em><\/strong>)<\/p>\n<p>Para ver la Grilla de Actividades a la fecha, hacer click <a href=\"https:\/\/docs.google.com\/spreadsheets\/d\/1XRUcGQDM_AOj1ShbJQ0ROK99CT7VSuT-KDtz_eibyS0\/preview\" target=\"_blank\" rel=\"noopener\">aqu\u00ed<\/a> o en la imagen.<\/p>\n<p>Recordar revisar esta informaci\u00f3n peri\u00f3dicamente pues puede haber cambios de \u00faltimo momento.<\/p>\n<p><a href=\"https:\/\/docs.google.com\/spreadsheets\/d\/1XRUcGQDM_AOj1ShbJQ0ROK99CT7VSuT-KDtz_eibyS0\/preview\" target=\"_blank\" rel=\"noopener\"><img loading=\"lazy\" decoding=\"async\" class=\"alignnone wp-image-186\" src=\"http:\/\/congresos.unlp.edu.ar\/jornadas-icj2023\/wp-content\/uploads\/sites\/78\/2023\/10\/grilla-17-10-23-1024x575.png\" alt=\"\" width=\"579\" height=\"325\" srcset=\"https:\/\/congresos.unlp.edu.ar\/jornadas-icj2023\/wp-content\/uploads\/sites\/78\/2023\/10\/grilla-17-10-23-1024x575.png 1024w, https:\/\/congresos.unlp.edu.ar\/jornadas-icj2023\/wp-content\/uploads\/sites\/78\/2023\/10\/grilla-17-10-23-300x168.png 300w, https:\/\/congresos.unlp.edu.ar\/jornadas-icj2023\/wp-content\/uploads\/sites\/78\/2023\/10\/grilla-17-10-23-768x431.png 768w, https:\/\/congresos.unlp.edu.ar\/jornadas-icj2023\/wp-content\/uploads\/sites\/78\/2023\/10\/grilla-17-10-23.png 1497w\" sizes=\"auto, (max-width: 579px) 100vw, 579px\" \/><\/a><\/p>\n","protected":false},"excerpt":{"rendered":"<p>PROGRAMA DE PANELES Y ACTIVIDADES ESPECIALES &nbsp; ACREDITACIONES:\u00a0 Jueves 9 de noviembre en el horario de 9 a 9:30 hs. Edificio de Posgrado Karakachoff. &nbsp; ACTO DE APERTURA: Jueves 9 de noviembre a las 9:30 hs comenzar\u00e1n las Jornadas con el Acto de Apertura con la presencia del Secretario de Ciencia y T\u00e9cnica de la [&hellip;]<\/p>\n","protected":false},"author":2,"featured_media":0,"parent":0,"menu_order":0,"comment_status":"closed","ping_status":"closed","template":"","meta":{"advgb_blocks_editor_width":"","advgb_blocks_columns_visual_guide":"","footnotes":""},"class_list":["post-8","page","type-page","status-publish","hentry","post"],"aioseo_notices":[],"coauthors":[],"author_meta":{"author_link":"https:\/\/congresos.unlp.edu.ar\/jornadas-icj2023\/author\/congresos\/","display_name":"congresos"},"relative_dates":{"created":"Posted 3 a\u00f1os ago","modified":"Updated 3 a\u00f1os ago"},"absolute_dates":{"created":"Posted on 19 septiembre, 2023","modified":"Updated on 23 octubre, 2023"},"absolute_dates_time":{"created":"Posted on 19 septiembre, 2023 8:04 pm","modified":"Updated on 23 octubre, 2023 12:17 pm"},"featured_img_caption":"","featured_img":false,"series_order":"","_links":{"self":[{"href":"https:\/\/congresos.unlp.edu.ar\/jornadas-icj2023\/wp-json\/wp\/v2\/pages\/8","targetHints":{"allow":["GET"]}}],"collection":[{"href":"https:\/\/congresos.unlp.edu.ar\/jornadas-icj2023\/wp-json\/wp\/v2\/pages"}],"about":[{"href":"https:\/\/congresos.unlp.edu.ar\/jornadas-icj2023\/wp-json\/wp\/v2\/types\/page"}],"author":[{"embeddable":true,"href":"https:\/\/congresos.unlp.edu.ar\/jornadas-icj2023\/wp-json\/wp\/v2\/users\/2"}],"replies":[{"embeddable":true,"href":"https:\/\/congresos.unlp.edu.ar\/jornadas-icj2023\/wp-json\/wp\/v2\/comments?post=8"}],"version-history":[{"count":0,"href":"https:\/\/congresos.unlp.edu.ar\/jornadas-icj2023\/wp-json\/wp\/v2\/pages\/8\/revisions"}],"wp:attachment":[{"href":"https:\/\/congresos.unlp.edu.ar\/jornadas-icj2023\/wp-json\/wp\/v2\/media?parent=8"}],"curies":[{"name":"wp","href":"https:\/\/api.w.org\/{rel}","templated":true}]}}