{"id":101,"date":"2023-09-26T17:31:47","date_gmt":"2023-09-26T20:31:47","guid":{"rendered":"https:\/\/congresos.unlp.edu.ar\/jornadas-icj2023\/?page_id=101"},"modified":"2023-11-01T12:17:30","modified_gmt":"2023-11-01T15:17:30","slug":"mesa-7","status":"publish","type":"page","link":"https:\/\/congresos.unlp.edu.ar\/jornadas-icj2023\/mesas-de-trabajo\/mesa-7\/","title":{"rendered":"Mesa 7"},"content":{"rendered":"<p><b>Medios apropiados de resoluci\u00f3n de conflictos a 40 a\u00f1os del regreso de la democracia<\/b><\/p>\n<p><span style=\"font-weight: 400\">Coordinadora: Analia Consolo Prof titular FCJyS. Directora Ejecutiva del Observatorio de Arbitraje Comercial Internacional y de Inversi\u00f3n.<br \/>\nColaboradoras <\/span><\/p>\n<p><span style=\"font-weight: 400\">Lujan Bellini Oservatorio de Arbitraje Comercial Internacional y de Inversi\u00f3n ICJ -FCJyS<br \/>\nManuela Rodriguez Debus Observatorio de Arbitraje Comercial Internacional y de Inversi\u00f3n ICJ -FCJyS<\/span><\/p>\n<p><span style=\"font-weight: 400\">Desde el retorno a la democracia hace ya casi cuarenta a\u00f1os, hemos tenido la oportunidad de asistir a un tiempo de reforma de nuestra Constituci\u00f3n Nacional en el a\u00f1o 1994, y tambi\u00e9n a la necesidad de resolver las controversias sin la intervenci\u00f3n estadual \u00fanicamente, con una mayor participaci\u00f3n\u00a0 de las partes como ha sido el caso de la mediaci\u00f3n.<\/span><\/p>\n<p><span style=\"font-weight: 400\">As\u00ed, lo que en alg\u00fan momento se redujo \u00fanicamente al litigio contencioso ante los estrados judiciales, hoy es una de las tantas opciones que tienen a disposici\u00f3n los justiciables para garantizar y efectivizar el acceso a la justicia .<\/span><\/p>\n<p><span style=\"font-weight: 400\">Es as\u00ed que, por ejemplo, la mediaci\u00f3n ha ido ganando terreno como un mecanismo de soluci\u00f3n de controversias que evita llegar al dispendio de recursos que implica el litigio, consiguiendo una respuesta m\u00e1s beneficiosa para las personas involucradas, atento ser ellas las hacedoras de la soluci\u00f3n. Adem\u00e1s, por su car\u00e1cter autocompositivo, prioriza el bienestar de los sujetos como un estado que trasciende el mero resultado econ\u00f3mico plasmado en una sentencia.<\/span><\/p>\n<p><span style=\"font-weight: 400\">Asimismo, el arbitraje se plantea como otra de las opciones ante los tiempos extensos que se manejan para resoluci\u00f3n de controversias por parte de la Justicia, garantizando respuestas r\u00e1pidas a problemas concretos. Tambi\u00e9n, su principio de confidencialidad respeta la voluntad de las partes en su decisi\u00f3n de qu\u00e9 aspectos exponer y cu\u00e1les no, creando un ambiente m\u00e1s favorable y flexible para la protecci\u00f3n de sus intereses.<\/span><\/p>\n<p><span style=\"font-weight: 400\">En resumen, de qu\u00e9 manera se fue dando este cambio de paradigma por el cual se abandonan los juegos de suma cero, en los que una parte &#8220;gana&#8221; y la otra &#8220;pierde&#8221;, para ir cada vez m\u00e1s hacia aquellos juegos de suma m\u00faltiple en los que prevalece el mayor consenso posible, construyendo consenso en el aniversario de los 40 a\u00f1os de vuelta a la democracia y los valores que confirmamos en el a\u00f1o 1994.<\/span><\/p>\n<p><strong>Expositores:<\/strong><\/p>\n<ul>\n<li><strong>Rosario Sanchez<\/strong> Presidenta Colegio de la Abogac\u00eda, Mediadora y profesora<\/li>\n<li><strong>Ana Mar\u00eda Bargiela<\/strong> Abogada, escribana Mediadora y \u00c1rbitro de los Tribunales Nacionales de Consumo. Directora de la Revista de Negociaci\u00f3n, Mediaci\u00f3n, conciliaci\u00f3n y M\u00e9todos Rad.<\/li>\n<li><strong>Gilda Maltas<\/strong> Defensora Gral. del Departamento Judicial Avellaneda-Lan\u00fas, Prof de Derecho Penal FCJyS<\/li>\n<li><strong>Jos\u00e9 Luis Laquidara<\/strong>\u00a0 \u00c1rbitro del CIAR ( Centro Iberoamericano de Arbitraje) Ex Director del sistema Nacional de Arbitraje de Consumo<\/li>\n<li><strong>Ana Lamacchia<\/strong> Abogada especialista en Prevenci\u00f3n gesti\u00f3n y resoluci\u00f3n de conflictos. Capacitadora y asesora externa en empresas y organizaciones . Mediadora<\/li>\n<li><strong>Gloria Mar\u00eda Viacava Paredes<\/strong> Abogada por la Pontificia Universidad Cat\u00f3lica del Per\u00fa (PUCP), Doctora en Derecho por la PUCP con la tesis Aplicaci\u00f3n de los principios constitucionales en el \u00e1mbito sancionador tributario, Magister en Tributaci\u00f3n y Pol\u00edtica Fiscal por la Universidad de Lima. Actualmente se desempe\u00f1a como directora de la Maestr\u00eda de Derecho Empresarial de la Universidad de Lima, consultora legal y docente a nivel superior en la Universidad de Lima. Expondr\u00e1 su ponencia v\u00eda Zoom desde Lima, Per\u00fa.<\/li>\n<\/ul>\n<p>&nbsp;<\/p>\n","protected":false},"excerpt":{"rendered":"<p>Medios apropiados de resoluci\u00f3n de conflictos a 40 a\u00f1os del regreso de la democracia Coordinadora: Analia Consolo Prof titular FCJyS. Directora Ejecutiva del Observatorio de Arbitraje Comercial Internacional y de Inversi\u00f3n. Colaboradoras Lujan Bellini Oservatorio de Arbitraje Comercial Internacional y de Inversi\u00f3n ICJ -FCJyS Manuela Rodriguez Debus Observatorio de Arbitraje Comercial Internacional y de Inversi\u00f3n [&hellip;]<\/p>\n","protected":false},"author":24,"featured_media":0,"parent":6,"menu_order":0,"comment_status":"closed","ping_status":"closed","template":"","meta":{"advgb_blocks_editor_width":"","advgb_blocks_columns_visual_guide":"","footnotes":""},"class_list":["post-101","page","type-page","status-publish","hentry","post"],"aioseo_notices":[],"coauthors":[],"author_meta":{"author_link":"https:\/\/congresos.unlp.edu.ar\/jornadas-icj2023\/author\/batista-alejandro\/","display_name":"batista.alejandro"},"relative_dates":{"created":"Posted 3 a\u00f1os ago","modified":"Updated 3 a\u00f1os ago"},"absolute_dates":{"created":"Posted on 26 septiembre, 2023","modified":"Updated on 1 noviembre, 2023"},"absolute_dates_time":{"created":"Posted on 26 septiembre, 2023 5:31 pm","modified":"Updated on 1 noviembre, 2023 12:17 pm"},"featured_img_caption":"","featured_img":false,"series_order":"","_links":{"self":[{"href":"https:\/\/congresos.unlp.edu.ar\/jornadas-icj2023\/wp-json\/wp\/v2\/pages\/101","targetHints":{"allow":["GET"]}}],"collection":[{"href":"https:\/\/congresos.unlp.edu.ar\/jornadas-icj2023\/wp-json\/wp\/v2\/pages"}],"about":[{"href":"https:\/\/congresos.unlp.edu.ar\/jornadas-icj2023\/wp-json\/wp\/v2\/types\/page"}],"author":[{"embeddable":true,"href":"https:\/\/congresos.unlp.edu.ar\/jornadas-icj2023\/wp-json\/wp\/v2\/users\/24"}],"replies":[{"embeddable":true,"href":"https:\/\/congresos.unlp.edu.ar\/jornadas-icj2023\/wp-json\/wp\/v2\/comments?post=101"}],"version-history":[{"count":0,"href":"https:\/\/congresos.unlp.edu.ar\/jornadas-icj2023\/wp-json\/wp\/v2\/pages\/101\/revisions"}],"up":[{"embeddable":true,"href":"https:\/\/congresos.unlp.edu.ar\/jornadas-icj2023\/wp-json\/wp\/v2\/pages\/6"}],"wp:attachment":[{"href":"https:\/\/congresos.unlp.edu.ar\/jornadas-icj2023\/wp-json\/wp\/v2\/media?parent=101"}],"curies":[{"name":"wp","href":"https:\/\/api.w.org\/{rel}","templated":true}]}}