{"id":40,"date":"2022-05-10T23:24:53","date_gmt":"2022-05-11T02:24:53","guid":{"rendered":"https:\/\/congresos.unlp.edu.ar\/jeatef\/?page_id=40"},"modified":"2022-05-10T23:43:24","modified_gmt":"2022-05-11T02:43:24","slug":"presentacion","status":"publish","type":"page","link":"https:\/\/congresos.unlp.edu.ar\/jeatef\/presentacion\/","title":{"rendered":"Presentaci\u00f3n"},"content":{"rendered":"<p><strong>\u00bfQu\u00e9 nos trae hasta aqu\u00ed?<\/strong><\/p>\n<p>El TEF ha recorrido, durante 37 a\u00f1os, una historia plena de innovaciones e intentos diversos, siempre colectivos, por mejorar la ense\u00f1anza de la f\u00edsica, adem\u00e1s de su aprendizaje. En ese viaje han participado muchos y muchas que ahora est\u00e1n dispersos por una gran cantidad de lugares y actividades (docentes o no). La intenci\u00f3n de estas Jornadas es la de <span style=\"color: #993300\">reunirnos en un espacio presencial y virtual com\u00fan que nos permita, por un lado, compartir las actividades actuales que cada uno y cada una estamos desarrollando.<\/span> Por otro, <span style=\"color: #993300\">creemos que puede significar una buena oportunidad para explicitar lo que la experiencia TEF nos significa y conectar el pasado vivido con este presente tan complejo, recuperando elaboraciones que permitan integrar, de nuevo colectivamente, el acervo TEF evaluando su proyecci\u00f3n a diferentes \u00e1mbitos.<\/span><\/p>\n<p>De esta manera <span style=\"color: #993300\">pretendemos abordar los desaf\u00edos educativos del siglo XXI en contextos de pandemia, virtualidad y nuevas tecnolog\u00edas.<\/span> Para esto abrimos la invitaci\u00f3n a docentes y estudiantes, desde nuestro espacio, hacia la comunidad educativa en general, y m\u00e1s all\u00e1: todos y todas a quienes nuestros planteos les den curiosidad, les hagan eco, los y las movilicen\u2026<\/p>\n<p>Por eso planteamos unas Jornadas abiertas y plenarias, donde se desdibujen los roles y seamos ense\u00f1antes y aprendientes a la vez, haciendo hincapi\u00e9 en construir desde coordenadas propias, anim\u00e1ndonos a crear algo nuevo, a encarar problem\u00e1ticas circundantes, desde el arraigo. Recordar a Rom\u00e1n, en esta instancia, da un aroma de lo que pretendemos alcanzar: un \u00e1mbito colmado de entramados y de vivencias y sensaciones profundamente humanas, de esas que cada uno y cada una hemos tenido en el \u201ceje TEF\u201d de nuestras vidas.<\/p>\n<p>&nbsp;<\/p>\n<p><strong>Formato<\/strong><\/p>\n<p>Se espera un formato \u201cdesestructurado\u201d, propiciando la generaci\u00f3n de espacios de construcci\u00f3n grupal, sociabilizando lo producido con una integraci\u00f3n y cierre en cada actividad (estilo \u201cAula Paralela\u201d: sabemos c\u00f3mo empezamos pero no hay l\u00edmites para adonde llegar; nos abriremos en abanico para, si se da, concretar algunas, pocas o muchas cuestiones si nuestros deseos as\u00ed se conjugan). Animaremos a la reflexi\u00f3n y al intercambio de ideas y sentimientos, habilitando otros lenguajes (po\u00e9tico, gestual, metaf\u00f3rico, \u2026), contemplando la horizontalidad entre los distintos actores, democratizando la distribuci\u00f3n de las voces y los saberes. Se sostendr\u00e1 un esp\u00edritu cr\u00edtico, no qued\u00e1ndose en la mera \u201coposici\u00f3n\u201d sino tambi\u00e9n alentando lo propositivo.<\/p>\n<p>Y lo proponemos de manera virtual adem\u00e1s de presencial, por una parte para permitir la asistencia de muchos y muchas que est\u00e1n geogr\u00e1ficamente lejos y, por otra, para tambi\u00e9n abordar esta realidad actual que nos conmueve, nos altera y nos obliga a recorrer nuevos caminos.<\/p>\n","protected":false},"excerpt":{"rendered":"<p>\u00bfQu\u00e9 nos trae hasta aqu\u00ed? El TEF ha recorrido, durante 37 a\u00f1os, una historia plena de innovaciones e intentos diversos, siempre colectivos, por mejorar la ense\u00f1anza de la f\u00edsica, adem\u00e1s de su aprendizaje. En ese viaje han participado muchos y muchas que ahora est\u00e1n dispersos por una gran cantidad de lugares y actividades (docentes o [&hellip;]<\/p>\n","protected":false},"author":138,"featured_media":0,"parent":0,"menu_order":0,"comment_status":"closed","ping_status":"closed","template":"","meta":{"advgb_blocks_editor_width":"","advgb_blocks_columns_visual_guide":"","footnotes":""},"class_list":["post-40","page","type-page","status-publish","hentry","post"],"aioseo_notices":[],"coauthors":[],"author_meta":{"author_link":"https:\/\/congresos.unlp.edu.ar\/jeatef\/author\/sebastiancabrera\/","display_name":"sebastiancabrera"},"relative_dates":{"created":"Posted 4 a\u00f1os ago","modified":"Updated 4 a\u00f1os ago"},"absolute_dates":{"created":"Posted on 10 mayo, 2022","modified":"Updated on 10 mayo, 2022"},"absolute_dates_time":{"created":"Posted on 10 mayo, 2022 11:24 pm","modified":"Updated on 10 mayo, 2022 11:43 pm"},"featured_img_caption":"","featured_img":false,"series_order":"","_links":{"self":[{"href":"https:\/\/congresos.unlp.edu.ar\/jeatef\/wp-json\/wp\/v2\/pages\/40","targetHints":{"allow":["GET"]}}],"collection":[{"href":"https:\/\/congresos.unlp.edu.ar\/jeatef\/wp-json\/wp\/v2\/pages"}],"about":[{"href":"https:\/\/congresos.unlp.edu.ar\/jeatef\/wp-json\/wp\/v2\/types\/page"}],"author":[{"embeddable":true,"href":"https:\/\/congresos.unlp.edu.ar\/jeatef\/wp-json\/wp\/v2\/users\/138"}],"replies":[{"embeddable":true,"href":"https:\/\/congresos.unlp.edu.ar\/jeatef\/wp-json\/wp\/v2\/comments?post=40"}],"version-history":[{"count":0,"href":"https:\/\/congresos.unlp.edu.ar\/jeatef\/wp-json\/wp\/v2\/pages\/40\/revisions"}],"wp:attachment":[{"href":"https:\/\/congresos.unlp.edu.ar\/jeatef\/wp-json\/wp\/v2\/media?parent=40"}],"curies":[{"name":"wp","href":"https:\/\/api.w.org\/{rel}","templated":true}]}}

Presentación

<p><strong>¿Qué nos trae hasta aquí?</strong></p>
<p>El TEF ha recorrido, durante 37 años, una historia plena de innovaciones e intentos diversos, siempre colectivos, por mejorar la enseñanza de la física, además de su aprendizaje. En ese viaje han participado muchos y muchas que ahora están dispersos por una gran cantidad de lugares y actividades (docentes o no). La intención de estas Jornadas es la de <span style="color: #993300">reunirnos en un espacio presencial y virtual común que nos permita, por un lado, compartir las actividades actuales que cada uno y cada una estamos desarrollando.</span> Por otro, <span style="color: #993300">creemos que puede significar una buena oportunidad para explicitar lo que la experiencia TEF nos significa y conectar el pasado vivido con este presente tan complejo, recuperando elaboraciones que permitan integrar, de nuevo colectivamente, el acervo TEF evaluando su proyección a diferentes ámbitos.</span></p>
<p>De esta manera <span style="color: #993300">pretendemos abordar los desafíos educativos del siglo XXI en contextos de pandemia, virtualidad y nuevas tecnologías.</span> Para esto abrimos la invitación a docentes y estudiantes, desde nuestro espacio, hacia la comunidad educativa en general, y más allá: todos y todas a quienes nuestros planteos les den curiosidad, les hagan eco, los y las movilicen…</p>
<p>Por eso planteamos unas Jornadas abiertas y plenarias, donde se desdibujen los roles y seamos enseñantes y aprendientes a la vez, haciendo hincapié en construir desde coordenadas propias, animándonos a crear algo nuevo, a encarar problemáticas circundantes, desde el arraigo. Recordar a Román, en esta instancia, da un aroma de lo que pretendemos alcanzar: un ámbito colmado de entramados y de vivencias y sensaciones profundamente humanas, de esas que cada uno y cada una hemos tenido en el “eje TEF” de nuestras vidas.</p>
<p>&nbsp;</p>
<p><strong>Formato</strong></p>
<p>Se espera un formato “desestructurado”, propiciando la generación de espacios de construcción grupal, sociabilizando lo producido con una integración y cierre en cada actividad (estilo “Aula Paralela”: sabemos cómo empezamos pero no hay límites para adonde llegar; nos abriremos en abanico para, si se da, concretar algunas, pocas o muchas cuestiones si nuestros deseos así se conjugan). Animaremos a la reflexión y al intercambio de ideas y sentimientos, habilitando otros lenguajes (poético, gestual, metafórico, …), contemplando la horizontalidad entre los distintos actores, democratizando la distribución de las voces y los saberes. Se sostendrá un espíritu crítico, no quedándose en la mera “oposición” sino también alentando lo propositivo.</p>
<p>Y lo proponemos de manera virtual además de presencial, por una parte para permitir la asistencia de muchos y muchas que están geográficamente lejos y, por otra, para también abordar esta realidad actual que nos conmueve, nos altera y nos obliga a recorrer nuevos caminos.</p>

<p>¿Qué nos trae hasta aquí? El TEF ha recorrido, durante 37 años, una historia plena de innovaciones e intentos diversos, siempre colectivos, por mejorar la enseñanza de la física, además de su aprendizaje. En ese viaje han participado muchos y muchas que ahora están dispersos por una gran cantidad de lugares y actividades (docentes o [&hellip;]</p>

Posted 4 años ago

Updated 4 años ago
