{"id":53,"date":"2024-12-15T17:48:20","date_gmt":"2024-12-15T20:48:20","guid":{"rendered":"https:\/\/congresos.unlp.edu.ar\/jai-pba\/?page_id=53"},"modified":"2025-05-28T11:56:42","modified_gmt":"2025-05-28T14:56:42","slug":"cronograma","status":"publish","type":"page","link":"https:\/\/congresos.unlp.edu.ar\/jai-pba\/cronograma\/","title":{"rendered":"Cronograma"},"content":{"rendered":"<h4><strong><img loading=\"lazy\" decoding=\"async\" class=\"size-medium wp-image-109 alignleft\" src=\"http:\/\/congresos.unlp.edu.ar\/jai-pba\/wp-content\/uploads\/sites\/95\/2024\/12\/pngegg5-300x300.png\" alt=\"\" width=\"60\" height=\"300\" \/><\/strong><\/h4>\n<h4><strong>\u00a0<\/strong><\/h4>\n<h4><strong> <span style=\"color: #388aba\">Fecha:<\/span><\/strong><span style=\"color: #388aba\">\u00a0 JUEVES 5-6-25\u00a0 <em>\u00a0(Horario 16 a 20.30 hs.)<\/em><\/span><\/h4>\n<p><u>Actividades:<br \/>\n<\/u><\/p>\n<p><strong>15.30 hs. Registro de Asistentes\u00a0<\/strong><\/p>\n<p><strong>16.00\u00a0 hs. Acto Apertura. <\/strong>A cargo del Presidente Academia Ingenier\u00eda PBA, Ing. Armando De Giusti.<\/p>\n<p><strong>16.05 hs. Conferencia Inaugural<\/strong><u>.<\/u><\/p>\n<p>A cargo del\u00a0 Presidente de la CIC PBA\u00a0 <strong>Dr. Roberto Salvarezza<\/strong> sobre:<\/p>\n<p><strong><em>\u201cProblem\u00e1ticas prioritarias para la Ingenier\u00eda en la Provincia de Buenos Aires\u201d.\u00a0 <\/em><\/strong><\/p>\n<p><strong>17.15 hs. Entrega de la distinci\u00f3n de la Academia <\/strong><\/p>\n<p><em>A alumnos \u00a0que han presentado trabajos en el 1er. Concurso de Trabajos de Alumnos de Ingenier\u00eda de las Universidades de la Provincia de Buenos Aires. En este caso sobre AGUA y\/o ENERG\u00cdA. <\/em><\/p>\n<p><strong>17.30 hs.\u00a0 <\/strong><strong>PANEL ENERG\u00cdA\u00a0 (Coordinaci\u00f3n Ing. Patricia Arnera)<\/strong><\/p>\n<ul>\n<li><strong> Oscar Vignart<\/strong>: Presidente de la Academia Nacional de Ingenier\u00eda.<\/li>\n<\/ul>\n<p>Tema: Transici\u00f3n energ\u00e9tica a nivel mundial, oportunidades para Argentina (Soluciones Basadas en la Naturaleza y SMR-reactores modulares peque\u00f1os).<\/p>\n<ul>\n<li><strong> Jorge Nizovoy<\/strong>: Jefe Departamento Planeamiento de la Red TRANSENER y TRANSBA.<\/li>\n<\/ul>\n<p>Tema \u201cSistema el\u00e9ctrico de la Pcia. de Buenos Aires en el marco del Sistema Argentino de Interconexi\u00f3n\u201d.<\/p>\n<ul>\n<li><strong> Mariano Bottega<\/strong>: Jefe de Desarrollo de Proyectos de YPF Luz.<\/li>\n<\/ul>\n<p>Tema \u201cProyectos presentes y a futuro\u201d.<\/p>\n<p><strong>18.45 hs. Break<\/strong><\/p>\n<p><em>\u00a0<\/em><strong>19.00 hs. PANEL CALIDAD DE AGUA <\/strong><strong>\u00a0(Coord. Ing. Sergio Liscia \u2013 Ing. Ra\u00fal Lopardo).<\/strong><\/p>\n<ul>\n<li><strong> Eliana Berardozzi <\/strong>Directora del laboratorio de Agua y Saneamiento instalado en el Centro Interdisciplinario de Investigaciones Aplicadas al Agua y el Ambiente (CIIAAA).<\/li>\n<\/ul>\n<ul>\n<li><strong> Eduardo Kruse <\/strong>Decano de la Facultad de Ciencias Naturales y Museo de la Universidad Nacional de La Plata. Especialista en Hidrol\u00f3gica ambiental, en especial con evaluaci\u00f3n de aguas subterr\u00e1neas, aguas superficiales, riesgos ambientales y costeros.<\/li>\n<\/ul>\n<ul>\n<li><strong> Oscar Deina <\/strong>Miembro del Directorio del ADA (Autoridad del Agua de la Provincia de Buenos Aires).<br \/>\nTema: Calidad de Aguas en la Provincia de Bs. As.<\/li>\n<\/ul>\n<p><strong><em>20:15 hs. CIERRE.<\/em><\/strong><\/p>\n<hr \/>\n","protected":false},"excerpt":{"rendered":"<p>\u00a0 Fecha:\u00a0 JUEVES 5-6-25\u00a0 \u00a0(Horario 16 a 20.30 hs.) Actividades: 15.30 hs. Registro de Asistentes\u00a0 16.00\u00a0 hs. Acto Apertura. A cargo del Presidente Academia Ingenier\u00eda PBA, Ing. Armando De Giusti. 16.05 hs. Conferencia Inaugural. A cargo del\u00a0 Presidente de la CIC PBA\u00a0 Dr. Roberto Salvarezza sobre: \u201cProblem\u00e1ticas prioritarias para la Ingenier\u00eda en la Provincia de [&hellip;]<\/p>\n","protected":false},"author":233,"featured_media":0,"parent":0,"menu_order":0,"comment_status":"closed","ping_status":"closed","template":"","meta":{"advgb_blocks_editor_width":"","advgb_blocks_columns_visual_guide":"","footnotes":""},"class_list":["post-53","page","type-page","status-publish","hentry","post"],"aioseo_notices":[],"coauthors":[],"author_meta":{"author_link":"https:\/\/congresos.unlp.edu.ar\/jai-pba\/author\/degiusti\/","display_name":"degiusti"},"relative_dates":{"created":"Posted 1 a\u00f1o ago","modified":"Updated 11 meses ago"},"absolute_dates":{"created":"Posted on 15 diciembre, 2024","modified":"Updated on 28 mayo, 2025"},"absolute_dates_time":{"created":"Posted on 15 diciembre, 2024 5:48 pm","modified":"Updated on 28 mayo, 2025 11:56 am"},"featured_img_caption":"","featured_img":false,"series_order":"","_links":{"self":[{"href":"https:\/\/congresos.unlp.edu.ar\/jai-pba\/wp-json\/wp\/v2\/pages\/53","targetHints":{"allow":["GET"]}}],"collection":[{"href":"https:\/\/congresos.unlp.edu.ar\/jai-pba\/wp-json\/wp\/v2\/pages"}],"about":[{"href":"https:\/\/congresos.unlp.edu.ar\/jai-pba\/wp-json\/wp\/v2\/types\/page"}],"author":[{"embeddable":true,"href":"https:\/\/congresos.unlp.edu.ar\/jai-pba\/wp-json\/wp\/v2\/users\/233"}],"replies":[{"embeddable":true,"href":"https:\/\/congresos.unlp.edu.ar\/jai-pba\/wp-json\/wp\/v2\/comments?post=53"}],"version-history":[{"count":0,"href":"https:\/\/congresos.unlp.edu.ar\/jai-pba\/wp-json\/wp\/v2\/pages\/53\/revisions"}],"wp:attachment":[{"href":"https:\/\/congresos.unlp.edu.ar\/jai-pba\/wp-json\/wp\/v2\/media?parent=53"}],"curies":[{"name":"wp","href":"https:\/\/api.w.org\/{rel}","templated":true}]}}