{"id":66,"date":"2022-09-14T10:49:55","date_gmt":"2022-09-14T13:49:55","guid":{"rendered":"https:\/\/congresos.unlp.edu.ar\/ixjornadasmediooriente\/?page_id=66"},"modified":"2022-09-14T10:49:55","modified_gmt":"2022-09-14T13:49:55","slug":"actividades","status":"publish","type":"page","link":"https:\/\/congresos.unlp.edu.ar\/ixjornadasmediooriente\/actividades\/","title":{"rendered":"Actividades"},"content":{"rendered":"<p>28 de septiembre<br \/>\n<strong>Desaf\u00edos globales, problemas regionales<\/strong><br \/>\nPresentaci\u00f3n de Libro: <strong>Foreign Policy in Times of Crisis<\/strong> &#8211; Marta Tawil &amp; \u00c9lodie Brun (eds)<br \/>\n<strong>Seguridad y conflicto <\/strong><\/p>\n<p>29 de septiembre<br \/>\n<strong>Acuerdos de Abraham y conflicto palestino-israel\u00ed<br \/>\nIdentidad, pol\u00edtica e historia<br \/>\nFeminismo y g\u00e9nero <\/strong><\/p>\n<p>30 de septiembre<br \/>\n<strong>Pol\u00edtica en el Golfo e Ir\u00e1n<br \/>\nEncuentro entre acad\u00e9micos y activistas palestinos e israel\u00edes <\/strong><br \/>\nPresentaci\u00f3n de Libro: <strong>Jerusal\u00e9n abierta &#8211; Ignacio Rullansky<\/strong><\/p>\n","protected":false},"excerpt":{"rendered":"<p>28 de septiembre Desaf\u00edos globales, problemas regionales Presentaci\u00f3n de Libro: Foreign Policy in Times of Crisis &#8211; Marta Tawil &amp; \u00c9lodie Brun (eds) Seguridad y conflicto 29 de septiembre Acuerdos de Abraham y conflicto palestino-israel\u00ed Identidad, pol\u00edtica e historia Feminismo y g\u00e9nero 30 de septiembre Pol\u00edtica en el Golfo e Ir\u00e1n Encuentro entre acad\u00e9micos y [&hellip;]<\/p>\n","protected":false},"author":92,"featured_media":0,"parent":0,"menu_order":0,"comment_status":"closed","ping_status":"closed","template":"","meta":{"advgb_blocks_editor_width":"","advgb_blocks_columns_visual_guide":"","footnotes":""},"class_list":["post-66","page","type-page","status-publish","hentry","post"],"aioseo_notices":[],"coauthors":[],"author_meta":{"author_link":"https:\/\/congresos.unlp.edu.ar\/ixjornadasmediooriente\/author\/juana\/","display_name":"juana"},"relative_dates":{"created":"Posted 4 a\u00f1os ago","modified":"Updated 4 a\u00f1os ago"},"absolute_dates":{"created":"Posted on 14 septiembre, 2022","modified":"Updated on 14 septiembre, 2022"},"absolute_dates_time":{"created":"Posted on 14 septiembre, 2022 10:49 am","modified":"Updated on 14 septiembre, 2022 10:49 am"},"featured_img_caption":"","featured_img":false,"series_order":"","_links":{"self":[{"href":"https:\/\/congresos.unlp.edu.ar\/ixjornadasmediooriente\/wp-json\/wp\/v2\/pages\/66","targetHints":{"allow":["GET"]}}],"collection":[{"href":"https:\/\/congresos.unlp.edu.ar\/ixjornadasmediooriente\/wp-json\/wp\/v2\/pages"}],"about":[{"href":"https:\/\/congresos.unlp.edu.ar\/ixjornadasmediooriente\/wp-json\/wp\/v2\/types\/page"}],"author":[{"embeddable":true,"href":"https:\/\/congresos.unlp.edu.ar\/ixjornadasmediooriente\/wp-json\/wp\/v2\/users\/92"}],"replies":[{"embeddable":true,"href":"https:\/\/congresos.unlp.edu.ar\/ixjornadasmediooriente\/wp-json\/wp\/v2\/comments?post=66"}],"version-history":[{"count":0,"href":"https:\/\/congresos.unlp.edu.ar\/ixjornadasmediooriente\/wp-json\/wp\/v2\/pages\/66\/revisions"}],"wp:attachment":[{"href":"https:\/\/congresos.unlp.edu.ar\/ixjornadasmediooriente\/wp-json\/wp\/v2\/media?parent=66"}],"curies":[{"name":"wp","href":"https:\/\/api.w.org\/{rel}","templated":true}]}}