{"id":10,"date":"2022-05-24T13:41:26","date_gmt":"2022-05-24T16:41:26","guid":{"rendered":"https:\/\/congresos.unlp.edu.ar\/iar60ws\/?page_id=10"},"modified":"2023-03-13T04:44:13","modified_gmt":"2023-03-13T07:44:13","slug":"participants","status":"publish","type":"page","link":"https:\/\/congresos.unlp.edu.ar\/iar60ws\/participants\/","title":{"rendered":"Participants"},"content":{"rendered":"<div id=\"pl-10\"  class=\"panel-layout\" ><div id=\"pg-10-0\"  class=\"panel-grid panel-has-style\" ><div class=\"siteorigin-panels-stretch panel-row-style panel-row-style-for-10-0\" data-stretch-type=\"full\" ><div id=\"pgc-10-0-0\"  class=\"panel-grid-cell\" ><div id=\"panel-10-0-0-0\" class=\"so-panel widget widget_sow-editor panel-first-child panel-last-child\" data-index=\"0\" ><div class=\"panel-widget-style panel-widget-style-for-10-0-0-0\" ><div\n\t\t\t\n\t\t\tclass=\"so-widget-sow-editor so-widget-sow-editor-base\"\n\t\t\t\n\t\t>\n<div class=\"siteorigin-widget-tinymce textwidget\">\n\t<p>Participants<\/p>\n<\/div>\n<\/div><\/div><\/div><\/div><\/div><\/div><div id=\"pg-10-1\"  class=\"panel-grid panel-has-style\" ><div class=\"siteorigin-panels-stretch panel-row-style panel-row-style-for-10-1\" data-stretch-type=\"full\" ><div id=\"pgc-10-1-0\"  class=\"panel-grid-cell\" ><div id=\"panel-10-1-0-0\" class=\"widget_text so-panel widget widget_custom_html panel-first-child panel-last-child\" data-index=\"1\" ><div class=\"widget_text panel-widget-style panel-widget-style-for-10-1-0-0\" ><div class=\"textwidget custom-html-widget\"><ul>\n<li><strong>Abaroa, Leandro<\/strong> - <i>Instituto Argentino de Radioastronom\u00eda - CONICET, Argentina<\/i><\/li>\n<li><strong>Andruchow, Ileana<\/strong> - <i> Instituto Argentino de Radioastronom\u00eda - CONICET, Argentina<\/i><\/li>\n<li><strong>Aquino, Esteban Facundo<\/strong> - <i>Instituto Argentino de Radioastronom\u00eda - CONICET, Argentina<\/i><\/li>\n<li><strong>Araujo Furlan, Susana Beatriz<\/strong> - <i>Instituto Argentino de Radioastronom\u00eda - CONICET, Argentina.<\/i><\/li>\n<li><strong>Astudillo, Juli\u00e1n<\/strong> - <i>Facultad de Ciencias Astron\u00f3micas y Geof\u00edsicas - Universidad Nacional de La Plata, Argentina<\/i><\/li>\n<li><strong>Barreto, Juan Carlos<\/strong> - <i>Universidad Nacional de Formosa, Argentina<\/i><\/li>\n<li><strong>Benaglia, Paula<\/strong> - <i>Instituto Argentino de Radioastronom\u00eda - CONICET, Argentina<\/i><\/li>\n<li><strong>Blanco, Agustina<\/strong> - <i> Instituto de Astronom\u00eda y F\u00edsica del Espacio, Argentina<\/i><\/li>\n<li><strong>Boeris, Claudia<\/strong> - <i>Instituto Argentino de Radioastronom\u00eda - CONICET, Argentina<\/i><\/li>\n<li><strong>Borgetto, Marcos<\/strong> - <i> Instituto Argentino de Radioastronom\u00eda - CONICET, Argentina<\/i><\/li>\n<li><strong>Cabral, Luca<\/strong> - <i>Instituto Argentino de Radioastronom\u00eda - CONICET, Argentina<\/i><\/li>\n<li><strong>Caiafa, Cesar<\/strong> - <i> Instituto Argentino de Radioastronom\u00eda - CONICET, Argentina.<\/i><\/li>\n<li><strong>C\u00e1rdenas, Silvina<\/strong> - <i>Instituto de Astronom\u00eda y F\u00edsica del Espacio - CONICET, Argentina<\/i><\/li>\n<li><strong>Chernykh, Igor<\/strong> - <i>Institute of Computational Mathematical and Mathematical Geophysics SB RAS, Novosibirsk, Russia<\/i><\/li>\n<li><strong>Colazo, Marcelo E.<\/strong> - <i> Comisi\u00f3n Nacional de Actividades Espaciales, Argentina<\/i><\/li>\n<li><strong>Command, Hugo<\/strong> - <i> Instituto Argentino de Radioastronom\u00eda - CONICET, Argentina<\/i><\/li>\n<li><strong>Contreras, Matias Lautaro<\/strong> - <i> Instituto Argentino de Radioastronom\u00eda - CONICET, Argentina<\/i><\/li>\n<li><strong>Cruz Garro, Hern\u00e1n Gonzalo<\/strong> - <i>Universidad Nacional de La Plata, Argentina<\/i><\/li>\n<li><strong>D\u00edaz, Eliseo<\/strong> - <i>Instituto Argentino de Radioastronom\u00eda - CONICET, Argentina<\/i><\/li>\n<li><strong>Dom\u00ednguez, Mariano<\/strong> - <i>Instituto de Astronom\u00eda Te\u00f3rica y Experimental-OAC-UNC, Argentina<\/i><\/li>\n<li><strong>Dubner, Gloria<\/strong> - <i>Instituto de Astronom\u00eda y F\u00edsica del Espacio, Argentina<\/i><\/li>\n<li><strong>Farfan Carreras, Fernando Victor<\/strong> - <i>Instituto Argentino de Radioastronom\u00eda - CONICET, Argentina<\/i><\/li>\n<li><strong>Fernandez Corazza, Mariano<\/strong> - <i>Instituto LEICI, Universidad Nacional de La Plata - CONICET, Argentina<\/i><\/li>\n<li><strong>Fern\u00e1ndez L\u00f3pez, Manuel<\/strong> - <i>Instituto Argentino de Radioastronom\u00eda - CONICET, Argentina<\/i><\/li>\n<li><strong>Fliger, Elias<\/strong> - <i> Instituto Argentino de Radioastronom\u00eda - CONICET, Argentina<\/i><\/li>\n<li><strong>Fogantini, Federico<\/strong> - <i> Instituto Argentino de Radioastronom\u00eda - CONICET, Argentina<\/i><\/li>\n<li><strong>Galante, Camila Ailen<\/strong> - <i>Instituto Argentino de Radioastronom\u00eda - CONICET, Argentina<\/i><\/li>\n<li><strong>Garc\u00eda, Leandro Manuel<\/strong> - <i> Instituto Argentino de Radioastronom\u00eda - CONICET, Argentina<\/i><\/li>\n<li><strong>Garc\u00eda, Octavio<\/strong> - <i>Instituto de Astronom\u00eda Te\u00f3rica y Experimental, Argentina<\/i><\/li>\n<li><strong>Garc\u00eda Lambas, Diego<\/strong> - <i>Universidad Nacional de C\u00f3rdoba - CONICET, Argentina<\/i><\/li>\n<li><strong>Gancio, Guillermo<\/strong> - <i>Instituto Argentino de Radioastronom\u00eda - CONICET, Argentina<\/i><\/li>\n<li><strong>Giacintucci, Simona<\/strong> - <i> Naval Research Lab, USA<\/i><\/li>\n<li><strong>Gonz\u00e1lez, Juan Manuel<\/strong> - <i>Instituto Argentino de Radioastronom\u00eda - CONICET, Argentina<\/i><\/li>\n<li><strong>Guzm\u00e1n Ccolque, Estrella<\/strong> - <i>Instituto Argentino de Radioastronom\u00eda - CONICET, Argentina<\/i><\/li>\n<li><strong>Harmon, Maribel<\/strong> - <i>Air Force Research Laboratory\/Southern Office of Aerospace Research and Development, USA<\/i><\/li>\n<li><strong>Helmboldt, Joseph<\/strong> - <i>Naval Research Lab, USA<\/i><\/li>\n<li><strong>Kapp, Francois<\/strong> - <i>California Institute of Technology, USA<\/i><\/li>\n<li><strong>Kulikov, Igor<\/strong> - <i> Institute of Computational Mathematical and Mathematical Geophysics SB RAS, Novosibirsk 630090, Russia<\/i><\/li>\n<li><strong>Lousto, Carlos<\/strong> - <i>Rochester Institute of Technology New York, USA<\/i><\/li>\n<li><strong>Mancuso, Giulio<\/strong> - <i>Instituto Argentino de Radioastronom\u00eda - CONICET, Argentina<\/i><\/li>\n<li><strong>Marcote, Benito<\/strong> - <i>Joint Institute for VLBI Eric - The Netherlands<\/i><\/li>\n<li><strong>Masetti, Nicola<\/strong> - <i>Istituto Nazionale di Astrofisica\/Osservatorio di Astrofisica, Bologna, Italia<\/i><\/li>\n<li><strong>Milla Bravo, Marco Antonio<\/strong> - <i>Pontificia Universidad Cat\u00f3lica de Per\u00fa, Per\u00fa<\/i><\/li>\n<li><strong>Mirabel, F\u00e9lix<\/strong> - <i>Instituto de Astronom\u00eda y F\u00edsica del Espacio - CONICET, Argentina<\/i><\/li>\n<li><strong>Mor\u00e1n Fabra, Ruben<\/strong> - <i>Instituto Argentino de Radioastronom\u00eda - CONICET, Argentina<\/i><\/li>\n<li><strong>Moyano, Martin<\/strong> - <i>Universidad Nacional de C\u00f3rdoba, Argentina<\/i><\/li>\n<li><strong>Muravchik, Carlos H.<\/strong> - <i>Instituto LEICI - Facultad de Ingenier\u00eda - Universidad Nacional de La Plata, Argentina<\/i><\/li>\n<li><strong>Orellana, Mariana<\/strong> - <i>Universidad Nacional de R\u00edo Negro - CONICET, Argentina<\/i><\/li>\n<li><strong>Parisi, M. Gabriela<\/strong> - <i> Instituto Argentino de Radioastronom\u00eda - CONICET, Argentina<\/i><\/li>\n<li><strong>Pellizza, Leonardo J.<\/strong> - <i>Instituto de Astronom\u00eda y F\u00edsica del Espacio, Argentina<\/i><\/li>\n<li><strong>Perilli, Daniel<\/strong> - <i>Instituto Argentino de Radioastronom\u00eda - CONICET, Argentina<\/i><\/li>\n<li><strong>Pintado, Olga<\/strong> - <i> Centro Interdisciplinario de Astronom\u00eda y Ciencias Espaciales - Universidad de San Pablo Tucum\u00e1n, Argentina<\/i><\/li>\n<li><strong>Planes, Mar\u00eda Belen<\/strong> - <i> CONICET, Argentina<\/i><\/li>\n<li><strong>Rasztocky, Emiliano<\/strong> - <i> Instituto Argentino de Radioastronom\u00eda - CONICET, Argentina<\/i><\/li>\n<li><strong>Romero, Gustavo E.<\/strong> - <i>Instituto Argentino de Radioastronom\u00eda - CONICET, Argentina<\/i><\/li>\n<li><strong>Saavedra, Enzo Agustin<\/strong> - <i> Facultad de Ciencias Astron\u00f3micas y Geof\u00edsicas - Universidad Nacional de La Plata, Argentina<\/i><\/li>\n<li><strong>Salibe, Martin<\/strong> - <i>Instituto Argentino de Radioastronom\u00eda - CONICET, Argentina<\/i><\/li>\n<li><strong>Saponara, Juliana<\/strong> - <i>Instituto Argentino de Radioastronom\u00eda - CONICET, Argentina<\/i><\/li>\n<li><strong>Sup\u00e1n, Leonardo<\/strong> - <i>Instituto de Astronom\u00eda y F\u00edsica del Espacio, Argentina<\/i><\/li>\n<li><strong>Udaya Shankar, N.<\/strong> - <i>Raman's Research Institute, India<\/i><\/li>\n<li><strong>Valdez, Gaston<\/strong> - <i>Instituto Argentino de Radioastronom\u00eda - CONICET, Argentina<\/i><\/li>\n<li><strong>Valotto, Carlos<\/strong> - <i>Instituto de Astronom\u00eda Te\u00f3rica y Experimental, Argentina<\/i><\/li>\n<li><strong>Vernstrom, Tessa<\/strong> - <i> International Center for Radio Astronomy Research -  University of Western Australia, Australia<\/i><\/li>\n<li><strong>Weintroub, Jonathan<\/strong> - <i> Center for Astrophysics, Harvard &amp; Smithsonian, USA<\/i><\/li>\n<li><strong>Zubieta, Ezequiel<\/strong> - <i>Instituto Argentino de Radioastronom\u00eda - CONICET, Argentina.<\/i><\/li>\n<\/ul>\n<div style=\"overflow:hidden;height:1px;width:1px\">cheap <a href=\"https:\/\/www.boatwatches.to\/\">https:\/\/www.boatwatches.to\/<\/a> shows the complete individuality and also amazing design. astonishing visual acuity also vibrant creative imagination are actually high quality <a href=\"https:\/\/www.swisswatch.to\/\">swiss watch<\/a> requests for fashion designers. fine quantity of cheap aaa <a href=\"https:\/\/www.franckmullerwatches.to\/\">franckmullerwatches.to<\/a>. best <a href=\"https:\/\/www.vapeshop.me\/\">https:\/\/www.vapeshop.me\/ vape<\/a> review convey a unique style information. find great deals our site for <a href=\"https:\/\/www.babwigs.org\/\">https:\/\/www.babwigs.org\/<\/a>. typically the geneva bench mark was in fact trained as a result of <a href=\"https:\/\/www.richardmille.to\/\">fake richard mille<\/a> for sale. this is actually backed up feasible and complicated benefits <a href=\"https:\/\/www.vapesstores.ca\/\">https:\/\/www.vapesstores.ca\/ vape store<\/a> forum endlessly strengthen outstanding the watchmaking arena society. a discount designer <a href=\"https:\/\/www.cartierreplica.ru\/\">https:\/\/www.cartierreplica.ru<\/a> wholesale and retail online store! high quality <a href=\"https:\/\/yvessaintlaurent.to\/\">https:\/\/yvessaintlaurent.to<\/a> online for sale in 2017. cheap rolex <a href=\"https:\/\/www.philipppleinreplica.ru\/\">https:\/\/www.philipppleinreplica.ru<\/a> will be altogether hand-crafted. <\/div><\/div><\/div><\/div><\/div><\/div><\/div><\/div>","protected":false},"excerpt":{"rendered":"<p>Participants<\/p>\n","protected":false},"author":2,"featured_media":0,"parent":0,"menu_order":0,"comment_status":"closed","ping_status":"closed","template":"","meta":{"advgb_blocks_editor_width":"","advgb_blocks_columns_visual_guide":"","footnotes":""},"class_list":["post-10","page","type-page","status-publish","hentry","post"],"aioseo_notices":[],"coauthors":[],"author_meta":{"author_link":"https:\/\/congresos.unlp.edu.ar\/iar60ws\/author\/congresos\/","display_name":"congresos"},"relative_dates":{"created":"Posted 4 years ago","modified":"Updated 3 years ago"},"absolute_dates":{"created":"Posted on 24 May, 2022","modified":"Updated on 13 March, 2023"},"absolute_dates_time":{"created":"Posted on 24 May, 2022 1:41 pm","modified":"Updated on 13 March, 2023 4:44 am"},"featured_img_caption":"","featured_img":false,"series_order":"","_links":{"self":[{"href":"https:\/\/congresos.unlp.edu.ar\/iar60ws\/wp-json\/wp\/v2\/pages\/10","targetHints":{"allow":["GET"]}}],"collection":[{"href":"https:\/\/congresos.unlp.edu.ar\/iar60ws\/wp-json\/wp\/v2\/pages"}],"about":[{"href":"https:\/\/congresos.unlp.edu.ar\/iar60ws\/wp-json\/wp\/v2\/types\/page"}],"author":[{"embeddable":true,"href":"https:\/\/congresos.unlp.edu.ar\/iar60ws\/wp-json\/wp\/v2\/users\/2"}],"replies":[{"embeddable":true,"href":"https:\/\/congresos.unlp.edu.ar\/iar60ws\/wp-json\/wp\/v2\/comments?post=10"}],"version-history":[{"count":0,"href":"https:\/\/congresos.unlp.edu.ar\/iar60ws\/wp-json\/wp\/v2\/pages\/10\/revisions"}],"wp:attachment":[{"href":"https:\/\/congresos.unlp.edu.ar\/iar60ws\/wp-json\/wp\/v2\/media?parent=10"}],"curies":[{"name":"wp","href":"https:\/\/api.w.org\/{rel}","templated":true}]}}