{"id":9,"date":"2023-06-23T12:20:10","date_gmt":"2023-06-23T15:20:10","guid":{"rendered":"https:\/\/congresos.unlp.edu.ar\/gaps2-jaid\/?page_id=9"},"modified":"2023-09-11T17:05:24","modified_gmt":"2023-09-11T20:05:24","slug":"programa-local","status":"publish","type":"page","link":"https:\/\/congresos.unlp.edu.ar\/gaps2\/programa-local\/","title":{"rendered":"Programa local"},"content":{"rendered":"<h2><strong>Programa local<\/strong><\/h2>\n<p>En el pdf podr\u00e1 consultar las actividades programadas en La Plata. Incluye la programaci\u00f3n de GAPS2 y JAID.<\/p>\n<p><a href=\"https:\/\/drive.google.com\/file\/d\/1_gvzB5wHFl84E7jLIhjUVzNpcZRyWZHd\/view?usp=sharing\">Programa GAPS-JAID (La Plata)<\/a><\/p>\n<p>El programa definitivo ser\u00e1 publicado en los pr\u00f3ximos d\u00edas.<\/p>\n<p>&nbsp;<\/p>\n<h2>Programa global<\/h2>\n<p>Consulte las sesiones programadas en todas las sedes<\/p>\n<p><a href=\"https:\/\/congresos.unlp.edu.ar\/gaps2\/wp-content\/uploads\/sites\/75\/2023\/09\/GAPS2Programme.pdf\">GAPS2Programme<\/a><\/p>\n","protected":false},"excerpt":{"rendered":"<p>Programa local En el pdf podr\u00e1 consultar las actividades programadas en La Plata. Incluye la programaci\u00f3n de GAPS2 y JAID. Programa GAPS-JAID (La Plata) El programa definitivo ser\u00e1 publicado en los pr\u00f3ximos d\u00edas. &nbsp; Programa global Consulte las sesiones programadas en todas las sedes GAPS2Programme<\/p>\n","protected":false},"author":2,"featured_media":0,"parent":0,"menu_order":0,"comment_status":"closed","ping_status":"closed","template":"","meta":{"advgb_blocks_editor_width":"","advgb_blocks_columns_visual_guide":"","footnotes":""},"class_list":["post-9","page","type-page","status-publish","hentry","post"],"aioseo_notices":[],"coauthors":[],"author_meta":{"author_link":"https:\/\/congresos.unlp.edu.ar\/gaps2\/author\/congresos\/","display_name":"congresos"},"relative_dates":{"created":"Posted 3 a\u00f1os ago","modified":"Updated 3 a\u00f1os ago"},"absolute_dates":{"created":"Posted on 23 junio, 2023","modified":"Updated on 11 septiembre, 2023"},"absolute_dates_time":{"created":"Posted on 23 junio, 2023 12:20 pm","modified":"Updated on 11 septiembre, 2023 5:05 pm"},"featured_img_caption":"","featured_img":false,"series_order":"","_links":{"self":[{"href":"https:\/\/congresos.unlp.edu.ar\/gaps2\/wp-json\/wp\/v2\/pages\/9","targetHints":{"allow":["GET"]}}],"collection":[{"href":"https:\/\/congresos.unlp.edu.ar\/gaps2\/wp-json\/wp\/v2\/pages"}],"about":[{"href":"https:\/\/congresos.unlp.edu.ar\/gaps2\/wp-json\/wp\/v2\/types\/page"}],"author":[{"embeddable":true,"href":"https:\/\/congresos.unlp.edu.ar\/gaps2\/wp-json\/wp\/v2\/users\/2"}],"replies":[{"embeddable":true,"href":"https:\/\/congresos.unlp.edu.ar\/gaps2\/wp-json\/wp\/v2\/comments?post=9"}],"version-history":[{"count":0,"href":"https:\/\/congresos.unlp.edu.ar\/gaps2\/wp-json\/wp\/v2\/pages\/9\/revisions"}],"wp:attachment":[{"href":"https:\/\/congresos.unlp.edu.ar\/gaps2\/wp-json\/wp\/v2\/media?parent=9"}],"curies":[{"name":"wp","href":"https:\/\/api.w.org\/{rel}","templated":true}]}}

<h2><strong>Programa local</strong></h2>
<p>En el pdf podrá consultar las actividades programadas en La Plata. Incluye la programación de GAPS2 y JAID.</p>
<p><a href="https://drive.google.com/file/d/1_gvzB5wHFl84E7jLIhjUVzNpcZRyWZHd/view?usp=sharing">Programa GAPS-JAID (La Plata)</a></p>
<p>El programa definitivo será publicado en los próximos días.</p>
<p>&nbsp;</p>
<h2>Programa global</h2>
<p>Consulte las sesiones programadas en todas las sedes</p>
<p><a href="https://congresos.unlp.edu.ar/gaps2/wp-content/uploads/sites/75/2023/09/GAPS2Programme.pdf">GAPS2Programme</a></p>

<p>Programa local En el pdf podrá consultar las actividades programadas en La Plata. Incluye la programación de GAPS2 y JAID. Programa GAPS-JAID (La Plata) El programa definitivo será publicado en los próximos días. &nbsp; Programa global Consulte las sesiones programadas en todas las sedes GAPS2Programme</p>

Posted 3 años ago

Updated 3 años ago
