{"id":8,"date":"2023-06-23T12:20:10","date_gmt":"2023-06-23T15:20:10","guid":{"rendered":"https:\/\/congresos.unlp.edu.ar\/gaps2-jaid\/?page_id=8"},"modified":"2023-07-14T02:47:49","modified_gmt":"2023-07-14T05:47:49","slug":"comite-organizador","status":"publish","type":"page","link":"https:\/\/congresos.unlp.edu.ar\/gaps2\/comite-organizador\/","title":{"rendered":"Comit\u00e9 organizador"},"content":{"rendered":"<p class=\"zfr3Q CDt4Ke \" dir=\"ltr\"><span class=\"C9DxTc \">Isabel Cecilia Mart\u00ednez<\/span><\/p>\n<p class=\"zfr3Q CDt4Ke \" dir=\"ltr\"><span class=\"C9DxTc \">Joaqu\u00edn Blas P\u00e9rez<\/span><\/p>\n<p dir=\"ltr\">Mat\u00edas Tanco<\/p>\n<p dir=\"ltr\">Luciana Milomes<\/p>\n<p dir=\"ltr\">Juan F\u00e9lix Pissinis<\/p>\n<p dir=\"ltr\">Patricio Pretti<\/p>\n<p dir=\"ltr\">Mar\u00eda Marchiano<\/p>\n","protected":false},"excerpt":{"rendered":"<p>Isabel Cecilia Mart\u00ednez Joaqu\u00edn Blas P\u00e9rez Mat\u00edas Tanco Luciana Milomes Juan F\u00e9lix Pissinis Patricio Pretti Mar\u00eda Marchiano<\/p>\n","protected":false},"author":2,"featured_media":0,"parent":0,"menu_order":0,"comment_status":"closed","ping_status":"closed","template":"","meta":{"advgb_blocks_editor_width":"","advgb_blocks_columns_visual_guide":"","footnotes":""},"class_list":["post-8","page","type-page","status-publish","hentry","post"],"aioseo_notices":[],"coauthors":[],"author_meta":{"author_link":"https:\/\/congresos.unlp.edu.ar\/gaps2\/author\/congresos\/","display_name":"congresos"},"relative_dates":{"created":"Posted 3 a\u00f1os ago","modified":"Updated 3 a\u00f1os ago"},"absolute_dates":{"created":"Posted on 23 junio, 2023","modified":"Updated on 14 julio, 2023"},"absolute_dates_time":{"created":"Posted on 23 junio, 2023 12:20 pm","modified":"Updated on 14 julio, 2023 2:47 am"},"featured_img_caption":"","featured_img":false,"series_order":"","_links":{"self":[{"href":"https:\/\/congresos.unlp.edu.ar\/gaps2\/wp-json\/wp\/v2\/pages\/8","targetHints":{"allow":["GET"]}}],"collection":[{"href":"https:\/\/congresos.unlp.edu.ar\/gaps2\/wp-json\/wp\/v2\/pages"}],"about":[{"href":"https:\/\/congresos.unlp.edu.ar\/gaps2\/wp-json\/wp\/v2\/types\/page"}],"author":[{"embeddable":true,"href":"https:\/\/congresos.unlp.edu.ar\/gaps2\/wp-json\/wp\/v2\/users\/2"}],"replies":[{"embeddable":true,"href":"https:\/\/congresos.unlp.edu.ar\/gaps2\/wp-json\/wp\/v2\/comments?post=8"}],"version-history":[{"count":0,"href":"https:\/\/congresos.unlp.edu.ar\/gaps2\/wp-json\/wp\/v2\/pages\/8\/revisions"}],"wp:attachment":[{"href":"https:\/\/congresos.unlp.edu.ar\/gaps2\/wp-json\/wp\/v2\/media?parent=8"}],"curies":[{"name":"wp","href":"https:\/\/api.w.org\/{rel}","templated":true}]}}

Comité organizador

<p class="zfr3Q CDt4Ke " dir="ltr"><span class="C9DxTc ">Isabel Cecilia Martínez</span></p>
<p class="zfr3Q CDt4Ke " dir="ltr"><span class="C9DxTc ">Joaquín Blas Pérez</span></p>
<p dir="ltr">Matías Tanco</p>
<p dir="ltr">Luciana Milomes</p>
<p dir="ltr">Juan Félix Pissinis</p>
<p dir="ltr">Patricio Pretti</p>
<p dir="ltr">María Marchiano</p>

<p>Isabel Cecilia Martínez Joaquín Blas Pérez Matías Tanco Luciana Milomes Juan Félix Pissinis Patricio Pretti María Marchiano</p>

Posted 3 años ago

Updated 3 años ago
